{"id":14645,"date":"2015-03-16T00:00:00","date_gmt":"2015-03-15T23:00:00","guid":{"rendered":"https:\/\/demo.wabi.it\/le-manzane\/papercigno\/prowein-2015-dusseldorf"},"modified":"2015-03-16T00:00:00","modified_gmt":"2015-03-15T23:00:00","slug":"prowein-2015-dusseldorf","status":"publish","type":"papercigno","link":"https:\/\/www.lemanzane.com\/en\/papercigno\/prowein-2015-dusseldorf","title":{"rendered":"ProWein 2015 &#8211; Dusseldorf"},"content":{"rendered":"<p class=\"p1\"><span class=\"s1\"><i>Ciao Winelovers, <\/i><\/span><\/p>\n<p class=\"p1\"><span class=\"s1\"><i>il PaperCigno vi scrive direttamente dai padiglioni della Prowein , a D\u00fcsseldorf . La Prowein insieme al Vinitaly di Verona ed alla Vinexpo di Bordeaux \u00e8 una delle pi\u00f9 importanti fiere del mondo per il vino e per i distillati e chiaramente non potevo mancare questo palcoscenico per proporre il mio Prosecco Superiore a quanti vorranno dedicare qualche minuto per degustarlo in mia compagnia.<\/i><\/span><\/p>\n<p class=\"p1\"><span class=\"s1\"><i>Alla Prowein noi Italiani siamo molto ben rappresentati, saremo 1.200 colleghi espositori a rappresentare il Made in Italy agli oltre 50.000 visitatori previsti da 110 Paesi con circa l\u201980% proveniente da paesi esteri e solo (si fa per dire) il 20% circa da operatori tedeschi. <\/i><\/span><\/p>\n<p class=\"p1\"><span class=\"s1\"><i>Quale pi\u00f9 bella vetrina per un\u2019anteprima del nuovo nato in casa Le Manzane, Springo, il primo Rive del PaperCigno, che verr\u00e0 presentato ufficialmente tra 10 giorni. In casa nostra al Vinitaly. Springo \u00e8 uno spumante, un Prosecco Superiore di Conegliano nella versione dry, tipologia che mancava tra i nostri Conegliano Valdobbiadene. <\/i><\/span><\/p>\n<p class=\"p1\"><span class=\"s1\"><i>Ma ora basta parlare di Prosecco e basta parlare di vino\u2026 sapete che D\u00fcsseldorf<span class=\"Apple-converted-space\">\u00a0 <\/span>\u00e8 la capitale della Altbier? Altbier \u00e8 una birra color rame, fresca, con una presenza di luppolo aromatico, di medio corpo e dal finale secco. Altbier, che letteralmente significa \u201cvecchia birra\u201d, \u00e8 stata creata infatti nel lontano 1600 e viene sorseggiata principalmente nel tipico bicchiere da 0,200 lt. Accompagna in maniera ottimale un\u2019altra specialit\u00e0 principe della citt\u00e0 capitale della Renania, lo stinco di maiale\u2026 e\u2026 appena finita la giornata in fiera mi troverete in Altstadt<\/i><\/span><\/p>\n<p class=\"p1\"><span class=\"s1\"><i> (citt\u00e0 vecchia)<span class=\"Apple-converted-space\">\u00a0 <\/span>in uno dei rinomati brewpubs con davanti una fresca Altbier in compagnia dei miei compagni di viaggio\u2026..<\/i><\/span><\/p>\n<p class=\"p1\"><span class=\"s1\"><i>Perch\u00e8 non si vive di solo Prosecco Superiore &#8230;<\/i><\/span><\/p>\n<p class=\"p1\"><span class=\"s1\"><i>Ci ved<\/i>iamo <i>al Vinitaly \u2026.<\/i><\/span><\/p>\n<p class=\"p1\"><span class=\"s1\"><i>Vi aspetto numerosi\u2026.<\/i><\/span><\/p>\n","protected":false},"author":1,"featured_media":14646,"template":"","meta":{"inline_featured_image":false},"acf":[],"yoast_head":"<!-- This site is optimized with the Yoast SEO plugin v21.3 - https:\/\/yoast.com\/wordpress\/plugins\/seo\/ -->\n<title>ProWein 2015 - Dusseldorf - Le Manzane<\/title>\n<meta name=\"robots\" content=\"index, follow, max-snippet:-1, max-image-preview:large, max-video-preview:-1\" \/>\n<link rel=\"canonical\" href=\"https:\/\/www.lemanzane.com\/en\/papercigno\/prowein-2015-dusseldorf\" \/>\n<meta property=\"og:locale\" content=\"en_US\" \/>\n<meta property=\"og:type\" content=\"article\" \/>\n<meta property=\"og:title\" content=\"ProWein 2015 - Dusseldorf - Le Manzane\" \/>\n<meta property=\"og:description\" content=\"Ciao Winelovers, il PaperCigno vi scrive direttamente dai padiglioni della Prowein , a D\u00fcsseldorf . La Prowein insieme al Vinitaly di Verona ed alla Vinexpo di Bordeaux \u00e8 una delle pi\u00f9 importanti fiere del mondo per il vino e per i distillati e chiaramente non potevo mancare questo palcoscenico per proporre il mio Prosecco Superiore [&hellip;]\" \/>\n<meta property=\"og:url\" content=\"https:\/\/www.lemanzane.com\/en\/papercigno\/prowein-2015-dusseldorf\" \/>\n<meta property=\"og:site_name\" content=\"Le Manzane\" \/>\n<meta property=\"og:image\" content=\"https:\/\/www.lemanzane.com\/wp-content\/uploads\/2015\/03\/29426027_1536704303045041_2643286580931854336_o.jpg\" \/>\n\t<meta property=\"og:image:width\" content=\"1370\" \/>\n\t<meta property=\"og:image:height\" content=\"1199\" \/>\n\t<meta property=\"og:image:type\" content=\"image\/jpeg\" \/>\n<meta name=\"twitter:card\" content=\"summary_large_image\" \/>\n<meta name=\"twitter:label1\" content=\"Est. reading time\" \/>\n\t<meta name=\"twitter:data1\" content=\"1 minute\" \/>\n<script type=\"application\/ld+json\" class=\"yoast-schema-graph\">{\"@context\":\"https:\/\/schema.org\",\"@graph\":[{\"@type\":\"WebPage\",\"@id\":\"https:\/\/www.lemanzane.com\/en\/papercigno\/prowein-2015-dusseldorf\",\"url\":\"https:\/\/www.lemanzane.com\/en\/papercigno\/prowein-2015-dusseldorf\",\"name\":\"ProWein 2015 - Dusseldorf - Le Manzane\",\"isPartOf\":{\"@id\":\"https:\/\/www.lemanzane.com\/en#website\"},\"datePublished\":\"2015-03-15T23:00:00+00:00\",\"dateModified\":\"2015-03-15T23:00:00+00:00\",\"breadcrumb\":{\"@id\":\"https:\/\/www.lemanzane.com\/en\/papercigno\/prowein-2015-dusseldorf#breadcrumb\"},\"inLanguage\":\"en-US\",\"potentialAction\":[{\"@type\":\"ReadAction\",\"target\":[\"https:\/\/www.lemanzane.com\/en\/papercigno\/prowein-2015-dusseldorf\"]}]},{\"@type\":\"BreadcrumbList\",\"@id\":\"https:\/\/www.lemanzane.com\/en\/papercigno\/prowein-2015-dusseldorf#breadcrumb\",\"itemListElement\":[{\"@type\":\"ListItem\",\"position\":1,\"name\":\"Home\",\"item\":\"https:\/\/www.lemanzane.com\/en\"},{\"@type\":\"ListItem\",\"position\":2,\"name\":\"ProWein 2015 &#8211; Dusseldorf\"}]},{\"@type\":\"WebSite\",\"@id\":\"https:\/\/www.lemanzane.com\/en#website\",\"url\":\"https:\/\/www.lemanzane.com\/en\",\"name\":\"Le Manzane\",\"description\":\"Cantina a San Pietro di Feletto\",\"potentialAction\":[{\"@type\":\"SearchAction\",\"target\":{\"@type\":\"EntryPoint\",\"urlTemplate\":\"https:\/\/www.lemanzane.com\/en?s={search_term_string}\"},\"query-input\":\"required name=search_term_string\"}],\"inLanguage\":\"en-US\"}]}<\/script>\n<!-- \/ Yoast SEO plugin. -->","yoast_head_json":{"title":"ProWein 2015 - Dusseldorf - Le Manzane","robots":{"index":"index","follow":"follow","max-snippet":"max-snippet:-1","max-image-preview":"max-image-preview:large","max-video-preview":"max-video-preview:-1"},"canonical":"https:\/\/www.lemanzane.com\/en\/papercigno\/prowein-2015-dusseldorf","og_locale":"en_US","og_type":"article","og_title":"ProWein 2015 - Dusseldorf - Le Manzane","og_description":"Ciao Winelovers, il PaperCigno vi scrive direttamente dai padiglioni della Prowein , a D\u00fcsseldorf . La Prowein insieme al Vinitaly di Verona ed alla Vinexpo di Bordeaux \u00e8 una delle pi\u00f9 importanti fiere del mondo per il vino e per i distillati e chiaramente non potevo mancare questo palcoscenico per proporre il mio Prosecco Superiore [&hellip;]","og_url":"https:\/\/www.lemanzane.com\/en\/papercigno\/prowein-2015-dusseldorf","og_site_name":"Le Manzane","og_image":[{"width":1370,"height":1199,"url":"https:\/\/www.lemanzane.com\/wp-content\/uploads\/2015\/03\/29426027_1536704303045041_2643286580931854336_o.jpg","type":"image\/jpeg"}],"twitter_card":"summary_large_image","twitter_misc":{"Est. reading time":"1 minute"},"schema":{"@context":"https:\/\/schema.org","@graph":[{"@type":"WebPage","@id":"https:\/\/www.lemanzane.com\/en\/papercigno\/prowein-2015-dusseldorf","url":"https:\/\/www.lemanzane.com\/en\/papercigno\/prowein-2015-dusseldorf","name":"ProWein 2015 - Dusseldorf - Le Manzane","isPartOf":{"@id":"https:\/\/www.lemanzane.com\/en#website"},"datePublished":"2015-03-15T23:00:00+00:00","dateModified":"2015-03-15T23:00:00+00:00","breadcrumb":{"@id":"https:\/\/www.lemanzane.com\/en\/papercigno\/prowein-2015-dusseldorf#breadcrumb"},"inLanguage":"en-US","potentialAction":[{"@type":"ReadAction","target":["https:\/\/www.lemanzane.com\/en\/papercigno\/prowein-2015-dusseldorf"]}]},{"@type":"BreadcrumbList","@id":"https:\/\/www.lemanzane.com\/en\/papercigno\/prowein-2015-dusseldorf#breadcrumb","itemListElement":[{"@type":"ListItem","position":1,"name":"Home","item":"https:\/\/www.lemanzane.com\/en"},{"@type":"ListItem","position":2,"name":"ProWein 2015 &#8211; Dusseldorf"}]},{"@type":"WebSite","@id":"https:\/\/www.lemanzane.com\/en#website","url":"https:\/\/www.lemanzane.com\/en","name":"Le Manzane","description":"Cantina a San Pietro di Feletto","potentialAction":[{"@type":"SearchAction","target":{"@type":"EntryPoint","urlTemplate":"https:\/\/www.lemanzane.com\/en?s={search_term_string}"},"query-input":"required name=search_term_string"}],"inLanguage":"en-US"}]}},"_links":{"self":[{"href":"https:\/\/www.lemanzane.com\/en\/wp-json\/wp\/v2\/papercigno\/14645"}],"collection":[{"href":"https:\/\/www.lemanzane.com\/en\/wp-json\/wp\/v2\/papercigno"}],"about":[{"href":"https:\/\/www.lemanzane.com\/en\/wp-json\/wp\/v2\/types\/papercigno"}],"author":[{"embeddable":true,"href":"https:\/\/www.lemanzane.com\/en\/wp-json\/wp\/v2\/users\/1"}],"version-history":[{"count":0,"href":"https:\/\/www.lemanzane.com\/en\/wp-json\/wp\/v2\/papercigno\/14645\/revisions"}],"wp:featuredmedia":[{"embeddable":true,"href":"https:\/\/www.lemanzane.com\/en\/wp-json\/wp\/v2\/media\/14646"}],"wp:attachment":[{"href":"https:\/\/www.lemanzane.com\/en\/wp-json\/wp\/v2\/media?parent=14645"}],"curies":[{"name":"wp","href":"https:\/\/api.w.org\/{rel}","templated":true}]}}

<p class="p1"><span class="s1"><i>Ciao Winelovers, </i></span></p>
<p class="p1"><span class="s1"><i>il PaperCigno vi scrive direttamente dai padiglioni della Prowein , a Düsseldorf . La Prowein insieme al Vinitaly di Verona ed alla Vinexpo di Bordeaux è una delle più importanti fiere del mondo per il vino e per i distillati e chiaramente non potevo mancare questo palcoscenico per proporre il mio Prosecco Superiore a quanti vorranno dedicare qualche minuto per degustarlo in mia compagnia.</i></span></p>
<p class="p1"><span class="s1"><i>Alla Prowein noi Italiani siamo molto ben rappresentati, saremo 1.200 colleghi espositori a rappresentare il Made in Italy agli oltre 50.000 visitatori previsti da 110 Paesi con circa l’80% proveniente da paesi esteri e solo (si fa per dire) il 20% circa da operatori tedeschi. </i></span></p>
<p class="p1"><span class="s1"><i>Quale più bella vetrina per un’anteprima del nuovo nato in casa Le Manzane, Springo, il primo Rive del PaperCigno, che verrà presentato ufficialmente tra 10 giorni. In casa nostra al Vinitaly. Springo è uno spumante, un Prosecco Superiore di Conegliano nella versione dry, tipologia che mancava tra i nostri Conegliano Valdobbiadene. </i></span></p>
<p class="p1"><span class="s1"><i>Ma ora basta parlare di Prosecco e basta parlare di vino… sapete che Düsseldorf<span class="Apple-converted-space">  </span>è la capitale della Altbier? Altbier è una birra color rame, fresca, con una presenza di luppolo aromatico, di medio corpo e dal finale secco. Altbier, che letteralmente significa “vecchia birra”, è stata creata infatti nel lontano 1600 e viene sorseggiata principalmente nel tipico bicchiere da 0,200 lt. Accompagna in maniera ottimale un’altra specialità principe della città capitale della Renania, lo stinco di maiale… e… appena finita la giornata in fiera mi troverete in Altstadt</i></span></p>
<p class="p1"><span class="s1"><i> (città vecchia)<span class="Apple-converted-space">  </span>in uno dei rinomati brewpubs con davanti una fresca Altbier in compagnia dei miei compagni di viaggio…..</i></span></p>
<p class="p1"><span class="s1"><i>Perchè non si vive di solo Prosecco Superiore &#8230;</i></span></p>
<p class="p1"><span class="s1"><i>Ci ved</i>iamo <i>al Vinitaly ….</i></span></p>
<p class="p1"><span class="s1"><i>Vi aspetto numerosi….</i></span></p>

<!-- This site is optimized with the Yoast SEO plugin v21.3 - https://yoast.com/wordpress/plugins/seo/ -->
<title>ProWein 2015 - Dusseldorf - Le Manzane</title>
<meta name="robots" content="index, follow, max-snippet:-1, max-image-preview:large, max-video-preview:-1" />
<link rel="canonical" href="https://www.lemanzane.com/en/papercigno/prowein-2015-dusseldorf" />
<meta property="og:locale" content="en_US" />
<meta property="og:type" content="article" />
<meta property="og:title" content="ProWein 2015 - Dusseldorf - Le Manzane" />
<meta property="og:description" content="Ciao Winelovers, il PaperCigno vi scrive direttamente dai padiglioni della Prowein , a Düsseldorf . La Prowein insieme al Vinitaly di Verona ed alla Vinexpo di Bordeaux è una delle più importanti fiere del mondo per il vino e per i distillati e chiaramente non potevo mancare questo palcoscenico per proporre il mio Prosecco Superiore [&hellip;]" />
<meta property="og:url" content="https://www.lemanzane.com/en/papercigno/prowein-2015-dusseldorf" />
<meta property="og:site_name" content="Le Manzane" />
<meta property="og:image" content="https://www.lemanzane.com/wp-content/uploads/2015/03/29426027_1536704303045041_2643286580931854336_o.jpg" />
	<meta property="og:image:width" content="1370" />
	<meta property="og:image:height" content="1199" />
	<meta property="og:image:type" content="image/jpeg" />
<meta name="twitter:card" content="summary_large_image" />
<meta name="twitter:label1" content="Est. reading time" />
	<meta name="twitter:data1" content="1 minute" />
<script type="application/ld+json" class="yoast-schema-graph">{"@context":"https://schema.org","@graph":[{"@type":"WebPage","@id":"https://www.lemanzane.com/en/papercigno/prowein-2015-dusseldorf","url":"https://www.lemanzane.com/en/papercigno/prowein-2015-dusseldorf","name":"ProWein 2015 - Dusseldorf - Le Manzane","isPartOf":{"@id":"https://www.lemanzane.com/en#website"},"datePublished":"2015-03-15T23:00:00+00:00","dateModified":"2015-03-15T23:00:00+00:00","breadcrumb":{"@id":"https://www.lemanzane.com/en/papercigno/prowein-2015-dusseldorf#breadcrumb"},"inLanguage":"en-US","potentialAction":[{"@type":"ReadAction","target":["https://www.lemanzane.com/en/papercigno/prowein-2015-dusseldorf"]}]},{"@type":"BreadcrumbList","@id":"https://www.lemanzane.com/en/papercigno/prowein-2015-dusseldorf#breadcrumb","itemListElement":[{"@type":"ListItem","position":1,"name":"Home","item":"https://www.lemanzane.com/en"},{"@type":"ListItem","position":2,"name":"ProWein 2015 &#8211; Dusseldorf"}]},{"@type":"WebSite","@id":"https://www.lemanzane.com/en#website","url":"https://www.lemanzane.com/en","name":"Le Manzane","description":"Cantina a San Pietro di Feletto","potentialAction":[{"@type":"SearchAction","target":{"@type":"EntryPoint","urlTemplate":"https://www.lemanzane.com/en?s={search_term_string}"},"query-input":"required name=search_term_string"}],"inLanguage":"en-US"}]}</script>
<!-- / Yoast SEO plugin. -->

Ciao Winelovers, il PaperCigno vi scrive direttamente dai padiglioni della Prowein , a Düsseldorf . La Prowein insieme al Vinitaly di Verona ed alla Vinexpo di Bordeaux è una delle più importanti fiere del mondo per il vino e per i distillati e chiaramente non potevo mancare questo palcoscenico per proporre il mio Prosecco Superiore [&hellip;]
