{"id":14663,"date":"2016-02-29T00:00:00","date_gmt":"2016-02-28T23:00:00","guid":{"rendered":"https:\/\/demo.wabi.it\/le-manzane\/papercigno\/goodnews-sara-un-gran-2016"},"modified":"2016-02-29T00:00:00","modified_gmt":"2016-02-28T23:00:00","slug":"goodnews-sara-un-gran-2016","status":"publish","type":"papercigno","link":"https:\/\/www.lemanzane.com\/en\/papercigno\/goodnews-sara-un-gran-2016","title":{"rendered":"#goodnews: sar\u00e0 un Gran 2016"},"content":{"rendered":"<p class=\"p1\"><span class=\"s1\">Cari amici Wine Lover,<\/span><\/p>\n<p class=\"p1\"><span class=\"s1\"><b>BUONE NOTIZIE<\/b>: il 2016 dovrebbe essere un\u2019annata con una produzione leggermente superiore alla media! <\/span><\/p>\n<p class=\"p1\"><span class=\"s1\">Vi chiederete come posso affermarlo, quando la potatura volge al termine e le viti non hanno ancora germogliato? Semplice, effettuando una <b>prova di fertilit\u00e0 mediante germogliamento anticipato<\/b>, cosa che cercher\u00f2 di illustrarvi con parole semplici.<\/span><\/p>\n<p class=\"p1\"><span class=\"s1\">Anticipo un\u2019informazione di carattere tecnico: le gemme miste della vite si formano l&#8217;anno precedente a quello nel quale origineranno i germogli portanti le infiorescenze; infatti, gi\u00e0 durante i mesi di maggio e giugno all&#8217;interno delle gemme si differenziano, oltre all&#8217;apice vegetativo, le foglie e i viticci anche le infiorescenze che daranno vita al futuro grappolo.<\/span><\/p>\n<p class=\"p1\"><span class=\"s1\">Inducendo anticipatamente il germogliamento (in dicembre, in questo caso) si possono evidenziare e contare le infiorescenze e determinare la fertilit\u00e0. Questo \u00e8 importantissimo perch\u00e9 conoscendo la fertilit\u00e0, il &#8220;peso medio dei grappoli&#8221; tipico di ogni variet\u00e0 e stabilendo la carica di gemme, possiamo predeterminare in maniera abbastanza veritiera la produzione dell&#8217;anno successivo.<\/span><\/p>\n<p class=\"p1\"><span class=\"s1\"><b>La metodologia per ottenere tale coefficiente \u00e8 la seguente:<\/b><\/span><b> <\/b><\/p>\n<p class=\"p1\"><span class=\"s1\">Prelevare una quindicina di tralci, i futuri capi a frutto dell&#8217;annata successiva, da quindici viti diverse sparse in pi\u00f9 punti del vigneto; i tralci devono avere dalle 12 alle 13 gemme ciascuno con circa 10 cm di tralcio \u201cvecchio di secondo anno\u201d alla base. Dai tralci prelevati, ricavare 10\/12 unigemme con un pezzetto di tralcio che chiameremo &#8220;taleine\u201d.<\/span><\/p>\n<p class=\"p1\"><span class=\"s1\">Le &#8220;taleine&#8221; andranno sistemate all\u2019interno di vasetti contenenti acqua (nel nostro caso in bicchieri) facendo attenzione a segnare con un pennarello la posizione della gemma; ad esempio la pi\u00f9 vicina al legno vecchio sar\u00e0 denomina unigemma1, la seconda unigemma2 e avanti cos\u00ec fino alla decima gemma che sar\u00e0 identificata come unigemma10. Naturalmente l&#8217;operazione dovr\u00e0 essere effettuata con tutti i tralci ottenendo, complessivamente, circa 150\/160 contenitori con altrettante unigemme. Tutti i vasetti saranno condizionati ad una temperatura compresa tra i 24 e i 25 gradi per circa 40 giorni; dopo tale periodo, chiamato \u201cforzatura\u201d, le unigemme avranno germogliato differenziandosi in apice vegetativo, foglie oppure in infiorescenze. <b>Si proceder\u00e0 quindi a contare quante infiorescenze si sono formate<\/b>. E\u2019 importante contare le infiorescenze sulle gemme con la stessa posizione originaria sul tralcio per definire, in base alla tipologia dell&#8217;allevamento, il numero di gemme da lasciare per ogni ettaro di vigneto. Ad esempio, in caso di un allevamento a cordone speronato (con speroni di 2\/3 gemme), si conteranno le medie di infiorescenze delle prime 2\/3 gemme; nel caso degli allevamenti pi\u00f9 usati nel Conegliano Valdobbiadene, che prevedono tralci pi\u00f9 lunghi, si conteranno le medie delle prime 10 gemme. <\/span><\/p>\n<p class=\"p1\"><span class=\"s1\">Bla Bla Bla&#8230; ma concretamente? il coefficiente di germogliamento per il <b>Conegliano Valdobbiadene Docg annata 2016 corrisponde a 1,37 grappoli per ogni gemma<\/b> e, considerando il peso medio del grappolo di Glera pari a 250 gr, si deduce che un ettaro di vigneto deve avere una carica di gemme pari a 48 mila gemme circa per garantire la produzione cos\u00ec come richiesta dal Disciplinare e, dando i numeri\u2026.<\/span><\/p>\n<p class=\"p1\"><span class=\"s1\">48.000 gemme moltiplicato per 1,37 mi permette di ottenere 65.760 infiorescenze e futuri grappoli che, a loro volta moltiplicati per 250 gr (ovvero il peso medio grappolo di Glera) corrispondono a kg 16.000 circa di uva. <\/span><\/p>\n<p class=\"p1\"><span class=\"s1\">Considerato che la resa del Conegliano Valdobbiadene \u00e8 di 13.500 kg di Glera atta a Docg e considerato l\u2019eventuale supero del 20%, arriviamo ad un totale di 16.200 kg di uva, in linea con i conteggi di cui sopra.<\/span><\/p>\n<p class=\"p1\"><span class=\"s1\">Naturalmente non \u00e8 proprio tutto cos\u00ec matematico e fattori esterni come l\u2019andamento climatico stagionale, in primis, possono influire in modo non trascurabile sulla resa della vite, ma il Papercigno garantisce che, se non vi sono grandi sorprese, con il metodo illustrato ci si avvicina molto al quantitativo di uva che verr\u00e0 prodotta. <\/span><\/p>\n<p class=\"p1\"><span class=\"s1\">Infine un\u2019ultima precisazione: la carica di gemme va divisa per il numero di viti ad ettaro tenendo anche in considerazione la vigoria di ogni vite (pi\u00f9 gemme per vite in caso di ottima vigoria e meno gemme se una vite al contrario dimostra qualche sofferenza).<\/span><\/p>\n<p class=\"p3\"><span class=\"s1\"><b>Uff&#8230;Uff\u2026 esce fumo dal cervello!<\/b><\/span><\/p>\n<p class=\"p1\"><span class=\"s1\">Ho veramente dato i numeri. Spero di essere stato abbastanza chiaro ed esauriente nella mia spiegazione, data anche la complessit\u00e0 dell&#8217;argomento.<\/span><\/p>\n<p class=\"p1\"><span class=\"s1\">E come al solito vi lascio con un detto popolare, questa volta riguardante la vigna:<\/span><\/p>\n<p class=\"p3\"><span class=\"s1\"><i>lasciami povera che ti far\u00f2 ricco&#8230; <\/i><\/span><\/p>\n<p class=\"p3\"><span class=\"s1\">Alla prossima uscita<\/span><\/p>\n<p class=\"p3\"><span class=\"s1\"><i>Il Papercigno<\/i><\/span><\/p>\n","protected":false},"author":1,"featured_media":14664,"template":"","meta":{"inline_featured_image":false},"acf":[],"yoast_head":"<!-- This site is optimized with the Yoast SEO plugin v21.3 - https:\/\/yoast.com\/wordpress\/plugins\/seo\/ -->\n<title>#goodnews: sar\u00e0 un Gran 2016 - Le Manzane<\/title>\n<meta name=\"robots\" content=\"index, follow, max-snippet:-1, max-image-preview:large, max-video-preview:-1\" \/>\n<link rel=\"canonical\" href=\"https:\/\/www.lemanzane.com\/en\/papercigno\/goodnews-sara-un-gran-2016\" \/>\n<meta property=\"og:locale\" content=\"en_US\" \/>\n<meta property=\"og:type\" content=\"article\" \/>\n<meta property=\"og:title\" content=\"#goodnews: sar\u00e0 un Gran 2016 - Le Manzane\" \/>\n<meta property=\"og:description\" content=\"Cari amici Wine Lover, BUONE NOTIZIE: il 2016 dovrebbe essere un\u2019annata con una produzione leggermente superiore alla media! Vi chiederete come posso affermarlo, quando la potatura volge al termine e le viti non hanno ancora germogliato? Semplice, effettuando una prova di fertilit\u00e0 mediante germogliamento anticipato, cosa che cercher\u00f2 di illustrarvi con parole semplici. Anticipo un\u2019informazione [&hellip;]\" \/>\n<meta property=\"og:url\" content=\"https:\/\/www.lemanzane.com\/en\/papercigno\/goodnews-sara-un-gran-2016\" \/>\n<meta property=\"og:site_name\" content=\"Le Manzane\" \/>\n<meta property=\"og:image\" content=\"https:\/\/www.lemanzane.com\/wp-content\/uploads\/2016\/02\/Z5B4894-LM-Intervista-1-Settembre-2013-copia.jpg\" \/>\n\t<meta property=\"og:image:width\" content=\"815\" \/>\n\t<meta property=\"og:image:height\" content=\"543\" \/>\n\t<meta property=\"og:image:type\" content=\"image\/jpeg\" \/>\n<meta name=\"twitter:card\" content=\"summary_large_image\" \/>\n<meta name=\"twitter:label1\" content=\"Est. reading time\" \/>\n\t<meta name=\"twitter:data1\" content=\"3 minutes\" \/>\n<script type=\"application\/ld+json\" class=\"yoast-schema-graph\">{\"@context\":\"https:\/\/schema.org\",\"@graph\":[{\"@type\":\"WebPage\",\"@id\":\"https:\/\/www.lemanzane.com\/en\/papercigno\/goodnews-sara-un-gran-2016\",\"url\":\"https:\/\/www.lemanzane.com\/en\/papercigno\/goodnews-sara-un-gran-2016\",\"name\":\"#goodnews: sar\u00e0 un Gran 2016 - Le Manzane\",\"isPartOf\":{\"@id\":\"https:\/\/www.lemanzane.com\/en#website\"},\"datePublished\":\"2016-02-28T23:00:00+00:00\",\"dateModified\":\"2016-02-28T23:00:00+00:00\",\"breadcrumb\":{\"@id\":\"https:\/\/www.lemanzane.com\/en\/papercigno\/goodnews-sara-un-gran-2016#breadcrumb\"},\"inLanguage\":\"en-US\",\"potentialAction\":[{\"@type\":\"ReadAction\",\"target\":[\"https:\/\/www.lemanzane.com\/en\/papercigno\/goodnews-sara-un-gran-2016\"]}]},{\"@type\":\"BreadcrumbList\",\"@id\":\"https:\/\/www.lemanzane.com\/en\/papercigno\/goodnews-sara-un-gran-2016#breadcrumb\",\"itemListElement\":[{\"@type\":\"ListItem\",\"position\":1,\"name\":\"Home\",\"item\":\"https:\/\/www.lemanzane.com\/en\"},{\"@type\":\"ListItem\",\"position\":2,\"name\":\"#goodnews: sar\u00e0 un Gran 2016\"}]},{\"@type\":\"WebSite\",\"@id\":\"https:\/\/www.lemanzane.com\/en#website\",\"url\":\"https:\/\/www.lemanzane.com\/en\",\"name\":\"Le Manzane\",\"description\":\"Cantina a San Pietro di Feletto\",\"potentialAction\":[{\"@type\":\"SearchAction\",\"target\":{\"@type\":\"EntryPoint\",\"urlTemplate\":\"https:\/\/www.lemanzane.com\/en?s={search_term_string}\"},\"query-input\":\"required name=search_term_string\"}],\"inLanguage\":\"en-US\"}]}<\/script>\n<!-- \/ Yoast SEO plugin. -->","yoast_head_json":{"title":"#goodnews: sar\u00e0 un Gran 2016 - Le Manzane","robots":{"index":"index","follow":"follow","max-snippet":"max-snippet:-1","max-image-preview":"max-image-preview:large","max-video-preview":"max-video-preview:-1"},"canonical":"https:\/\/www.lemanzane.com\/en\/papercigno\/goodnews-sara-un-gran-2016","og_locale":"en_US","og_type":"article","og_title":"#goodnews: sar\u00e0 un Gran 2016 - Le Manzane","og_description":"Cari amici Wine Lover, BUONE NOTIZIE: il 2016 dovrebbe essere un\u2019annata con una produzione leggermente superiore alla media! Vi chiederete come posso affermarlo, quando la potatura volge al termine e le viti non hanno ancora germogliato? Semplice, effettuando una prova di fertilit\u00e0 mediante germogliamento anticipato, cosa che cercher\u00f2 di illustrarvi con parole semplici. Anticipo un\u2019informazione [&hellip;]","og_url":"https:\/\/www.lemanzane.com\/en\/papercigno\/goodnews-sara-un-gran-2016","og_site_name":"Le Manzane","og_image":[{"width":815,"height":543,"url":"https:\/\/www.lemanzane.com\/wp-content\/uploads\/2016\/02\/Z5B4894-LM-Intervista-1-Settembre-2013-copia.jpg","type":"image\/jpeg"}],"twitter_card":"summary_large_image","twitter_misc":{"Est. reading time":"3 minutes"},"schema":{"@context":"https:\/\/schema.org","@graph":[{"@type":"WebPage","@id":"https:\/\/www.lemanzane.com\/en\/papercigno\/goodnews-sara-un-gran-2016","url":"https:\/\/www.lemanzane.com\/en\/papercigno\/goodnews-sara-un-gran-2016","name":"#goodnews: sar\u00e0 un Gran 2016 - Le Manzane","isPartOf":{"@id":"https:\/\/www.lemanzane.com\/en#website"},"datePublished":"2016-02-28T23:00:00+00:00","dateModified":"2016-02-28T23:00:00+00:00","breadcrumb":{"@id":"https:\/\/www.lemanzane.com\/en\/papercigno\/goodnews-sara-un-gran-2016#breadcrumb"},"inLanguage":"en-US","potentialAction":[{"@type":"ReadAction","target":["https:\/\/www.lemanzane.com\/en\/papercigno\/goodnews-sara-un-gran-2016"]}]},{"@type":"BreadcrumbList","@id":"https:\/\/www.lemanzane.com\/en\/papercigno\/goodnews-sara-un-gran-2016#breadcrumb","itemListElement":[{"@type":"ListItem","position":1,"name":"Home","item":"https:\/\/www.lemanzane.com\/en"},{"@type":"ListItem","position":2,"name":"#goodnews: sar\u00e0 un Gran 2016"}]},{"@type":"WebSite","@id":"https:\/\/www.lemanzane.com\/en#website","url":"https:\/\/www.lemanzane.com\/en","name":"Le Manzane","description":"Cantina a San Pietro di Feletto","potentialAction":[{"@type":"SearchAction","target":{"@type":"EntryPoint","urlTemplate":"https:\/\/www.lemanzane.com\/en?s={search_term_string}"},"query-input":"required name=search_term_string"}],"inLanguage":"en-US"}]}},"_links":{"self":[{"href":"https:\/\/www.lemanzane.com\/en\/wp-json\/wp\/v2\/papercigno\/14663"}],"collection":[{"href":"https:\/\/www.lemanzane.com\/en\/wp-json\/wp\/v2\/papercigno"}],"about":[{"href":"https:\/\/www.lemanzane.com\/en\/wp-json\/wp\/v2\/types\/papercigno"}],"author":[{"embeddable":true,"href":"https:\/\/www.lemanzane.com\/en\/wp-json\/wp\/v2\/users\/1"}],"version-history":[{"count":0,"href":"https:\/\/www.lemanzane.com\/en\/wp-json\/wp\/v2\/papercigno\/14663\/revisions"}],"wp:featuredmedia":[{"embeddable":true,"href":"https:\/\/www.lemanzane.com\/en\/wp-json\/wp\/v2\/media\/14664"}],"wp:attachment":[{"href":"https:\/\/www.lemanzane.com\/en\/wp-json\/wp\/v2\/media?parent=14663"}],"curies":[{"name":"wp","href":"https:\/\/api.w.org\/{rel}","templated":true}]}}

#goodnews: sarà un Gran 2016

<p class="p1"><span class="s1">Cari amici Wine Lover,</span></p>
<p class="p1"><span class="s1"><b>BUONE NOTIZIE</b>: il 2016 dovrebbe essere un’annata con una produzione leggermente superiore alla media! </span></p>
<p class="p1"><span class="s1">Vi chiederete come posso affermarlo, quando la potatura volge al termine e le viti non hanno ancora germogliato? Semplice, effettuando una <b>prova di fertilità mediante germogliamento anticipato</b>, cosa che cercherò di illustrarvi con parole semplici.</span></p>
<p class="p1"><span class="s1">Anticipo un’informazione di carattere tecnico: le gemme miste della vite si formano l&#8217;anno precedente a quello nel quale origineranno i germogli portanti le infiorescenze; infatti, già durante i mesi di maggio e giugno all&#8217;interno delle gemme si differenziano, oltre all&#8217;apice vegetativo, le foglie e i viticci anche le infiorescenze che daranno vita al futuro grappolo.</span></p>
<p class="p1"><span class="s1">Inducendo anticipatamente il germogliamento (in dicembre, in questo caso) si possono evidenziare e contare le infiorescenze e determinare la fertilità. Questo è importantissimo perché conoscendo la fertilità, il &#8220;peso medio dei grappoli&#8221; tipico di ogni varietà e stabilendo la carica di gemme, possiamo predeterminare in maniera abbastanza veritiera la produzione dell&#8217;anno successivo.</span></p>
<p class="p1"><span class="s1"><b>La metodologia per ottenere tale coefficiente è la seguente:</b></span><b> </b></p>
<p class="p1"><span class="s1">Prelevare una quindicina di tralci, i futuri capi a frutto dell&#8217;annata successiva, da quindici viti diverse sparse in più punti del vigneto; i tralci devono avere dalle 12 alle 13 gemme ciascuno con circa 10 cm di tralcio “vecchio di secondo anno” alla base. Dai tralci prelevati, ricavare 10/12 unigemme con un pezzetto di tralcio che chiameremo &#8220;taleine”.</span></p>
<p class="p1"><span class="s1">Le &#8220;taleine&#8221; andranno sistemate all’interno di vasetti contenenti acqua (nel nostro caso in bicchieri) facendo attenzione a segnare con un pennarello la posizione della gemma; ad esempio la più vicina al legno vecchio sarà denomina unigemma1, la seconda unigemma2 e avanti così fino alla decima gemma che sarà identificata come unigemma10. Naturalmente l&#8217;operazione dovrà essere effettuata con tutti i tralci ottenendo, complessivamente, circa 150/160 contenitori con altrettante unigemme. Tutti i vasetti saranno condizionati ad una temperatura compresa tra i 24 e i 25 gradi per circa 40 giorni; dopo tale periodo, chiamato “forzatura”, le unigemme avranno germogliato differenziandosi in apice vegetativo, foglie oppure in infiorescenze. <b>Si procederà quindi a contare quante infiorescenze si sono formate</b>. E’ importante contare le infiorescenze sulle gemme con la stessa posizione originaria sul tralcio per definire, in base alla tipologia dell&#8217;allevamento, il numero di gemme da lasciare per ogni ettaro di vigneto. Ad esempio, in caso di un allevamento a cordone speronato (con speroni di 2/3 gemme), si conteranno le medie di infiorescenze delle prime 2/3 gemme; nel caso degli allevamenti più usati nel Conegliano Valdobbiadene, che prevedono tralci più lunghi, si conteranno le medie delle prime 10 gemme. </span></p>
<p class="p1"><span class="s1">Bla Bla Bla&#8230; ma concretamente? il coefficiente di germogliamento per il <b>Conegliano Valdobbiadene Docg annata 2016 corrisponde a 1,37 grappoli per ogni gemma</b> e, considerando il peso medio del grappolo di Glera pari a 250 gr, si deduce che un ettaro di vigneto deve avere una carica di gemme pari a 48 mila gemme circa per garantire la produzione così come richiesta dal Disciplinare e, dando i numeri….</span></p>
<p class="p1"><span class="s1">48.000 gemme moltiplicato per 1,37 mi permette di ottenere 65.760 infiorescenze e futuri grappoli che, a loro volta moltiplicati per 250 gr (ovvero il peso medio grappolo di Glera) corrispondono a kg 16.000 circa di uva. </span></p>
<p class="p1"><span class="s1">Considerato che la resa del Conegliano Valdobbiadene è di 13.500 kg di Glera atta a Docg e considerato l’eventuale supero del 20%, arriviamo ad un totale di 16.200 kg di uva, in linea con i conteggi di cui sopra.</span></p>
<p class="p1"><span class="s1">Naturalmente non è proprio tutto così matematico e fattori esterni come l’andamento climatico stagionale, in primis, possono influire in modo non trascurabile sulla resa della vite, ma il Papercigno garantisce che, se non vi sono grandi sorprese, con il metodo illustrato ci si avvicina molto al quantitativo di uva che verrà prodotta. </span></p>
<p class="p1"><span class="s1">Infine un’ultima precisazione: la carica di gemme va divisa per il numero di viti ad ettaro tenendo anche in considerazione la vigoria di ogni vite (più gemme per vite in caso di ottima vigoria e meno gemme se una vite al contrario dimostra qualche sofferenza).</span></p>
<p class="p3"><span class="s1"><b>Uff&#8230;Uff… esce fumo dal cervello!</b></span></p>
<p class="p1"><span class="s1">Ho veramente dato i numeri. Spero di essere stato abbastanza chiaro ed esauriente nella mia spiegazione, data anche la complessità dell&#8217;argomento.</span></p>
<p class="p1"><span class="s1">E come al solito vi lascio con un detto popolare, questa volta riguardante la vigna:</span></p>
<p class="p3"><span class="s1"><i>lasciami povera che ti farò ricco&#8230; </i></span></p>
<p class="p3"><span class="s1">Alla prossima uscita</span></p>
<p class="p3"><span class="s1"><i>Il Papercigno</i></span></p>

<!-- This site is optimized with the Yoast SEO plugin v21.3 - https://yoast.com/wordpress/plugins/seo/ -->
<title>#goodnews: sarà un Gran 2016 - Le Manzane</title>
<meta name="robots" content="index, follow, max-snippet:-1, max-image-preview:large, max-video-preview:-1" />
<link rel="canonical" href="https://www.lemanzane.com/en/papercigno/goodnews-sara-un-gran-2016" />
<meta property="og:locale" content="en_US" />
<meta property="og:type" content="article" />
<meta property="og:title" content="#goodnews: sarà un Gran 2016 - Le Manzane" />
<meta property="og:description" content="Cari amici Wine Lover, BUONE NOTIZIE: il 2016 dovrebbe essere un’annata con una produzione leggermente superiore alla media! Vi chiederete come posso affermarlo, quando la potatura volge al termine e le viti non hanno ancora germogliato? Semplice, effettuando una prova di fertilità mediante germogliamento anticipato, cosa che cercherò di illustrarvi con parole semplici. Anticipo un’informazione [&hellip;]" />
<meta property="og:url" content="https://www.lemanzane.com/en/papercigno/goodnews-sara-un-gran-2016" />
<meta property="og:site_name" content="Le Manzane" />
<meta property="og:image" content="https://www.lemanzane.com/wp-content/uploads/2016/02/Z5B4894-LM-Intervista-1-Settembre-2013-copia.jpg" />
	<meta property="og:image:width" content="815" />
	<meta property="og:image:height" content="543" />
	<meta property="og:image:type" content="image/jpeg" />
<meta name="twitter:card" content="summary_large_image" />
<meta name="twitter:label1" content="Est. reading time" />
	<meta name="twitter:data1" content="3 minutes" />
<script type="application/ld+json" class="yoast-schema-graph">{"@context":"https://schema.org","@graph":[{"@type":"WebPage","@id":"https://www.lemanzane.com/en/papercigno/goodnews-sara-un-gran-2016","url":"https://www.lemanzane.com/en/papercigno/goodnews-sara-un-gran-2016","name":"#goodnews: sarà un Gran 2016 - Le Manzane","isPartOf":{"@id":"https://www.lemanzane.com/en#website"},"datePublished":"2016-02-28T23:00:00+00:00","dateModified":"2016-02-28T23:00:00+00:00","breadcrumb":{"@id":"https://www.lemanzane.com/en/papercigno/goodnews-sara-un-gran-2016#breadcrumb"},"inLanguage":"en-US","potentialAction":[{"@type":"ReadAction","target":["https://www.lemanzane.com/en/papercigno/goodnews-sara-un-gran-2016"]}]},{"@type":"BreadcrumbList","@id":"https://www.lemanzane.com/en/papercigno/goodnews-sara-un-gran-2016#breadcrumb","itemListElement":[{"@type":"ListItem","position":1,"name":"Home","item":"https://www.lemanzane.com/en"},{"@type":"ListItem","position":2,"name":"#goodnews: sarà un Gran 2016"}]},{"@type":"WebSite","@id":"https://www.lemanzane.com/en#website","url":"https://www.lemanzane.com/en","name":"Le Manzane","description":"Cantina a San Pietro di Feletto","potentialAction":[{"@type":"SearchAction","target":{"@type":"EntryPoint","urlTemplate":"https://www.lemanzane.com/en?s={search_term_string}"},"query-input":"required name=search_term_string"}],"inLanguage":"en-US"}]}</script>
<!-- / Yoast SEO plugin. -->

#goodnews: sarà un Gran 2016 - Le Manzane

Cari amici Wine Lover, BUONE NOTIZIE: il 2016 dovrebbe essere un’annata con una produzione leggermente superiore alla media! Vi chiederete come posso affermarlo, quando la potatura volge al termine e le viti non hanno ancora germogliato? Semplice, effettuando una prova di fertilità mediante germogliamento anticipato, cosa che cercherò di illustrarvi con parole semplici. Anticipo un’informazione [&hellip;]
