{"id":14683,"date":"2014-10-01T00:00:00","date_gmt":"2014-09-30T22:00:00","guid":{"rendered":"https:\/\/demo.wabi.it\/le-manzane\/papercigno\/vitigni-minori"},"modified":"2014-10-01T00:00:00","modified_gmt":"2014-09-30T22:00:00","slug":"vitigni-minori","status":"publish","type":"papercigno","link":"https:\/\/www.lemanzane.com\/en\/papercigno\/vitigni-minori","title":{"rendered":"Vitigni minori"},"content":{"rendered":"<p>Cari lettori de L\u2019Eco del PaperCigno, rispondo su questo numero alla domanda che un nostro ospite ha chiesto durante una visita in cantina e poi in vigneto: \u201c<em>Perch\u00e9 quando parliamo di vitigni, alcuni li chiamiamo \u201cminori<\/em>\u201d?<\/p>\n<p>Mi fa piacere scriverne perch\u00e9 esistono da qualche tempo, nei nostri vigneti. Sulle colline tra Conegliano e Valdobbiadene sono state sempre coltivate diverse tipologie di viti. L\u2019arrivo del vitigno Glera \u00e8 stimato intorno alla met\u00e0 del \u2019700 mentre la sua diffusione all\u2019interno dell\u2019area, a un secolo dopo. Prima del suo arrivo, le variet\u00e0 presenti erano numerosissime e qualcuna l\u2019avete di certo sentita nominare:<\/p>\n<p>Marzemino, Bianchetta, Pignolo, Lugliatica, Picolit e altre ancora.<\/p>\n<p>La vera affermazione dell\u2019uva Glera avviene solamente dal \u2019900, prima erano molto pi\u00f9 presenti il Verdiso, la Bianchetta e la Boschera.<\/p>\n<p>\u00c8 grazie alla Scuola Enologica di Conegliano che inizia la selezione delle uve allora chiamate Prosecco ed \u00e8 sempre grazie a questa famosa Scuola se siamo arrivati a individuare i cloni di maggior successo, che hanno reso gli altri \u201cminori\u201d, appunto.<\/p>\n<p>Oggi all\u2019interno della DOCG Conegliano Valdobbiadene si possono trovare ancora variet\u00e0 quali Verdiso, Bianchetta, Perera, Boschera e Marzemina bianca.<\/p>\n<p>Nel comune di San Pietro di Feletto, Le Manzane coltiva queste variet\u00e0 chiamate \u201cminori\u201d poich\u00e9 crede che sia fondamentale mantenere in vita anche i vitigni autoctoni.<\/p>\n<p>Le uve raccolte non interferiscono nella produzione del Conegliano Valdobbiadene, che viene prodotto con uve Glera al 100%, ma vengono vinificate separatamente.<\/p>\n<p>Il Verdiso \u00e8 l\u2019unico che vinifichiamo in purezza perch\u00e9 ce n\u2019\u00e8 in quantit\u00e0 sufficiente a soddisfare la richiesta di mercato e perch\u00e9, tra i vitigni minori, \u00e8 quello che ci piace di pi\u00f9. Oltre ad essere uno degli autoctoni pi\u00f9 conosciuti.<\/p>\n<p>Il Verdiso firmato Le Manzane \u00e8 un vino fermo che esprime tutta la freschezza e delicatezza dell\u2019uva. \u00c8 molto fresco, sapido e con un\u2019acidit\u00e0 spiccata che lo rende ottimo in abbinamento a pesci grassi.<\/p>\n<p>Le uve degli altri vitigni \u201cminori\u201d, invece, sono assemblate per la produzione della Cuv\u00e9e Prima Stella.<\/p>\n<p>Vorrei chiudere questo numero con una ricetta ma ho un\u2019idea migliore, la ricetta la chiedo a voi.<\/p>\n<p>Che cosa cucinate per il Verdiso?<\/p>\n","protected":false},"author":1,"featured_media":14684,"template":"","meta":{"inline_featured_image":false},"acf":[],"yoast_head":"<!-- This site is optimized with the Yoast SEO plugin v21.3 - https:\/\/yoast.com\/wordpress\/plugins\/seo\/ -->\n<title>Vitigni minori - Le Manzane<\/title>\n<meta name=\"robots\" content=\"index, follow, max-snippet:-1, max-image-preview:large, max-video-preview:-1\" \/>\n<link rel=\"canonical\" href=\"https:\/\/www.lemanzane.com\/en\/papercigno\/vitigni-minori\" \/>\n<meta property=\"og:locale\" content=\"en_US\" \/>\n<meta property=\"og:type\" content=\"article\" \/>\n<meta property=\"og:title\" content=\"Vitigni minori - Le Manzane\" \/>\n<meta property=\"og:description\" content=\"Cari lettori de L\u2019Eco del PaperCigno, rispondo su questo numero alla domanda che un nostro ospite ha chiesto durante una visita in cantina e poi in vigneto: \u201cPerch\u00e9 quando parliamo di vitigni, alcuni li chiamiamo \u201cminori\u201d? Mi fa piacere scriverne perch\u00e9 esistono da qualche tempo, nei nostri vigneti. Sulle colline tra Conegliano e Valdobbiadene sono [&hellip;]\" \/>\n<meta property=\"og:url\" content=\"https:\/\/www.lemanzane.com\/en\/papercigno\/vitigni-minori\" \/>\n<meta property=\"og:site_name\" content=\"Le Manzane\" \/>\n<meta property=\"og:image\" content=\"https:\/\/www.lemanzane.com\/wp-content\/uploads\/2014\/10\/Z5B6447-LM-Le-Rive-1-Ottobre-2015-mr.jpg\" \/>\n\t<meta property=\"og:image:width\" content=\"1378\" \/>\n\t<meta property=\"og:image:height\" content=\"919\" \/>\n\t<meta property=\"og:image:type\" content=\"image\/jpeg\" \/>\n<meta name=\"twitter:card\" content=\"summary_large_image\" \/>\n<meta name=\"twitter:label1\" content=\"Est. reading time\" \/>\n\t<meta name=\"twitter:data1\" content=\"2 minutes\" \/>\n<script type=\"application\/ld+json\" class=\"yoast-schema-graph\">{\"@context\":\"https:\/\/schema.org\",\"@graph\":[{\"@type\":\"WebPage\",\"@id\":\"https:\/\/www.lemanzane.com\/en\/papercigno\/vitigni-minori\",\"url\":\"https:\/\/www.lemanzane.com\/en\/papercigno\/vitigni-minori\",\"name\":\"Vitigni minori - Le Manzane\",\"isPartOf\":{\"@id\":\"https:\/\/www.lemanzane.com\/en#website\"},\"datePublished\":\"2014-09-30T22:00:00+00:00\",\"dateModified\":\"2014-09-30T22:00:00+00:00\",\"breadcrumb\":{\"@id\":\"https:\/\/www.lemanzane.com\/en\/papercigno\/vitigni-minori#breadcrumb\"},\"inLanguage\":\"en-US\",\"potentialAction\":[{\"@type\":\"ReadAction\",\"target\":[\"https:\/\/www.lemanzane.com\/en\/papercigno\/vitigni-minori\"]}]},{\"@type\":\"BreadcrumbList\",\"@id\":\"https:\/\/www.lemanzane.com\/en\/papercigno\/vitigni-minori#breadcrumb\",\"itemListElement\":[{\"@type\":\"ListItem\",\"position\":1,\"name\":\"Home\",\"item\":\"https:\/\/www.lemanzane.com\/en\"},{\"@type\":\"ListItem\",\"position\":2,\"name\":\"Vitigni minori\"}]},{\"@type\":\"WebSite\",\"@id\":\"https:\/\/www.lemanzane.com\/en#website\",\"url\":\"https:\/\/www.lemanzane.com\/en\",\"name\":\"Le Manzane\",\"description\":\"Cantina a San Pietro di Feletto\",\"potentialAction\":[{\"@type\":\"SearchAction\",\"target\":{\"@type\":\"EntryPoint\",\"urlTemplate\":\"https:\/\/www.lemanzane.com\/en?s={search_term_string}\"},\"query-input\":\"required name=search_term_string\"}],\"inLanguage\":\"en-US\"}]}<\/script>\n<!-- \/ Yoast SEO plugin. -->","yoast_head_json":{"title":"Vitigni minori - Le Manzane","robots":{"index":"index","follow":"follow","max-snippet":"max-snippet:-1","max-image-preview":"max-image-preview:large","max-video-preview":"max-video-preview:-1"},"canonical":"https:\/\/www.lemanzane.com\/en\/papercigno\/vitigni-minori","og_locale":"en_US","og_type":"article","og_title":"Vitigni minori - Le Manzane","og_description":"Cari lettori de L\u2019Eco del PaperCigno, rispondo su questo numero alla domanda che un nostro ospite ha chiesto durante una visita in cantina e poi in vigneto: \u201cPerch\u00e9 quando parliamo di vitigni, alcuni li chiamiamo \u201cminori\u201d? Mi fa piacere scriverne perch\u00e9 esistono da qualche tempo, nei nostri vigneti. Sulle colline tra Conegliano e Valdobbiadene sono [&hellip;]","og_url":"https:\/\/www.lemanzane.com\/en\/papercigno\/vitigni-minori","og_site_name":"Le Manzane","og_image":[{"width":1378,"height":919,"url":"https:\/\/www.lemanzane.com\/wp-content\/uploads\/2014\/10\/Z5B6447-LM-Le-Rive-1-Ottobre-2015-mr.jpg","type":"image\/jpeg"}],"twitter_card":"summary_large_image","twitter_misc":{"Est. reading time":"2 minutes"},"schema":{"@context":"https:\/\/schema.org","@graph":[{"@type":"WebPage","@id":"https:\/\/www.lemanzane.com\/en\/papercigno\/vitigni-minori","url":"https:\/\/www.lemanzane.com\/en\/papercigno\/vitigni-minori","name":"Vitigni minori - Le Manzane","isPartOf":{"@id":"https:\/\/www.lemanzane.com\/en#website"},"datePublished":"2014-09-30T22:00:00+00:00","dateModified":"2014-09-30T22:00:00+00:00","breadcrumb":{"@id":"https:\/\/www.lemanzane.com\/en\/papercigno\/vitigni-minori#breadcrumb"},"inLanguage":"en-US","potentialAction":[{"@type":"ReadAction","target":["https:\/\/www.lemanzane.com\/en\/papercigno\/vitigni-minori"]}]},{"@type":"BreadcrumbList","@id":"https:\/\/www.lemanzane.com\/en\/papercigno\/vitigni-minori#breadcrumb","itemListElement":[{"@type":"ListItem","position":1,"name":"Home","item":"https:\/\/www.lemanzane.com\/en"},{"@type":"ListItem","position":2,"name":"Vitigni minori"}]},{"@type":"WebSite","@id":"https:\/\/www.lemanzane.com\/en#website","url":"https:\/\/www.lemanzane.com\/en","name":"Le Manzane","description":"Cantina a San Pietro di Feletto","potentialAction":[{"@type":"SearchAction","target":{"@type":"EntryPoint","urlTemplate":"https:\/\/www.lemanzane.com\/en?s={search_term_string}"},"query-input":"required name=search_term_string"}],"inLanguage":"en-US"}]}},"_links":{"self":[{"href":"https:\/\/www.lemanzane.com\/en\/wp-json\/wp\/v2\/papercigno\/14683"}],"collection":[{"href":"https:\/\/www.lemanzane.com\/en\/wp-json\/wp\/v2\/papercigno"}],"about":[{"href":"https:\/\/www.lemanzane.com\/en\/wp-json\/wp\/v2\/types\/papercigno"}],"author":[{"embeddable":true,"href":"https:\/\/www.lemanzane.com\/en\/wp-json\/wp\/v2\/users\/1"}],"version-history":[{"count":0,"href":"https:\/\/www.lemanzane.com\/en\/wp-json\/wp\/v2\/papercigno\/14683\/revisions"}],"wp:featuredmedia":[{"embeddable":true,"href":"https:\/\/www.lemanzane.com\/en\/wp-json\/wp\/v2\/media\/14684"}],"wp:attachment":[{"href":"https:\/\/www.lemanzane.com\/en\/wp-json\/wp\/v2\/media?parent=14683"}],"curies":[{"name":"wp","href":"https:\/\/api.w.org\/{rel}","templated":true}]}}

<p>Cari lettori de L’Eco del PaperCigno, rispondo su questo numero alla domanda che un nostro ospite ha chiesto durante una visita in cantina e poi in vigneto: “<em>Perché quando parliamo di vitigni, alcuni li chiamiamo “minori</em>”?</p>
<p>Mi fa piacere scriverne perché esistono da qualche tempo, nei nostri vigneti. Sulle colline tra Conegliano e Valdobbiadene sono state sempre coltivate diverse tipologie di viti. L’arrivo del vitigno Glera è stimato intorno alla metà del ’700 mentre la sua diffusione all’interno dell’area, a un secolo dopo. Prima del suo arrivo, le varietà presenti erano numerosissime e qualcuna l’avete di certo sentita nominare:</p>
<p>Marzemino, Bianchetta, Pignolo, Lugliatica, Picolit e altre ancora.</p>
<p>La vera affermazione dell’uva Glera avviene solamente dal ’900, prima erano molto più presenti il Verdiso, la Bianchetta e la Boschera.</p>
<p>È grazie alla Scuola Enologica di Conegliano che inizia la selezione delle uve allora chiamate Prosecco ed è sempre grazie a questa famosa Scuola se siamo arrivati a individuare i cloni di maggior successo, che hanno reso gli altri “minori”, appunto.</p>
<p>Oggi all’interno della DOCG Conegliano Valdobbiadene si possono trovare ancora varietà quali Verdiso, Bianchetta, Perera, Boschera e Marzemina bianca.</p>
<p>Nel comune di San Pietro di Feletto, Le Manzane coltiva queste varietà chiamate “minori” poiché crede che sia fondamentale mantenere in vita anche i vitigni autoctoni.</p>
<p>Le uve raccolte non interferiscono nella produzione del Conegliano Valdobbiadene, che viene prodotto con uve Glera al 100%, ma vengono vinificate separatamente.</p>
<p>Il Verdiso è l’unico che vinifichiamo in purezza perché ce n’è in quantità sufficiente a soddisfare la richiesta di mercato e perché, tra i vitigni minori, è quello che ci piace di più. Oltre ad essere uno degli autoctoni più conosciuti.</p>
<p>Il Verdiso firmato Le Manzane è un vino fermo che esprime tutta la freschezza e delicatezza dell’uva. È molto fresco, sapido e con un’acidità spiccata che lo rende ottimo in abbinamento a pesci grassi.</p>
<p>Le uve degli altri vitigni “minori”, invece, sono assemblate per la produzione della Cuvée Prima Stella.</p>
<p>Vorrei chiudere questo numero con una ricetta ma ho un’idea migliore, la ricetta la chiedo a voi.</p>
<p>Che cosa cucinate per il Verdiso?</p>

<!-- This site is optimized with the Yoast SEO plugin v21.3 - https://yoast.com/wordpress/plugins/seo/ -->
<title>Vitigni minori - Le Manzane</title>
<meta name="robots" content="index, follow, max-snippet:-1, max-image-preview:large, max-video-preview:-1" />
<link rel="canonical" href="https://www.lemanzane.com/en/papercigno/vitigni-minori" />
<meta property="og:locale" content="en_US" />
<meta property="og:type" content="article" />
<meta property="og:title" content="Vitigni minori - Le Manzane" />
<meta property="og:description" content="Cari lettori de L’Eco del PaperCigno, rispondo su questo numero alla domanda che un nostro ospite ha chiesto durante una visita in cantina e poi in vigneto: “Perché quando parliamo di vitigni, alcuni li chiamiamo “minori”? Mi fa piacere scriverne perché esistono da qualche tempo, nei nostri vigneti. Sulle colline tra Conegliano e Valdobbiadene sono [&hellip;]" />
<meta property="og:url" content="https://www.lemanzane.com/en/papercigno/vitigni-minori" />
<meta property="og:site_name" content="Le Manzane" />
<meta property="og:image" content="https://www.lemanzane.com/wp-content/uploads/2014/10/Z5B6447-LM-Le-Rive-1-Ottobre-2015-mr.jpg" />
	<meta property="og:image:width" content="1378" />
	<meta property="og:image:height" content="919" />
	<meta property="og:image:type" content="image/jpeg" />
<meta name="twitter:card" content="summary_large_image" />
<meta name="twitter:label1" content="Est. reading time" />
	<meta name="twitter:data1" content="2 minutes" />
<script type="application/ld+json" class="yoast-schema-graph">{"@context":"https://schema.org","@graph":[{"@type":"WebPage","@id":"https://www.lemanzane.com/en/papercigno/vitigni-minori","url":"https://www.lemanzane.com/en/papercigno/vitigni-minori","name":"Vitigni minori - Le Manzane","isPartOf":{"@id":"https://www.lemanzane.com/en#website"},"datePublished":"2014-09-30T22:00:00+00:00","dateModified":"2014-09-30T22:00:00+00:00","breadcrumb":{"@id":"https://www.lemanzane.com/en/papercigno/vitigni-minori#breadcrumb"},"inLanguage":"en-US","potentialAction":[{"@type":"ReadAction","target":["https://www.lemanzane.com/en/papercigno/vitigni-minori"]}]},{"@type":"BreadcrumbList","@id":"https://www.lemanzane.com/en/papercigno/vitigni-minori#breadcrumb","itemListElement":[{"@type":"ListItem","position":1,"name":"Home","item":"https://www.lemanzane.com/en"},{"@type":"ListItem","position":2,"name":"Vitigni minori"}]},{"@type":"WebSite","@id":"https://www.lemanzane.com/en#website","url":"https://www.lemanzane.com/en","name":"Le Manzane","description":"Cantina a San Pietro di Feletto","potentialAction":[{"@type":"SearchAction","target":{"@type":"EntryPoint","urlTemplate":"https://www.lemanzane.com/en?s={search_term_string}"},"query-input":"required name=search_term_string"}],"inLanguage":"en-US"}]}</script>
<!-- / Yoast SEO plugin. -->

Cari lettori de L’Eco del PaperCigno, rispondo su questo numero alla domanda che un nostro ospite ha chiesto durante una visita in cantina e poi in vigneto: “Perché quando parliamo di vitigni, alcuni li chiamiamo “minori”? Mi fa piacere scriverne perché esistono da qualche tempo, nei nostri vigneti. Sulle colline tra Conegliano e Valdobbiadene sono [&hellip;]
