{"id":14733,"date":"2014-03-03T00:00:00","date_gmt":"2014-03-02T23:00:00","guid":{"rendered":"https:\/\/demo.wabi.it\/le-manzane\/papercigno\/primavera-del-prosecco-superiore"},"modified":"2014-03-03T00:00:00","modified_gmt":"2014-03-02T23:00:00","slug":"primavera-del-prosecco-superiore","status":"publish","type":"papercigno","link":"https:\/\/www.lemanzane.com\/en\/papercigno\/primavera-del-prosecco-superiore","title":{"rendered":"Primavera del Prosecco Superiore"},"content":{"rendered":"<p>Cari lettori de\u00a0<strong>L\u2019Eco del PaperCigno<\/strong>, sono in ritardo sulla pubblicazione del terzo numero ma so che mi perdonerete perch\u00e9 sto lavorando ad un bel progetto che piacer\u00e0, soprattutto, agli amanti del web.<\/p>\n<p>Vi svelo il segreto? Sto disegnando il mio nuovo sito internet!<\/p>\n<p>Sar\u00e0 molto luminoso, fresco e ricco di notizie e belle immagini. Potrete leggere L\u2019Eco ovunque voi siate, anche sul vostro smartphone e su qualunque tablet.<br \/>\nNon so voi, ma io sono davvero eccitato.<\/p>\n<p>E poi&#8230;siamo vicini alla\u00a0<strong>Primavera del Prosecco Superiore<\/strong>, che \u00e8 una festa gioiosa per tutti gli appassionati di questo nostro spumante.<\/p>\n<p>La Primavera del Prosecco Superiore \u00e8 un evento ricco di appuntamenti tra le colline, i vigneti e i piccoli borghi dell\u2019Alta Marca Trevigiana.<\/p>\n<p>Trattorie e ristoranti sono lieti di proporre i piatti tipici della tradizione, e da quest\u2019anno ognuna delle\u00a0<strong>15 Mostre del vino<\/strong>, che danno vita alla rassegna, propone un piatto della cucina locale.<\/p>\n<p>Per chi ama trascorrere il\u00a0<strong>tempo all\u2019aperto<\/strong>, ci sono numerose proposte che vanno dalla cavalcata lungo i 100 km d\u2019ippovia delle Prealpi, ai percorsi cicloturistici proposti dalle \u2018slow bike\u2019, ai trekking e nordic walking adatti a tutti, bambini e anziani inclusi, fino alle competizioni ciclistiche vere e proprie, che ogni anno richiamano migliaia di atleti tra le colline.<\/p>\n<p>Quest\u2019anno c\u2019\u00e8 una novit\u00e0 che si chiama\u00a0<strong>\u2018Le nostre vie\u2019<\/strong>, passeggiate brevi e accessibili ideate dalle Mostre, alla scoperta di luoghi particolarmente suggestivi e sconosciuti ai pi\u00f9.<\/p>\n<p>A chi, invece, preferisce\u00a0<strong>immergersi nella storia, nell\u2019arte e nella cultura<\/strong>\u00a0di questi luoghi, la Primavera del Prosecco Superiore offre diverse opportunit\u00e0.<\/p>\n<p>E\u2019 prevista anche una visita alla\u00a0<strong>Pieve di San Pietro di Feletto che si trova proprio vicino a Le Manzane<\/strong>.<\/p>\n<p>Cosa c\u2019\u00e8 di meglio di un bel calice di\u00a0<strong>Prosecco Superiore<\/strong>\u00a0bevuto direttamente in cantina, dopo un\u2019immersione nell\u2019arte e nella storia?<\/p>\n<p>Restando in tema di arte e cultura, ci sono escursioni all\u2019antica Abbazia cistercense di Follina, la Pieve di San Pietro di Feletto, il Molinetto della Croda ancora attivo e funzionante, il Parco Archeologico Didattico del Livelet e l\u2019affascinante Gipsoteca di Antonio Canova a Possagno.<\/p>\n<p>Oltre al celebre spumante\u00a0<strong>Conegliano-Valdobbiadene DOCG<\/strong>, i protagonisti della rassegna sono, ovviamente, i vini del territorio.<\/p>\n<p>Vi invito a partecipare a questa Primavera che risveglia i sensi e appaga gli occhi, oltre che il palato.<\/p>\n<p><strong>Il Prosecco Superiore Le Manzane non mancher\u00e0 alle mostre<\/strong>\u00a0e, soprattutto, vi aspetter\u00e0 in cantina per mostrarvi dove e come nasce.<\/p>\n<p>Se volete segnarvi qualche data in agenda, questi sono i prossimi appuntamenti:<\/p>\n","protected":false},"author":1,"featured_media":14734,"template":"","meta":{"inline_featured_image":false},"acf":[],"yoast_head":"<!-- This site is optimized with the Yoast SEO plugin v21.3 - https:\/\/yoast.com\/wordpress\/plugins\/seo\/ -->\n<title>Primavera del Prosecco Superiore - Le Manzane<\/title>\n<meta name=\"robots\" content=\"index, follow, max-snippet:-1, max-image-preview:large, max-video-preview:-1\" \/>\n<link rel=\"canonical\" href=\"https:\/\/www.lemanzane.com\/en\/papercigno\/primavera-del-prosecco-superiore\" \/>\n<meta property=\"og:locale\" content=\"en_US\" \/>\n<meta property=\"og:type\" content=\"article\" \/>\n<meta property=\"og:title\" content=\"Primavera del Prosecco Superiore - Le Manzane\" \/>\n<meta property=\"og:description\" content=\"Cari lettori de\u00a0L\u2019Eco del PaperCigno, sono in ritardo sulla pubblicazione del terzo numero ma so che mi perdonerete perch\u00e9 sto lavorando ad un bel progetto che piacer\u00e0, soprattutto, agli amanti del web. Vi svelo il segreto? Sto disegnando il mio nuovo sito internet! Sar\u00e0 molto luminoso, fresco e ricco di notizie e belle immagini. Potrete [&hellip;]\" \/>\n<meta property=\"og:url\" content=\"https:\/\/www.lemanzane.com\/en\/papercigno\/primavera-del-prosecco-superiore\" \/>\n<meta property=\"og:site_name\" content=\"Le Manzane\" \/>\n<meta property=\"og:image\" content=\"https:\/\/www.lemanzane.com\/wp-content\/uploads\/2014\/03\/29572901_1543918145656990_4384573946116570256_n.jpg\" \/>\n\t<meta property=\"og:image:width\" content=\"800\" \/>\n\t<meta property=\"og:image:height\" content=\"800\" \/>\n\t<meta property=\"og:image:type\" content=\"image\/jpeg\" \/>\n<meta name=\"twitter:card\" content=\"summary_large_image\" \/>\n<meta name=\"twitter:label1\" content=\"Est. reading time\" \/>\n\t<meta name=\"twitter:data1\" content=\"2 minutes\" \/>\n<script type=\"application\/ld+json\" class=\"yoast-schema-graph\">{\"@context\":\"https:\/\/schema.org\",\"@graph\":[{\"@type\":\"WebPage\",\"@id\":\"https:\/\/www.lemanzane.com\/en\/papercigno\/primavera-del-prosecco-superiore\",\"url\":\"https:\/\/www.lemanzane.com\/en\/papercigno\/primavera-del-prosecco-superiore\",\"name\":\"Primavera del Prosecco Superiore - Le Manzane\",\"isPartOf\":{\"@id\":\"https:\/\/www.lemanzane.com\/en#website\"},\"datePublished\":\"2014-03-02T23:00:00+00:00\",\"dateModified\":\"2014-03-02T23:00:00+00:00\",\"breadcrumb\":{\"@id\":\"https:\/\/www.lemanzane.com\/en\/papercigno\/primavera-del-prosecco-superiore#breadcrumb\"},\"inLanguage\":\"en-US\",\"potentialAction\":[{\"@type\":\"ReadAction\",\"target\":[\"https:\/\/www.lemanzane.com\/en\/papercigno\/primavera-del-prosecco-superiore\"]}]},{\"@type\":\"BreadcrumbList\",\"@id\":\"https:\/\/www.lemanzane.com\/en\/papercigno\/primavera-del-prosecco-superiore#breadcrumb\",\"itemListElement\":[{\"@type\":\"ListItem\",\"position\":1,\"name\":\"Home\",\"item\":\"https:\/\/www.lemanzane.com\/en\"},{\"@type\":\"ListItem\",\"position\":2,\"name\":\"Primavera del Prosecco Superiore\"}]},{\"@type\":\"WebSite\",\"@id\":\"https:\/\/www.lemanzane.com\/en#website\",\"url\":\"https:\/\/www.lemanzane.com\/en\",\"name\":\"Le Manzane\",\"description\":\"Cantina a San Pietro di Feletto\",\"potentialAction\":[{\"@type\":\"SearchAction\",\"target\":{\"@type\":\"EntryPoint\",\"urlTemplate\":\"https:\/\/www.lemanzane.com\/en?s={search_term_string}\"},\"query-input\":\"required name=search_term_string\"}],\"inLanguage\":\"en-US\"}]}<\/script>\n<!-- \/ Yoast SEO plugin. -->","yoast_head_json":{"title":"Primavera del Prosecco Superiore - Le Manzane","robots":{"index":"index","follow":"follow","max-snippet":"max-snippet:-1","max-image-preview":"max-image-preview:large","max-video-preview":"max-video-preview:-1"},"canonical":"https:\/\/www.lemanzane.com\/en\/papercigno\/primavera-del-prosecco-superiore","og_locale":"en_US","og_type":"article","og_title":"Primavera del Prosecco Superiore - Le Manzane","og_description":"Cari lettori de\u00a0L\u2019Eco del PaperCigno, sono in ritardo sulla pubblicazione del terzo numero ma so che mi perdonerete perch\u00e9 sto lavorando ad un bel progetto che piacer\u00e0, soprattutto, agli amanti del web. Vi svelo il segreto? Sto disegnando il mio nuovo sito internet! Sar\u00e0 molto luminoso, fresco e ricco di notizie e belle immagini. Potrete [&hellip;]","og_url":"https:\/\/www.lemanzane.com\/en\/papercigno\/primavera-del-prosecco-superiore","og_site_name":"Le Manzane","og_image":[{"width":800,"height":800,"url":"https:\/\/www.lemanzane.com\/wp-content\/uploads\/2014\/03\/29572901_1543918145656990_4384573946116570256_n.jpg","type":"image\/jpeg"}],"twitter_card":"summary_large_image","twitter_misc":{"Est. reading time":"2 minutes"},"schema":{"@context":"https:\/\/schema.org","@graph":[{"@type":"WebPage","@id":"https:\/\/www.lemanzane.com\/en\/papercigno\/primavera-del-prosecco-superiore","url":"https:\/\/www.lemanzane.com\/en\/papercigno\/primavera-del-prosecco-superiore","name":"Primavera del Prosecco Superiore - Le Manzane","isPartOf":{"@id":"https:\/\/www.lemanzane.com\/en#website"},"datePublished":"2014-03-02T23:00:00+00:00","dateModified":"2014-03-02T23:00:00+00:00","breadcrumb":{"@id":"https:\/\/www.lemanzane.com\/en\/papercigno\/primavera-del-prosecco-superiore#breadcrumb"},"inLanguage":"en-US","potentialAction":[{"@type":"ReadAction","target":["https:\/\/www.lemanzane.com\/en\/papercigno\/primavera-del-prosecco-superiore"]}]},{"@type":"BreadcrumbList","@id":"https:\/\/www.lemanzane.com\/en\/papercigno\/primavera-del-prosecco-superiore#breadcrumb","itemListElement":[{"@type":"ListItem","position":1,"name":"Home","item":"https:\/\/www.lemanzane.com\/en"},{"@type":"ListItem","position":2,"name":"Primavera del Prosecco Superiore"}]},{"@type":"WebSite","@id":"https:\/\/www.lemanzane.com\/en#website","url":"https:\/\/www.lemanzane.com\/en","name":"Le Manzane","description":"Cantina a San Pietro di Feletto","potentialAction":[{"@type":"SearchAction","target":{"@type":"EntryPoint","urlTemplate":"https:\/\/www.lemanzane.com\/en?s={search_term_string}"},"query-input":"required name=search_term_string"}],"inLanguage":"en-US"}]}},"_links":{"self":[{"href":"https:\/\/www.lemanzane.com\/en\/wp-json\/wp\/v2\/papercigno\/14733"}],"collection":[{"href":"https:\/\/www.lemanzane.com\/en\/wp-json\/wp\/v2\/papercigno"}],"about":[{"href":"https:\/\/www.lemanzane.com\/en\/wp-json\/wp\/v2\/types\/papercigno"}],"author":[{"embeddable":true,"href":"https:\/\/www.lemanzane.com\/en\/wp-json\/wp\/v2\/users\/1"}],"version-history":[{"count":0,"href":"https:\/\/www.lemanzane.com\/en\/wp-json\/wp\/v2\/papercigno\/14733\/revisions"}],"wp:featuredmedia":[{"embeddable":true,"href":"https:\/\/www.lemanzane.com\/en\/wp-json\/wp\/v2\/media\/14734"}],"wp:attachment":[{"href":"https:\/\/www.lemanzane.com\/en\/wp-json\/wp\/v2\/media?parent=14733"}],"curies":[{"name":"wp","href":"https:\/\/api.w.org\/{rel}","templated":true}]}}

<p>Cari lettori de <strong>L’Eco del PaperCigno</strong>, sono in ritardo sulla pubblicazione del terzo numero ma so che mi perdonerete perché sto lavorando ad un bel progetto che piacerà, soprattutto, agli amanti del web.</p>
<p>Vi svelo il segreto? Sto disegnando il mio nuovo sito internet!</p>
<p>Sarà molto luminoso, fresco e ricco di notizie e belle immagini. Potrete leggere L’Eco ovunque voi siate, anche sul vostro smartphone e su qualunque tablet.<br />
Non so voi, ma io sono davvero eccitato.</p>
<p>E poi&#8230;siamo vicini alla <strong>Primavera del Prosecco Superiore</strong>, che è una festa gioiosa per tutti gli appassionati di questo nostro spumante.</p>
<p>La Primavera del Prosecco Superiore è un evento ricco di appuntamenti tra le colline, i vigneti e i piccoli borghi dell’Alta Marca Trevigiana.</p>
<p>Trattorie e ristoranti sono lieti di proporre i piatti tipici della tradizione, e da quest’anno ognuna delle <strong>15 Mostre del vino</strong>, che danno vita alla rassegna, propone un piatto della cucina locale.</p>
<p>Per chi ama trascorrere il <strong>tempo all’aperto</strong>, ci sono numerose proposte che vanno dalla cavalcata lungo i 100 km d’ippovia delle Prealpi, ai percorsi cicloturistici proposti dalle ‘slow bike’, ai trekking e nordic walking adatti a tutti, bambini e anziani inclusi, fino alle competizioni ciclistiche vere e proprie, che ogni anno richiamano migliaia di atleti tra le colline.</p>
<p>Quest’anno c’è una novità che si chiama <strong>‘Le nostre vie’</strong>, passeggiate brevi e accessibili ideate dalle Mostre, alla scoperta di luoghi particolarmente suggestivi e sconosciuti ai più.</p>
<p>A chi, invece, preferisce <strong>immergersi nella storia, nell’arte e nella cultura</strong> di questi luoghi, la Primavera del Prosecco Superiore offre diverse opportunità.</p>
<p>E’ prevista anche una visita alla <strong>Pieve di San Pietro di Feletto che si trova proprio vicino a Le Manzane</strong>.</p>
<p>Cosa c’è di meglio di un bel calice di <strong>Prosecco Superiore</strong> bevuto direttamente in cantina, dopo un’immersione nell’arte e nella storia?</p>
<p>Restando in tema di arte e cultura, ci sono escursioni all’antica Abbazia cistercense di Follina, la Pieve di San Pietro di Feletto, il Molinetto della Croda ancora attivo e funzionante, il Parco Archeologico Didattico del Livelet e l’affascinante Gipsoteca di Antonio Canova a Possagno.</p>
<p>Oltre al celebre spumante <strong>Conegliano-Valdobbiadene DOCG</strong>, i protagonisti della rassegna sono, ovviamente, i vini del territorio.</p>
<p>Vi invito a partecipare a questa Primavera che risveglia i sensi e appaga gli occhi, oltre che il palato.</p>
<p><strong>Il Prosecco Superiore Le Manzane non mancherà alle mostre</strong> e, soprattutto, vi aspetterà in cantina per mostrarvi dove e come nasce.</p>
<p>Se volete segnarvi qualche data in agenda, questi sono i prossimi appuntamenti:</p>

<!-- This site is optimized with the Yoast SEO plugin v21.3 - https://yoast.com/wordpress/plugins/seo/ -->
<title>Primavera del Prosecco Superiore - Le Manzane</title>
<meta name="robots" content="index, follow, max-snippet:-1, max-image-preview:large, max-video-preview:-1" />
<link rel="canonical" href="https://www.lemanzane.com/en/papercigno/primavera-del-prosecco-superiore" />
<meta property="og:locale" content="en_US" />
<meta property="og:type" content="article" />
<meta property="og:title" content="Primavera del Prosecco Superiore - Le Manzane" />
<meta property="og:description" content="Cari lettori de L’Eco del PaperCigno, sono in ritardo sulla pubblicazione del terzo numero ma so che mi perdonerete perché sto lavorando ad un bel progetto che piacerà, soprattutto, agli amanti del web. Vi svelo il segreto? Sto disegnando il mio nuovo sito internet! Sarà molto luminoso, fresco e ricco di notizie e belle immagini. Potrete [&hellip;]" />
<meta property="og:url" content="https://www.lemanzane.com/en/papercigno/primavera-del-prosecco-superiore" />
<meta property="og:site_name" content="Le Manzane" />
<meta property="og:image" content="https://www.lemanzane.com/wp-content/uploads/2014/03/29572901_1543918145656990_4384573946116570256_n.jpg" />
	<meta property="og:image:width" content="800" />
	<meta property="og:image:height" content="800" />
	<meta property="og:image:type" content="image/jpeg" />
<meta name="twitter:card" content="summary_large_image" />
<meta name="twitter:label1" content="Est. reading time" />
	<meta name="twitter:data1" content="2 minutes" />
<script type="application/ld+json" class="yoast-schema-graph">{"@context":"https://schema.org","@graph":[{"@type":"WebPage","@id":"https://www.lemanzane.com/en/papercigno/primavera-del-prosecco-superiore","url":"https://www.lemanzane.com/en/papercigno/primavera-del-prosecco-superiore","name":"Primavera del Prosecco Superiore - Le Manzane","isPartOf":{"@id":"https://www.lemanzane.com/en#website"},"datePublished":"2014-03-02T23:00:00+00:00","dateModified":"2014-03-02T23:00:00+00:00","breadcrumb":{"@id":"https://www.lemanzane.com/en/papercigno/primavera-del-prosecco-superiore#breadcrumb"},"inLanguage":"en-US","potentialAction":[{"@type":"ReadAction","target":["https://www.lemanzane.com/en/papercigno/primavera-del-prosecco-superiore"]}]},{"@type":"BreadcrumbList","@id":"https://www.lemanzane.com/en/papercigno/primavera-del-prosecco-superiore#breadcrumb","itemListElement":[{"@type":"ListItem","position":1,"name":"Home","item":"https://www.lemanzane.com/en"},{"@type":"ListItem","position":2,"name":"Primavera del Prosecco Superiore"}]},{"@type":"WebSite","@id":"https://www.lemanzane.com/en#website","url":"https://www.lemanzane.com/en","name":"Le Manzane","description":"Cantina a San Pietro di Feletto","potentialAction":[{"@type":"SearchAction","target":{"@type":"EntryPoint","urlTemplate":"https://www.lemanzane.com/en?s={search_term_string}"},"query-input":"required name=search_term_string"}],"inLanguage":"en-US"}]}</script>
<!-- / Yoast SEO plugin. -->

Cari lettori de L’Eco del PaperCigno, sono in ritardo sulla pubblicazione del terzo numero ma so che mi perdonerete perché sto lavorando ad un bel progetto che piacerà, soprattutto, agli amanti del web. Vi svelo il segreto? Sto disegnando il mio nuovo sito internet! Sarà molto luminoso, fresco e ricco di notizie e belle immagini. Potrete [&hellip;]
