{"id":14742,"date":"2013-09-18T00:00:00","date_gmt":"2013-09-17T22:00:00","guid":{"rendered":"https:\/\/demo.wabi.it\/le-manzane\/papercigno\/una-vendemmia-di-buon-senso"},"modified":"2013-09-18T00:00:00","modified_gmt":"2013-09-17T22:00:00","slug":"una-vendemmia-di-buon-senso","status":"publish","type":"papercigno","link":"https:\/\/www.lemanzane.com\/en\/papercigno\/una-vendemmia-di-buon-senso","title":{"rendered":"Una vendemmia di buon senso"},"content":{"rendered":"<p>\u201cLa vendemmia del secolo \u00e8 nei vigneti dell&#8217;<strong>azienda Le Manzane<\/strong>\u201d<\/p>\n<p>Ci potete scommettere,\u00a0<strong>amici del PaperCigno<\/strong>\u00a0e lettori dell\u2019Eco,<br \/>\nquella che faremo nei nostri vigneti, sar\u00e0 unica e speciale, in ogni Senso.<\/p>\n<p>Domenica 15 settembre a raccogliere i grappoli di Glera con\u00a0<strong>Osvaldo, Ernesto, Silvana e Marco Balbinot<\/strong>, ci sar\u00f2 anch\u2019io!<br \/>\nInsieme ai non vedenti e agli ipovedenti dell\u2019associazione UICI,\u00a0<strong>Unione Italiana dei Ciechi e degli Ipovedenti<\/strong>\u00a0e a tanti sommelier dell\u2019associazione FISAR,\u00a0<strong>Federazione Italiana Sommelier Albergatori Ristoratori<\/strong>.<\/p>\n<p>L\u2019uva raccolta quel giorno seguir\u00e0 un percorso particolare. Sar\u00e0 vinificata e spumantizzata, quindi le bottiglie prodotte verranno vestite con un\u2019etichetta scritta in Braille e dedicata all\u2019 UICI. Successivamente ci occuperemo di vendere le bottiglie e una parte del ricavato sar\u00e0 devoluta proprio all\u2019 UICI.<\/p>\n<p>Come abbiamo avuto questa meravigliosa e insolita idea?\u00a0<strong>Ve lo dice direttamente Ernesto<\/strong>: \u00abL\u2019idea \u00e8 nata dopo una cena al buio organizzata dall\u2019Associazione Fisar che ha coinvolto i non vedenti. Noi abbiamo fornito lo spumante per la serata e ci siamo chiesti \u201cse i non vedenti possono servire la cena, sono anche in grado di cogliere l\u2019uva?\u201d Lo abbiamo chiesto a loro e ci hanno risposto di s\u00ec, anzi, qualcuno \u00e8 gi\u00e0 abituato a vendemmiare l\u2019uva del proprio vigneto a casa. Cos\u00ec nasce questa vendemmia che vede ancora una volta insieme i non vedenti e i sommelier fisar di Treviso\u00bb<\/p>\n<p><strong>Preparate forbici e guanti<\/strong>, potete cogliere un grappolo insieme a noi e partecipare a questa festa della vendemmia unica nel suo genere.<\/p>\n<p>Dopo la mattinata di raccolta , potremo riprendere le energie con la ghiotta merenda che ci aspetta in cantina.<\/p>\n<p>\u201c<em>Il vino \u00e8 uno dei maggiori segni di civilt\u00e0 nel mondo\u201d<\/em>. Ernest Hemingway (1899 \u2013 1961)<\/p>\n","protected":false},"author":1,"featured_media":14743,"template":"","meta":{"inline_featured_image":false},"acf":[],"yoast_head":"<!-- This site is optimized with the Yoast SEO plugin v21.3 - https:\/\/yoast.com\/wordpress\/plugins\/seo\/ -->\n<title>Una vendemmia di buon senso - Le Manzane<\/title>\n<meta name=\"robots\" content=\"index, follow, max-snippet:-1, max-image-preview:large, max-video-preview:-1\" \/>\n<link rel=\"canonical\" href=\"https:\/\/www.lemanzane.com\/en\/papercigno\/una-vendemmia-di-buon-senso\" \/>\n<meta property=\"og:locale\" content=\"en_US\" \/>\n<meta property=\"og:type\" content=\"article\" \/>\n<meta property=\"og:title\" content=\"Una vendemmia di buon senso - Le Manzane\" \/>\n<meta property=\"og:description\" content=\"\u201cLa vendemmia del secolo \u00e8 nei vigneti dell&#8217;azienda Le Manzane\u201d Ci potete scommettere,\u00a0amici del PaperCigno\u00a0e lettori dell\u2019Eco, quella che faremo nei nostri vigneti, sar\u00e0 unica e speciale, in ogni Senso. Domenica 15 settembre a raccogliere i grappoli di Glera con\u00a0Osvaldo, Ernesto, Silvana e Marco Balbinot, ci sar\u00f2 anch\u2019io! Insieme ai non vedenti e agli ipovedenti [&hellip;]\" \/>\n<meta property=\"og:url\" content=\"https:\/\/www.lemanzane.com\/en\/papercigno\/una-vendemmia-di-buon-senso\" \/>\n<meta property=\"og:site_name\" content=\"Le Manzane\" \/>\n<meta property=\"og:image\" content=\"https:\/\/www.lemanzane.com\/wp-content\/uploads\/2013\/09\/1239931_540042382711243_502281147_n.jpg\" \/>\n\t<meta property=\"og:image:width\" content=\"960\" \/>\n\t<meta property=\"og:image:height\" content=\"640\" \/>\n\t<meta property=\"og:image:type\" content=\"image\/jpeg\" \/>\n<meta name=\"twitter:card\" content=\"summary_large_image\" \/>\n<meta name=\"twitter:label1\" content=\"Est. reading time\" \/>\n\t<meta name=\"twitter:data1\" content=\"1 minute\" \/>\n<script type=\"application\/ld+json\" class=\"yoast-schema-graph\">{\"@context\":\"https:\/\/schema.org\",\"@graph\":[{\"@type\":\"WebPage\",\"@id\":\"https:\/\/www.lemanzane.com\/en\/papercigno\/una-vendemmia-di-buon-senso\",\"url\":\"https:\/\/www.lemanzane.com\/en\/papercigno\/una-vendemmia-di-buon-senso\",\"name\":\"Una vendemmia di buon senso - Le Manzane\",\"isPartOf\":{\"@id\":\"https:\/\/www.lemanzane.com\/en#website\"},\"datePublished\":\"2013-09-17T22:00:00+00:00\",\"dateModified\":\"2013-09-17T22:00:00+00:00\",\"breadcrumb\":{\"@id\":\"https:\/\/www.lemanzane.com\/en\/papercigno\/una-vendemmia-di-buon-senso#breadcrumb\"},\"inLanguage\":\"en-US\",\"potentialAction\":[{\"@type\":\"ReadAction\",\"target\":[\"https:\/\/www.lemanzane.com\/en\/papercigno\/una-vendemmia-di-buon-senso\"]}]},{\"@type\":\"BreadcrumbList\",\"@id\":\"https:\/\/www.lemanzane.com\/en\/papercigno\/una-vendemmia-di-buon-senso#breadcrumb\",\"itemListElement\":[{\"@type\":\"ListItem\",\"position\":1,\"name\":\"Home\",\"item\":\"https:\/\/www.lemanzane.com\/en\"},{\"@type\":\"ListItem\",\"position\":2,\"name\":\"Una vendemmia di buon senso\"}]},{\"@type\":\"WebSite\",\"@id\":\"https:\/\/www.lemanzane.com\/en#website\",\"url\":\"https:\/\/www.lemanzane.com\/en\",\"name\":\"Le Manzane\",\"description\":\"Cantina a San Pietro di Feletto\",\"potentialAction\":[{\"@type\":\"SearchAction\",\"target\":{\"@type\":\"EntryPoint\",\"urlTemplate\":\"https:\/\/www.lemanzane.com\/en?s={search_term_string}\"},\"query-input\":\"required name=search_term_string\"}],\"inLanguage\":\"en-US\"}]}<\/script>\n<!-- \/ Yoast SEO plugin. -->","yoast_head_json":{"title":"Una vendemmia di buon senso - Le Manzane","robots":{"index":"index","follow":"follow","max-snippet":"max-snippet:-1","max-image-preview":"max-image-preview:large","max-video-preview":"max-video-preview:-1"},"canonical":"https:\/\/www.lemanzane.com\/en\/papercigno\/una-vendemmia-di-buon-senso","og_locale":"en_US","og_type":"article","og_title":"Una vendemmia di buon senso - Le Manzane","og_description":"\u201cLa vendemmia del secolo \u00e8 nei vigneti dell&#8217;azienda Le Manzane\u201d Ci potete scommettere,\u00a0amici del PaperCigno\u00a0e lettori dell\u2019Eco, quella che faremo nei nostri vigneti, sar\u00e0 unica e speciale, in ogni Senso. Domenica 15 settembre a raccogliere i grappoli di Glera con\u00a0Osvaldo, Ernesto, Silvana e Marco Balbinot, ci sar\u00f2 anch\u2019io! Insieme ai non vedenti e agli ipovedenti [&hellip;]","og_url":"https:\/\/www.lemanzane.com\/en\/papercigno\/una-vendemmia-di-buon-senso","og_site_name":"Le Manzane","og_image":[{"width":960,"height":640,"url":"https:\/\/www.lemanzane.com\/wp-content\/uploads\/2013\/09\/1239931_540042382711243_502281147_n.jpg","type":"image\/jpeg"}],"twitter_card":"summary_large_image","twitter_misc":{"Est. reading time":"1 minute"},"schema":{"@context":"https:\/\/schema.org","@graph":[{"@type":"WebPage","@id":"https:\/\/www.lemanzane.com\/en\/papercigno\/una-vendemmia-di-buon-senso","url":"https:\/\/www.lemanzane.com\/en\/papercigno\/una-vendemmia-di-buon-senso","name":"Una vendemmia di buon senso - Le Manzane","isPartOf":{"@id":"https:\/\/www.lemanzane.com\/en#website"},"datePublished":"2013-09-17T22:00:00+00:00","dateModified":"2013-09-17T22:00:00+00:00","breadcrumb":{"@id":"https:\/\/www.lemanzane.com\/en\/papercigno\/una-vendemmia-di-buon-senso#breadcrumb"},"inLanguage":"en-US","potentialAction":[{"@type":"ReadAction","target":["https:\/\/www.lemanzane.com\/en\/papercigno\/una-vendemmia-di-buon-senso"]}]},{"@type":"BreadcrumbList","@id":"https:\/\/www.lemanzane.com\/en\/papercigno\/una-vendemmia-di-buon-senso#breadcrumb","itemListElement":[{"@type":"ListItem","position":1,"name":"Home","item":"https:\/\/www.lemanzane.com\/en"},{"@type":"ListItem","position":2,"name":"Una vendemmia di buon senso"}]},{"@type":"WebSite","@id":"https:\/\/www.lemanzane.com\/en#website","url":"https:\/\/www.lemanzane.com\/en","name":"Le Manzane","description":"Cantina a San Pietro di Feletto","potentialAction":[{"@type":"SearchAction","target":{"@type":"EntryPoint","urlTemplate":"https:\/\/www.lemanzane.com\/en?s={search_term_string}"},"query-input":"required name=search_term_string"}],"inLanguage":"en-US"}]}},"_links":{"self":[{"href":"https:\/\/www.lemanzane.com\/en\/wp-json\/wp\/v2\/papercigno\/14742"}],"collection":[{"href":"https:\/\/www.lemanzane.com\/en\/wp-json\/wp\/v2\/papercigno"}],"about":[{"href":"https:\/\/www.lemanzane.com\/en\/wp-json\/wp\/v2\/types\/papercigno"}],"author":[{"embeddable":true,"href":"https:\/\/www.lemanzane.com\/en\/wp-json\/wp\/v2\/users\/1"}],"version-history":[{"count":0,"href":"https:\/\/www.lemanzane.com\/en\/wp-json\/wp\/v2\/papercigno\/14742\/revisions"}],"wp:featuredmedia":[{"embeddable":true,"href":"https:\/\/www.lemanzane.com\/en\/wp-json\/wp\/v2\/media\/14743"}],"wp:attachment":[{"href":"https:\/\/www.lemanzane.com\/en\/wp-json\/wp\/v2\/media?parent=14742"}],"curies":[{"name":"wp","href":"https:\/\/api.w.org\/{rel}","templated":true}]}}

<p>“La vendemmia del secolo è nei vigneti dell&#8217;<strong>azienda Le Manzane</strong>”</p>
<p>Ci potete scommettere, <strong>amici del PaperCigno</strong> e lettori dell’Eco,<br />
quella che faremo nei nostri vigneti, sarà unica e speciale, in ogni Senso.</p>
<p>Domenica 15 settembre a raccogliere i grappoli di Glera con <strong>Osvaldo, Ernesto, Silvana e Marco Balbinot</strong>, ci sarò anch’io!<br />
Insieme ai non vedenti e agli ipovedenti dell’associazione UICI, <strong>Unione Italiana dei Ciechi e degli Ipovedenti</strong> e a tanti sommelier dell’associazione FISAR, <strong>Federazione Italiana Sommelier Albergatori Ristoratori</strong>.</p>
<p>L’uva raccolta quel giorno seguirà un percorso particolare. Sarà vinificata e spumantizzata, quindi le bottiglie prodotte verranno vestite con un’etichetta scritta in Braille e dedicata all’ UICI. Successivamente ci occuperemo di vendere le bottiglie e una parte del ricavato sarà devoluta proprio all’ UICI.</p>
<p>Come abbiamo avuto questa meravigliosa e insolita idea? <strong>Ve lo dice direttamente Ernesto</strong>: «L’idea è nata dopo una cena al buio organizzata dall’Associazione Fisar che ha coinvolto i non vedenti. Noi abbiamo fornito lo spumante per la serata e ci siamo chiesti “se i non vedenti possono servire la cena, sono anche in grado di cogliere l’uva?” Lo abbiamo chiesto a loro e ci hanno risposto di sì, anzi, qualcuno è già abituato a vendemmiare l’uva del proprio vigneto a casa. Così nasce questa vendemmia che vede ancora una volta insieme i non vedenti e i sommelier fisar di Treviso»</p>
<p><strong>Preparate forbici e guanti</strong>, potete cogliere un grappolo insieme a noi e partecipare a questa festa della vendemmia unica nel suo genere.</p>
<p>Dopo la mattinata di raccolta , potremo riprendere le energie con la ghiotta merenda che ci aspetta in cantina.</p>
<p>“<em>Il vino è uno dei maggiori segni di civiltà nel mondo”</em>. Ernest Hemingway (1899 – 1961)</p>

<!-- This site is optimized with the Yoast SEO plugin v21.3 - https://yoast.com/wordpress/plugins/seo/ -->
<title>Una vendemmia di buon senso - Le Manzane</title>
<meta name="robots" content="index, follow, max-snippet:-1, max-image-preview:large, max-video-preview:-1" />
<link rel="canonical" href="https://www.lemanzane.com/en/papercigno/una-vendemmia-di-buon-senso" />
<meta property="og:locale" content="en_US" />
<meta property="og:type" content="article" />
<meta property="og:title" content="Una vendemmia di buon senso - Le Manzane" />
<meta property="og:description" content="“La vendemmia del secolo è nei vigneti dell&#8217;azienda Le Manzane” Ci potete scommettere, amici del PaperCigno e lettori dell’Eco, quella che faremo nei nostri vigneti, sarà unica e speciale, in ogni Senso. Domenica 15 settembre a raccogliere i grappoli di Glera con Osvaldo, Ernesto, Silvana e Marco Balbinot, ci sarò anch’io! Insieme ai non vedenti e agli ipovedenti [&hellip;]" />
<meta property="og:url" content="https://www.lemanzane.com/en/papercigno/una-vendemmia-di-buon-senso" />
<meta property="og:site_name" content="Le Manzane" />
<meta property="og:image" content="https://www.lemanzane.com/wp-content/uploads/2013/09/1239931_540042382711243_502281147_n.jpg" />
	<meta property="og:image:width" content="960" />
	<meta property="og:image:height" content="640" />
	<meta property="og:image:type" content="image/jpeg" />
<meta name="twitter:card" content="summary_large_image" />
<meta name="twitter:label1" content="Est. reading time" />
	<meta name="twitter:data1" content="1 minute" />
<script type="application/ld+json" class="yoast-schema-graph">{"@context":"https://schema.org","@graph":[{"@type":"WebPage","@id":"https://www.lemanzane.com/en/papercigno/una-vendemmia-di-buon-senso","url":"https://www.lemanzane.com/en/papercigno/una-vendemmia-di-buon-senso","name":"Una vendemmia di buon senso - Le Manzane","isPartOf":{"@id":"https://www.lemanzane.com/en#website"},"datePublished":"2013-09-17T22:00:00+00:00","dateModified":"2013-09-17T22:00:00+00:00","breadcrumb":{"@id":"https://www.lemanzane.com/en/papercigno/una-vendemmia-di-buon-senso#breadcrumb"},"inLanguage":"en-US","potentialAction":[{"@type":"ReadAction","target":["https://www.lemanzane.com/en/papercigno/una-vendemmia-di-buon-senso"]}]},{"@type":"BreadcrumbList","@id":"https://www.lemanzane.com/en/papercigno/una-vendemmia-di-buon-senso#breadcrumb","itemListElement":[{"@type":"ListItem","position":1,"name":"Home","item":"https://www.lemanzane.com/en"},{"@type":"ListItem","position":2,"name":"Una vendemmia di buon senso"}]},{"@type":"WebSite","@id":"https://www.lemanzane.com/en#website","url":"https://www.lemanzane.com/en","name":"Le Manzane","description":"Cantina a San Pietro di Feletto","potentialAction":[{"@type":"SearchAction","target":{"@type":"EntryPoint","urlTemplate":"https://www.lemanzane.com/en?s={search_term_string}"},"query-input":"required name=search_term_string"}],"inLanguage":"en-US"}]}</script>
<!-- / Yoast SEO plugin. -->

“La vendemmia del secolo è nei vigneti dell&#8217;azienda Le Manzane” Ci potete scommettere, amici del PaperCigno e lettori dell’Eco, quella che faremo nei nostri vigneti, sarà unica e speciale, in ogni Senso. Domenica 15 settembre a raccogliere i grappoli di Glera con Osvaldo, Ernesto, Silvana e Marco Balbinot, ci sarò anch’io! Insieme ai non vedenti e agli ipovedenti [&hellip;]
