{"id":14745,"date":"2013-09-18T00:00:00","date_gmt":"2013-09-17T22:00:00","guid":{"rendered":"https:\/\/demo.wabi.it\/le-manzane\/papercigno\/che-differenza-ce-tra-glera-e-prosecco"},"modified":"2013-09-18T00:00:00","modified_gmt":"2013-09-17T22:00:00","slug":"che-differenza-ce-tra-glera-e-prosecco","status":"publish","type":"papercigno","link":"https:\/\/www.lemanzane.com\/en\/papercigno\/che-differenza-ce-tra-glera-e-prosecco","title":{"rendered":"Che differenza c&#8217;\u00e8 tra Glera e Prosecco?"},"content":{"rendered":"<p>Buongiorno cari lettori, il vostro\u00a0<strong>PaperCigno<\/strong>\u00a0\u00e8 ancora in modalit\u00e0 vendemmia!<\/p>\n<p>Ed \u00e8 proprio in mezzo ai grappoli d\u2019uva che mi \u00e8 venuto in mente di scrivere questo numero dell\u2019Eco,\u00a0per fare un po\u2019 di chiarezza.\u00a0Vi metto alla prova con un quesito:<\/p>\n<p><strong><em>\u201cChe differenza c\u2019\u00e8 tra Glera e Prosecco?\u201d<\/em><\/strong><\/p>\n<p>Se siete dubbiosi, vi do la soluzione: quando diciamo GLERA parliamo di uva, quando diciamo PROSECCO ci riferiamo esclusivamente al vino.<\/p>\n<p><strong>Dalle uve Glera, quindi, otteniamo il vino Prosecco<\/strong>. Attenzione: questa \u00e8 una regola che vale soltanto all\u2019interno dell\u2019area DOC e DOCG; fuori da quest\u2019area e da questa denominazione, il vino prodotto dalle uve Glera non si pu\u00f2 chiamare Prosecco.<\/p>\n<p>Per fare un esempio che calza a pennello, possiamo citare il conosciuto vino toscano Chianti.<br \/>\nDa uva Sangiovese si ottiene vino Chianti, ma soltanto all\u2019interno delle omonime zone DOC e DOCG in Toscana, fuori da quest\u2019area il vino prodotto con uva sangiovese non si pu\u00f2 chiamare Chianti.<\/p>\n<p>L\u2019Italia enoica \u00e8 piena di questi esempi e talvolta \u00e8 difficile districarsi ma voi siete fortunati perch\u00e9 ogni vostra domanda avr\u00e0 una risposta proprio qui, ne L\u2019Eco del Papercigno.<\/p>\n<p>E visto che abbiamo fatto un salto in Toscana e il periodo \u00e8 quello giusto, vi saluto con una ricetta facile e gustosa:<\/p>\n<p><strong>Schiacciata con l\u2019uva<\/strong><br \/>\nSfrigolate sul fuoco un po\u2019 di olio EVO insieme a qualche rametto di rosmarino quindi togliete il rosmarino.\u00a0Prendete \u00bd Kg di pasta di pane e lavoratela bene con l\u2019olio EVO che avete scaldato.\u00a0Quando la pasta avr\u00e0 assorbito tutto l\u2019olio, stendetene met\u00e0 sul fondo di una teglia unta.\u00a0Su questo strato di pasta stendete molti acini di uva nera, nella misura di 1 Kg di uva per \u00bd Kg di pasta.\u00a0Zuccherate un poco e ricoprite questo strato con l\u2019altra met\u00e0 della pasta.\u00a0Stendete ancora dell\u2019uva sopra e zuccherate abbondantemente.\u00a0Mettete in forno ben caldo e togliete quando la crosta sopra sar\u00e0 dorata.<\/p>\n<p>\u201c<em>Cenai con un piccolo pezzo di focaccia,<\/em><br \/>\n<em>ma bevvi avidamente un\u2019anfora di vino;<\/em><br \/>\n<em>ora l\u2019amata cetra tocco con dolcezza<\/em><br \/>\n<em>e canto amore alla mia tenera fanciulla<\/em>\u201d<br \/>\nAnacreonte<\/p>\n","protected":false},"author":1,"featured_media":14746,"template":"","meta":{"inline_featured_image":false},"acf":[],"yoast_head":"<!-- This site is optimized with the Yoast SEO plugin v21.3 - https:\/\/yoast.com\/wordpress\/plugins\/seo\/ -->\n<title>Che differenza c&#039;\u00e8 tra Glera e Prosecco? - Le Manzane<\/title>\n<meta name=\"robots\" content=\"index, follow, max-snippet:-1, max-image-preview:large, max-video-preview:-1\" \/>\n<link rel=\"canonical\" href=\"https:\/\/www.lemanzane.com\/en\/papercigno\/che-differenza-ce-tra-glera-e-prosecco\" \/>\n<meta property=\"og:locale\" content=\"en_US\" \/>\n<meta property=\"og:type\" content=\"article\" \/>\n<meta property=\"og:title\" content=\"Che differenza c&#039;\u00e8 tra Glera e Prosecco? - Le Manzane\" \/>\n<meta property=\"og:description\" content=\"Buongiorno cari lettori, il vostro\u00a0PaperCigno\u00a0\u00e8 ancora in modalit\u00e0 vendemmia! Ed \u00e8 proprio in mezzo ai grappoli d\u2019uva che mi \u00e8 venuto in mente di scrivere questo numero dell\u2019Eco,\u00a0per fare un po\u2019 di chiarezza.\u00a0Vi metto alla prova con un quesito: \u201cChe differenza c\u2019\u00e8 tra Glera e Prosecco?\u201d Se siete dubbiosi, vi do la soluzione: quando diciamo [&hellip;]\" \/>\n<meta property=\"og:url\" content=\"https:\/\/www.lemanzane.com\/en\/papercigno\/che-differenza-ce-tra-glera-e-prosecco\" \/>\n<meta property=\"og:site_name\" content=\"Le Manzane\" \/>\n<meta property=\"og:image\" content=\"https:\/\/www.lemanzane.com\/wp-content\/uploads\/2013\/09\/11217808_830094293706049_35282005989095218_n.jpg\" \/>\n\t<meta property=\"og:image:width\" content=\"720\" \/>\n\t<meta property=\"og:image:height\" content=\"669\" \/>\n\t<meta property=\"og:image:type\" content=\"image\/jpeg\" \/>\n<meta name=\"twitter:card\" content=\"summary_large_image\" \/>\n<meta name=\"twitter:label1\" content=\"Est. reading time\" \/>\n\t<meta name=\"twitter:data1\" content=\"2 minutes\" \/>\n<script type=\"application\/ld+json\" class=\"yoast-schema-graph\">{\"@context\":\"https:\/\/schema.org\",\"@graph\":[{\"@type\":\"WebPage\",\"@id\":\"https:\/\/www.lemanzane.com\/en\/papercigno\/che-differenza-ce-tra-glera-e-prosecco\",\"url\":\"https:\/\/www.lemanzane.com\/en\/papercigno\/che-differenza-ce-tra-glera-e-prosecco\",\"name\":\"Che differenza c'\u00e8 tra Glera e Prosecco? - Le Manzane\",\"isPartOf\":{\"@id\":\"https:\/\/www.lemanzane.com\/en#website\"},\"datePublished\":\"2013-09-17T22:00:00+00:00\",\"dateModified\":\"2013-09-17T22:00:00+00:00\",\"breadcrumb\":{\"@id\":\"https:\/\/www.lemanzane.com\/en\/papercigno\/che-differenza-ce-tra-glera-e-prosecco#breadcrumb\"},\"inLanguage\":\"en-US\",\"potentialAction\":[{\"@type\":\"ReadAction\",\"target\":[\"https:\/\/www.lemanzane.com\/en\/papercigno\/che-differenza-ce-tra-glera-e-prosecco\"]}]},{\"@type\":\"BreadcrumbList\",\"@id\":\"https:\/\/www.lemanzane.com\/en\/papercigno\/che-differenza-ce-tra-glera-e-prosecco#breadcrumb\",\"itemListElement\":[{\"@type\":\"ListItem\",\"position\":1,\"name\":\"Home\",\"item\":\"https:\/\/www.lemanzane.com\/en\"},{\"@type\":\"ListItem\",\"position\":2,\"name\":\"Che differenza c&#8217;\u00e8 tra Glera e Prosecco?\"}]},{\"@type\":\"WebSite\",\"@id\":\"https:\/\/www.lemanzane.com\/en#website\",\"url\":\"https:\/\/www.lemanzane.com\/en\",\"name\":\"Le Manzane\",\"description\":\"Cantina a San Pietro di Feletto\",\"potentialAction\":[{\"@type\":\"SearchAction\",\"target\":{\"@type\":\"EntryPoint\",\"urlTemplate\":\"https:\/\/www.lemanzane.com\/en?s={search_term_string}\"},\"query-input\":\"required name=search_term_string\"}],\"inLanguage\":\"en-US\"}]}<\/script>\n<!-- \/ Yoast SEO plugin. -->","yoast_head_json":{"title":"Che differenza c'\u00e8 tra Glera e Prosecco? - Le Manzane","robots":{"index":"index","follow":"follow","max-snippet":"max-snippet:-1","max-image-preview":"max-image-preview:large","max-video-preview":"max-video-preview:-1"},"canonical":"https:\/\/www.lemanzane.com\/en\/papercigno\/che-differenza-ce-tra-glera-e-prosecco","og_locale":"en_US","og_type":"article","og_title":"Che differenza c'\u00e8 tra Glera e Prosecco? - Le Manzane","og_description":"Buongiorno cari lettori, il vostro\u00a0PaperCigno\u00a0\u00e8 ancora in modalit\u00e0 vendemmia! Ed \u00e8 proprio in mezzo ai grappoli d\u2019uva che mi \u00e8 venuto in mente di scrivere questo numero dell\u2019Eco,\u00a0per fare un po\u2019 di chiarezza.\u00a0Vi metto alla prova con un quesito: \u201cChe differenza c\u2019\u00e8 tra Glera e Prosecco?\u201d Se siete dubbiosi, vi do la soluzione: quando diciamo [&hellip;]","og_url":"https:\/\/www.lemanzane.com\/en\/papercigno\/che-differenza-ce-tra-glera-e-prosecco","og_site_name":"Le Manzane","og_image":[{"width":720,"height":669,"url":"https:\/\/www.lemanzane.com\/wp-content\/uploads\/2013\/09\/11217808_830094293706049_35282005989095218_n.jpg","type":"image\/jpeg"}],"twitter_card":"summary_large_image","twitter_misc":{"Est. reading time":"2 minutes"},"schema":{"@context":"https:\/\/schema.org","@graph":[{"@type":"WebPage","@id":"https:\/\/www.lemanzane.com\/en\/papercigno\/che-differenza-ce-tra-glera-e-prosecco","url":"https:\/\/www.lemanzane.com\/en\/papercigno\/che-differenza-ce-tra-glera-e-prosecco","name":"Che differenza c'\u00e8 tra Glera e Prosecco? - Le Manzane","isPartOf":{"@id":"https:\/\/www.lemanzane.com\/en#website"},"datePublished":"2013-09-17T22:00:00+00:00","dateModified":"2013-09-17T22:00:00+00:00","breadcrumb":{"@id":"https:\/\/www.lemanzane.com\/en\/papercigno\/che-differenza-ce-tra-glera-e-prosecco#breadcrumb"},"inLanguage":"en-US","potentialAction":[{"@type":"ReadAction","target":["https:\/\/www.lemanzane.com\/en\/papercigno\/che-differenza-ce-tra-glera-e-prosecco"]}]},{"@type":"BreadcrumbList","@id":"https:\/\/www.lemanzane.com\/en\/papercigno\/che-differenza-ce-tra-glera-e-prosecco#breadcrumb","itemListElement":[{"@type":"ListItem","position":1,"name":"Home","item":"https:\/\/www.lemanzane.com\/en"},{"@type":"ListItem","position":2,"name":"Che differenza c&#8217;\u00e8 tra Glera e Prosecco?"}]},{"@type":"WebSite","@id":"https:\/\/www.lemanzane.com\/en#website","url":"https:\/\/www.lemanzane.com\/en","name":"Le Manzane","description":"Cantina a San Pietro di Feletto","potentialAction":[{"@type":"SearchAction","target":{"@type":"EntryPoint","urlTemplate":"https:\/\/www.lemanzane.com\/en?s={search_term_string}"},"query-input":"required name=search_term_string"}],"inLanguage":"en-US"}]}},"_links":{"self":[{"href":"https:\/\/www.lemanzane.com\/en\/wp-json\/wp\/v2\/papercigno\/14745"}],"collection":[{"href":"https:\/\/www.lemanzane.com\/en\/wp-json\/wp\/v2\/papercigno"}],"about":[{"href":"https:\/\/www.lemanzane.com\/en\/wp-json\/wp\/v2\/types\/papercigno"}],"author":[{"embeddable":true,"href":"https:\/\/www.lemanzane.com\/en\/wp-json\/wp\/v2\/users\/1"}],"version-history":[{"count":0,"href":"https:\/\/www.lemanzane.com\/en\/wp-json\/wp\/v2\/papercigno\/14745\/revisions"}],"wp:featuredmedia":[{"embeddable":true,"href":"https:\/\/www.lemanzane.com\/en\/wp-json\/wp\/v2\/media\/14746"}],"wp:attachment":[{"href":"https:\/\/www.lemanzane.com\/en\/wp-json\/wp\/v2\/media?parent=14745"}],"curies":[{"name":"wp","href":"https:\/\/api.w.org\/{rel}","templated":true}]}}

Che differenza c&#8217;è tra Glera e Prosecco?

<p>Buongiorno cari lettori, il vostro <strong>PaperCigno</strong> è ancora in modalità vendemmia!</p>
<p>Ed è proprio in mezzo ai grappoli d’uva che mi è venuto in mente di scrivere questo numero dell’Eco, per fare un po’ di chiarezza. Vi metto alla prova con un quesito:</p>
<p><strong><em>“Che differenza c’è tra Glera e Prosecco?”</em></strong></p>
<p>Se siete dubbiosi, vi do la soluzione: quando diciamo GLERA parliamo di uva, quando diciamo PROSECCO ci riferiamo esclusivamente al vino.</p>
<p><strong>Dalle uve Glera, quindi, otteniamo il vino Prosecco</strong>. Attenzione: questa è una regola che vale soltanto all’interno dell’area DOC e DOCG; fuori da quest’area e da questa denominazione, il vino prodotto dalle uve Glera non si può chiamare Prosecco.</p>
<p>Per fare un esempio che calza a pennello, possiamo citare il conosciuto vino toscano Chianti.<br />
Da uva Sangiovese si ottiene vino Chianti, ma soltanto all’interno delle omonime zone DOC e DOCG in Toscana, fuori da quest’area il vino prodotto con uva sangiovese non si può chiamare Chianti.</p>
<p>L’Italia enoica è piena di questi esempi e talvolta è difficile districarsi ma voi siete fortunati perché ogni vostra domanda avrà una risposta proprio qui, ne L’Eco del Papercigno.</p>
<p>E visto che abbiamo fatto un salto in Toscana e il periodo è quello giusto, vi saluto con una ricetta facile e gustosa:</p>
<p><strong>Schiacciata con l’uva</strong><br />
Sfrigolate sul fuoco un po’ di olio EVO insieme a qualche rametto di rosmarino quindi togliete il rosmarino. Prendete ½ Kg di pasta di pane e lavoratela bene con l’olio EVO che avete scaldato. Quando la pasta avrà assorbito tutto l’olio, stendetene metà sul fondo di una teglia unta. Su questo strato di pasta stendete molti acini di uva nera, nella misura di 1 Kg di uva per ½ Kg di pasta. Zuccherate un poco e ricoprite questo strato con l’altra metà della pasta. Stendete ancora dell’uva sopra e zuccherate abbondantemente. Mettete in forno ben caldo e togliete quando la crosta sopra sarà dorata.</p>
<p>“<em>Cenai con un piccolo pezzo di focaccia,</em><br />
<em>ma bevvi avidamente un’anfora di vino;</em><br />
<em>ora l’amata cetra tocco con dolcezza</em><br />
<em>e canto amore alla mia tenera fanciulla</em>”<br />
Anacreonte</p>

<!-- This site is optimized with the Yoast SEO plugin v21.3 - https://yoast.com/wordpress/plugins/seo/ -->
<title>Che differenza c&#039;è tra Glera e Prosecco? - Le Manzane</title>
<meta name="robots" content="index, follow, max-snippet:-1, max-image-preview:large, max-video-preview:-1" />
<link rel="canonical" href="https://www.lemanzane.com/en/papercigno/che-differenza-ce-tra-glera-e-prosecco" />
<meta property="og:locale" content="en_US" />
<meta property="og:type" content="article" />
<meta property="og:title" content="Che differenza c&#039;è tra Glera e Prosecco? - Le Manzane" />
<meta property="og:description" content="Buongiorno cari lettori, il vostro PaperCigno è ancora in modalità vendemmia! Ed è proprio in mezzo ai grappoli d’uva che mi è venuto in mente di scrivere questo numero dell’Eco, per fare un po’ di chiarezza. Vi metto alla prova con un quesito: “Che differenza c’è tra Glera e Prosecco?” Se siete dubbiosi, vi do la soluzione: quando diciamo [&hellip;]" />
<meta property="og:url" content="https://www.lemanzane.com/en/papercigno/che-differenza-ce-tra-glera-e-prosecco" />
<meta property="og:site_name" content="Le Manzane" />
<meta property="og:image" content="https://www.lemanzane.com/wp-content/uploads/2013/09/11217808_830094293706049_35282005989095218_n.jpg" />
	<meta property="og:image:width" content="720" />
	<meta property="og:image:height" content="669" />
	<meta property="og:image:type" content="image/jpeg" />
<meta name="twitter:card" content="summary_large_image" />
<meta name="twitter:label1" content="Est. reading time" />
	<meta name="twitter:data1" content="2 minutes" />
<script type="application/ld+json" class="yoast-schema-graph">{"@context":"https://schema.org","@graph":[{"@type":"WebPage","@id":"https://www.lemanzane.com/en/papercigno/che-differenza-ce-tra-glera-e-prosecco","url":"https://www.lemanzane.com/en/papercigno/che-differenza-ce-tra-glera-e-prosecco","name":"Che differenza c'è tra Glera e Prosecco? - Le Manzane","isPartOf":{"@id":"https://www.lemanzane.com/en#website"},"datePublished":"2013-09-17T22:00:00+00:00","dateModified":"2013-09-17T22:00:00+00:00","breadcrumb":{"@id":"https://www.lemanzane.com/en/papercigno/che-differenza-ce-tra-glera-e-prosecco#breadcrumb"},"inLanguage":"en-US","potentialAction":[{"@type":"ReadAction","target":["https://www.lemanzane.com/en/papercigno/che-differenza-ce-tra-glera-e-prosecco"]}]},{"@type":"BreadcrumbList","@id":"https://www.lemanzane.com/en/papercigno/che-differenza-ce-tra-glera-e-prosecco#breadcrumb","itemListElement":[{"@type":"ListItem","position":1,"name":"Home","item":"https://www.lemanzane.com/en"},{"@type":"ListItem","position":2,"name":"Che differenza c&#8217;è tra Glera e Prosecco?"}]},{"@type":"WebSite","@id":"https://www.lemanzane.com/en#website","url":"https://www.lemanzane.com/en","name":"Le Manzane","description":"Cantina a San Pietro di Feletto","potentialAction":[{"@type":"SearchAction","target":{"@type":"EntryPoint","urlTemplate":"https://www.lemanzane.com/en?s={search_term_string}"},"query-input":"required name=search_term_string"}],"inLanguage":"en-US"}]}</script>
<!-- / Yoast SEO plugin. -->

Che differenza c'è tra Glera e Prosecco? - Le Manzane

Buongiorno cari lettori, il vostro PaperCigno è ancora in modalità vendemmia! Ed è proprio in mezzo ai grappoli d’uva che mi è venuto in mente di scrivere questo numero dell’Eco, per fare un po’ di chiarezza. Vi metto alla prova con un quesito: “Che differenza c’è tra Glera e Prosecco?” Se siete dubbiosi, vi do la soluzione: quando diciamo [&hellip;]
