{"id":14754,"date":"2013-11-06T00:00:00","date_gmt":"2013-11-05T23:00:00","guid":{"rendered":"https:\/\/demo.wabi.it\/le-manzane\/papercigno\/merano-wine-festival-ci-incontriamo"},"modified":"2013-11-06T00:00:00","modified_gmt":"2013-11-05T23:00:00","slug":"merano-wine-festival-ci-incontriamo","status":"publish","type":"papercigno","link":"https:\/\/www.lemanzane.com\/en\/papercigno\/merano-wine-festival-ci-incontriamo","title":{"rendered":"Merano wine festival, ci incontriamo?"},"content":{"rendered":"<p>Buongiorno lettori de\u00a0<strong>L\u2019Eco del PaperCigno<\/strong>, ci incontriamo a Merano?<\/p>\n<p>Questa \u00e8 una domanda ricorrente nel mese di novembre, anzi, gi\u00e0 a ottobre s\u2019inizia a parlare dell\u2019evento pi\u00f9 esclusivo del mondo del vino, il\u00a0<strong>Merano Wine Festival<\/strong>.<\/p>\n<p>Se ancora non lo conoscete, vi riporto la descrizione presa dal sito\u00a0<a href=\"http:\/\/www.meranowinefestival.com\/it\" target=\"_blank\" rel=\"noopener\">www.meranowinefestival.com<\/a><\/p>\n<p>\u201cIdeato e curato da\u00a0<strong>Helmuth K\u00f6cher<\/strong>, il Merano WineFestival \u00e8 uno degli eventi pi\u00f9 esclusivi del mondo del vino:<\/p>\n<p>una celebrazione del meglio della produzione enologica nazionale ed internazionale nelle maestose sale del\u00a0<strong>Kurhaus<\/strong>, elegante edificio storico nel pieno centro della citt\u00e0.<\/p>\n<p>Il frutto di un lavoro intenso di 9 commissioni d&#8217;assaggio che selezionano i migliori vini di oltre 300 aziende vitivinicole italiane e di oltre 120 aziende vitivinicole internazionali, insieme alle migliori produzioni di oltre 100 maestri artigiani.<\/p>\n<p>Il Merano WineFestival \u00e8 anche:<\/p>\n<p><strong>bio&amp;dynamica<\/strong>, che celebra l\u2019eccellenza del vino biologico, biodinamico e naturale;<\/p>\n<p><strong>Culinaria<\/strong>, che \u00e8 la rassegna di Artigiani del Gusto che propongono le migliori materie prime del loro territorio;<\/p>\n<p><strong>BeerPassion,<\/strong>\u00a0che si dedica ai particolari sapori della birra artigianale.<\/p>\n<p><strong>GourmetArena<\/strong>, che offre un momento di confronto ed esibizione di talento per importanti chef, un \u201cring\u201d riservato alla cucina di altissimo livello.\u201d<\/p>\n<p>Saltello di gioia perch\u00e9 quest\u2019anno sar\u00f2 a Merano con lo spumante pi\u00f9 bello ed elegante de<strong>\u00a0Le Manzane<\/strong>, il\u00a0<strong>Millesimo 20.10<\/strong>.<\/p>\n<p>Si chiama 20.10 perch\u00e9 \u00e8 nato in occasione del passaggio dalla DOC alla DOCG che, appunto, \u00e8 avvenuta nell\u2019anno 2010.<\/p>\n<p>Il suo nome completo \u00e8\u00a0<strong>Conegliano Valdobbiadene Prosecco superiore DOCG Millesimo 20.10<\/strong>\u00a0e indossa un prezioso abito nero e oro, impeccabile sia di giorno sia di sera. Nel calice \u00e8 brillante e scintillante e il suo perlage \u00e8 fine e accattivante.<\/p>\n<p>.. cosa dite, amici, ci incontriamo a Merano?<\/p>\n<p><em>Com\u2019\u00e8 vero che nel vino c\u2019\u00e8 la verit\u00e0<\/em><br \/>\n<em>ti dir\u00f2 tutto, senza segreti.<\/em><br \/>\nWilliam Shakespeare<\/p>\n","protected":false},"author":1,"featured_media":14755,"template":"","meta":{"inline_featured_image":false},"acf":[],"yoast_head":"<!-- This site is optimized with the Yoast SEO plugin v21.3 - https:\/\/yoast.com\/wordpress\/plugins\/seo\/ -->\n<title>Merano wine festival, ci incontriamo? - Le Manzane<\/title>\n<meta name=\"robots\" content=\"index, follow, max-snippet:-1, max-image-preview:large, max-video-preview:-1\" \/>\n<link rel=\"canonical\" href=\"https:\/\/www.lemanzane.com\/en\/papercigno\/merano-wine-festival-ci-incontriamo\" \/>\n<meta property=\"og:locale\" content=\"en_US\" \/>\n<meta property=\"og:type\" content=\"article\" \/>\n<meta property=\"og:title\" content=\"Merano wine festival, ci incontriamo? - Le Manzane\" \/>\n<meta property=\"og:description\" content=\"Buongiorno lettori de\u00a0L\u2019Eco del PaperCigno, ci incontriamo a Merano? Questa \u00e8 una domanda ricorrente nel mese di novembre, anzi, gi\u00e0 a ottobre s\u2019inizia a parlare dell\u2019evento pi\u00f9 esclusivo del mondo del vino, il\u00a0Merano Wine Festival. Se ancora non lo conoscete, vi riporto la descrizione presa dal sito\u00a0www.meranowinefestival.com \u201cIdeato e curato da\u00a0Helmuth K\u00f6cher, il Merano WineFestival [&hellip;]\" \/>\n<meta property=\"og:url\" content=\"https:\/\/www.lemanzane.com\/en\/papercigno\/merano-wine-festival-ci-incontriamo\" \/>\n<meta property=\"og:site_name\" content=\"Le Manzane\" \/>\n<meta property=\"og:image\" content=\"https:\/\/www.lemanzane.com\/wp-content\/uploads\/2013\/11\/12195003_947405068674936_8748138524024969365_o.jpg\" \/>\n\t<meta property=\"og:image:width\" content=\"1042\" \/>\n\t<meta property=\"og:image:height\" content=\"1042\" \/>\n\t<meta property=\"og:image:type\" content=\"image\/jpeg\" \/>\n<meta name=\"twitter:card\" content=\"summary_large_image\" \/>\n<meta name=\"twitter:label1\" content=\"Est. reading time\" \/>\n\t<meta name=\"twitter:data1\" content=\"1 minute\" \/>\n<script type=\"application\/ld+json\" class=\"yoast-schema-graph\">{\"@context\":\"https:\/\/schema.org\",\"@graph\":[{\"@type\":\"WebPage\",\"@id\":\"https:\/\/www.lemanzane.com\/en\/papercigno\/merano-wine-festival-ci-incontriamo\",\"url\":\"https:\/\/www.lemanzane.com\/en\/papercigno\/merano-wine-festival-ci-incontriamo\",\"name\":\"Merano wine festival, ci incontriamo? - Le Manzane\",\"isPartOf\":{\"@id\":\"https:\/\/www.lemanzane.com\/en#website\"},\"datePublished\":\"2013-11-05T23:00:00+00:00\",\"dateModified\":\"2013-11-05T23:00:00+00:00\",\"breadcrumb\":{\"@id\":\"https:\/\/www.lemanzane.com\/en\/papercigno\/merano-wine-festival-ci-incontriamo#breadcrumb\"},\"inLanguage\":\"en-US\",\"potentialAction\":[{\"@type\":\"ReadAction\",\"target\":[\"https:\/\/www.lemanzane.com\/en\/papercigno\/merano-wine-festival-ci-incontriamo\"]}]},{\"@type\":\"BreadcrumbList\",\"@id\":\"https:\/\/www.lemanzane.com\/en\/papercigno\/merano-wine-festival-ci-incontriamo#breadcrumb\",\"itemListElement\":[{\"@type\":\"ListItem\",\"position\":1,\"name\":\"Home\",\"item\":\"https:\/\/www.lemanzane.com\/en\"},{\"@type\":\"ListItem\",\"position\":2,\"name\":\"Merano wine festival, ci incontriamo?\"}]},{\"@type\":\"WebSite\",\"@id\":\"https:\/\/www.lemanzane.com\/en#website\",\"url\":\"https:\/\/www.lemanzane.com\/en\",\"name\":\"Le Manzane\",\"description\":\"Cantina a San Pietro di Feletto\",\"potentialAction\":[{\"@type\":\"SearchAction\",\"target\":{\"@type\":\"EntryPoint\",\"urlTemplate\":\"https:\/\/www.lemanzane.com\/en?s={search_term_string}\"},\"query-input\":\"required name=search_term_string\"}],\"inLanguage\":\"en-US\"}]}<\/script>\n<!-- \/ Yoast SEO plugin. -->","yoast_head_json":{"title":"Merano wine festival, ci incontriamo? - Le Manzane","robots":{"index":"index","follow":"follow","max-snippet":"max-snippet:-1","max-image-preview":"max-image-preview:large","max-video-preview":"max-video-preview:-1"},"canonical":"https:\/\/www.lemanzane.com\/en\/papercigno\/merano-wine-festival-ci-incontriamo","og_locale":"en_US","og_type":"article","og_title":"Merano wine festival, ci incontriamo? - Le Manzane","og_description":"Buongiorno lettori de\u00a0L\u2019Eco del PaperCigno, ci incontriamo a Merano? Questa \u00e8 una domanda ricorrente nel mese di novembre, anzi, gi\u00e0 a ottobre s\u2019inizia a parlare dell\u2019evento pi\u00f9 esclusivo del mondo del vino, il\u00a0Merano Wine Festival. Se ancora non lo conoscete, vi riporto la descrizione presa dal sito\u00a0www.meranowinefestival.com \u201cIdeato e curato da\u00a0Helmuth K\u00f6cher, il Merano WineFestival [&hellip;]","og_url":"https:\/\/www.lemanzane.com\/en\/papercigno\/merano-wine-festival-ci-incontriamo","og_site_name":"Le Manzane","og_image":[{"width":1042,"height":1042,"url":"https:\/\/www.lemanzane.com\/wp-content\/uploads\/2013\/11\/12195003_947405068674936_8748138524024969365_o.jpg","type":"image\/jpeg"}],"twitter_card":"summary_large_image","twitter_misc":{"Est. reading time":"1 minute"},"schema":{"@context":"https:\/\/schema.org","@graph":[{"@type":"WebPage","@id":"https:\/\/www.lemanzane.com\/en\/papercigno\/merano-wine-festival-ci-incontriamo","url":"https:\/\/www.lemanzane.com\/en\/papercigno\/merano-wine-festival-ci-incontriamo","name":"Merano wine festival, ci incontriamo? - Le Manzane","isPartOf":{"@id":"https:\/\/www.lemanzane.com\/en#website"},"datePublished":"2013-11-05T23:00:00+00:00","dateModified":"2013-11-05T23:00:00+00:00","breadcrumb":{"@id":"https:\/\/www.lemanzane.com\/en\/papercigno\/merano-wine-festival-ci-incontriamo#breadcrumb"},"inLanguage":"en-US","potentialAction":[{"@type":"ReadAction","target":["https:\/\/www.lemanzane.com\/en\/papercigno\/merano-wine-festival-ci-incontriamo"]}]},{"@type":"BreadcrumbList","@id":"https:\/\/www.lemanzane.com\/en\/papercigno\/merano-wine-festival-ci-incontriamo#breadcrumb","itemListElement":[{"@type":"ListItem","position":1,"name":"Home","item":"https:\/\/www.lemanzane.com\/en"},{"@type":"ListItem","position":2,"name":"Merano wine festival, ci incontriamo?"}]},{"@type":"WebSite","@id":"https:\/\/www.lemanzane.com\/en#website","url":"https:\/\/www.lemanzane.com\/en","name":"Le Manzane","description":"Cantina a San Pietro di Feletto","potentialAction":[{"@type":"SearchAction","target":{"@type":"EntryPoint","urlTemplate":"https:\/\/www.lemanzane.com\/en?s={search_term_string}"},"query-input":"required name=search_term_string"}],"inLanguage":"en-US"}]}},"_links":{"self":[{"href":"https:\/\/www.lemanzane.com\/en\/wp-json\/wp\/v2\/papercigno\/14754"}],"collection":[{"href":"https:\/\/www.lemanzane.com\/en\/wp-json\/wp\/v2\/papercigno"}],"about":[{"href":"https:\/\/www.lemanzane.com\/en\/wp-json\/wp\/v2\/types\/papercigno"}],"author":[{"embeddable":true,"href":"https:\/\/www.lemanzane.com\/en\/wp-json\/wp\/v2\/users\/1"}],"version-history":[{"count":0,"href":"https:\/\/www.lemanzane.com\/en\/wp-json\/wp\/v2\/papercigno\/14754\/revisions"}],"wp:featuredmedia":[{"embeddable":true,"href":"https:\/\/www.lemanzane.com\/en\/wp-json\/wp\/v2\/media\/14755"}],"wp:attachment":[{"href":"https:\/\/www.lemanzane.com\/en\/wp-json\/wp\/v2\/media?parent=14754"}],"curies":[{"name":"wp","href":"https:\/\/api.w.org\/{rel}","templated":true}]}}

<p>Buongiorno lettori de <strong>L’Eco del PaperCigno</strong>, ci incontriamo a Merano?</p>
<p>Questa è una domanda ricorrente nel mese di novembre, anzi, già a ottobre s’inizia a parlare dell’evento più esclusivo del mondo del vino, il <strong>Merano Wine Festival</strong>.</p>
<p>Se ancora non lo conoscete, vi riporto la descrizione presa dal sito <a href="http://www.meranowinefestival.com/it" target="_blank" rel="noopener">www.meranowinefestival.com</a></p>
<p>“Ideato e curato da <strong>Helmuth Köcher</strong>, il Merano WineFestival è uno degli eventi più esclusivi del mondo del vino:</p>
<p>una celebrazione del meglio della produzione enologica nazionale ed internazionale nelle maestose sale del <strong>Kurhaus</strong>, elegante edificio storico nel pieno centro della città.</p>
<p>Il frutto di un lavoro intenso di 9 commissioni d&#8217;assaggio che selezionano i migliori vini di oltre 300 aziende vitivinicole italiane e di oltre 120 aziende vitivinicole internazionali, insieme alle migliori produzioni di oltre 100 maestri artigiani.</p>
<p>Il Merano WineFestival è anche:</p>
<p><strong>bio&amp;dynamica</strong>, che celebra l’eccellenza del vino biologico, biodinamico e naturale;</p>
<p><strong>Culinaria</strong>, che è la rassegna di Artigiani del Gusto che propongono le migliori materie prime del loro territorio;</p>
<p><strong>BeerPassion,</strong> che si dedica ai particolari sapori della birra artigianale.</p>
<p><strong>GourmetArena</strong>, che offre un momento di confronto ed esibizione di talento per importanti chef, un “ring” riservato alla cucina di altissimo livello.”</p>
<p>Saltello di gioia perché quest’anno sarò a Merano con lo spumante più bello ed elegante de<strong> Le Manzane</strong>, il <strong>Millesimo 20.10</strong>.</p>
<p>Si chiama 20.10 perché è nato in occasione del passaggio dalla DOC alla DOCG che, appunto, è avvenuta nell’anno 2010.</p>
<p>Il suo nome completo è <strong>Conegliano Valdobbiadene Prosecco superiore DOCG Millesimo 20.10</strong> e indossa un prezioso abito nero e oro, impeccabile sia di giorno sia di sera. Nel calice è brillante e scintillante e il suo perlage è fine e accattivante.</p>
<p>.. cosa dite, amici, ci incontriamo a Merano?</p>
<p><em>Com’è vero che nel vino c’è la verità</em><br />
<em>ti dirò tutto, senza segreti.</em><br />
William Shakespeare</p>

<!-- This site is optimized with the Yoast SEO plugin v21.3 - https://yoast.com/wordpress/plugins/seo/ -->
<title>Merano wine festival, ci incontriamo? - Le Manzane</title>
<meta name="robots" content="index, follow, max-snippet:-1, max-image-preview:large, max-video-preview:-1" />
<link rel="canonical" href="https://www.lemanzane.com/en/papercigno/merano-wine-festival-ci-incontriamo" />
<meta property="og:locale" content="en_US" />
<meta property="og:type" content="article" />
<meta property="og:title" content="Merano wine festival, ci incontriamo? - Le Manzane" />
<meta property="og:description" content="Buongiorno lettori de L’Eco del PaperCigno, ci incontriamo a Merano? Questa è una domanda ricorrente nel mese di novembre, anzi, già a ottobre s’inizia a parlare dell’evento più esclusivo del mondo del vino, il Merano Wine Festival. Se ancora non lo conoscete, vi riporto la descrizione presa dal sito www.meranowinefestival.com “Ideato e curato da Helmuth Köcher, il Merano WineFestival [&hellip;]" />
<meta property="og:url" content="https://www.lemanzane.com/en/papercigno/merano-wine-festival-ci-incontriamo" />
<meta property="og:site_name" content="Le Manzane" />
<meta property="og:image" content="https://www.lemanzane.com/wp-content/uploads/2013/11/12195003_947405068674936_8748138524024969365_o.jpg" />
	<meta property="og:image:width" content="1042" />
	<meta property="og:image:height" content="1042" />
	<meta property="og:image:type" content="image/jpeg" />
<meta name="twitter:card" content="summary_large_image" />
<meta name="twitter:label1" content="Est. reading time" />
	<meta name="twitter:data1" content="1 minute" />
<script type="application/ld+json" class="yoast-schema-graph">{"@context":"https://schema.org","@graph":[{"@type":"WebPage","@id":"https://www.lemanzane.com/en/papercigno/merano-wine-festival-ci-incontriamo","url":"https://www.lemanzane.com/en/papercigno/merano-wine-festival-ci-incontriamo","name":"Merano wine festival, ci incontriamo? - Le Manzane","isPartOf":{"@id":"https://www.lemanzane.com/en#website"},"datePublished":"2013-11-05T23:00:00+00:00","dateModified":"2013-11-05T23:00:00+00:00","breadcrumb":{"@id":"https://www.lemanzane.com/en/papercigno/merano-wine-festival-ci-incontriamo#breadcrumb"},"inLanguage":"en-US","potentialAction":[{"@type":"ReadAction","target":["https://www.lemanzane.com/en/papercigno/merano-wine-festival-ci-incontriamo"]}]},{"@type":"BreadcrumbList","@id":"https://www.lemanzane.com/en/papercigno/merano-wine-festival-ci-incontriamo#breadcrumb","itemListElement":[{"@type":"ListItem","position":1,"name":"Home","item":"https://www.lemanzane.com/en"},{"@type":"ListItem","position":2,"name":"Merano wine festival, ci incontriamo?"}]},{"@type":"WebSite","@id":"https://www.lemanzane.com/en#website","url":"https://www.lemanzane.com/en","name":"Le Manzane","description":"Cantina a San Pietro di Feletto","potentialAction":[{"@type":"SearchAction","target":{"@type":"EntryPoint","urlTemplate":"https://www.lemanzane.com/en?s={search_term_string}"},"query-input":"required name=search_term_string"}],"inLanguage":"en-US"}]}</script>
<!-- / Yoast SEO plugin. -->

Buongiorno lettori de L’Eco del PaperCigno, ci incontriamo a Merano? Questa è una domanda ricorrente nel mese di novembre, anzi, già a ottobre s’inizia a parlare dell’evento più esclusivo del mondo del vino, il Merano Wine Festival. Se ancora non lo conoscete, vi riporto la descrizione presa dal sito www.meranowinefestival.com “Ideato e curato da Helmuth Köcher, il Merano WineFestival [&hellip;]
