{"id":14847,"date":"2021-03-10T00:00:00","date_gmt":"2021-03-09T23:00:00","guid":{"rendered":"https:\/\/demo.wabi.it\/le-manzane\/papercigno\/vendemmia-solidale"},"modified":"2021-03-10T00:00:00","modified_gmt":"2021-03-09T23:00:00","slug":"vendemmia-solidale","status":"publish","type":"papercigno","link":"https:\/\/www.lemanzane.com\/en\/papercigno\/vendemmia-solidale","title":{"rendered":"Vendemmia Solidale"},"content":{"rendered":"<h3 style=\"text-align: left;\">Anno 2021 nr 5<\/h3>\n<h2><strong>PaperCigno Solidale<\/strong><\/h2>\n<p>Cari Amici wine lovers,<\/p>\n<p>notizie solidali!!<\/p>\n<p>Questa mattina Le Manzane ha consegnato l\u2019<strong>assegno<\/strong> frutto della Vendemmia Solidale dello scorso<br \/>\nsettembre all&#8217; <em>a<\/em><em>ssociazione Per Mio Figlio,<\/em> a <strong>sostegno dei reparti Covid<\/strong> della Marca Trevigiana.<\/p>\n<p>Un assegno di <strong>10.184,80 euro<\/strong>, frutto della\u00a0<strong>9\u00aa edizione\u00a0<\/strong>che si \u00e8 tenuta lo scorso 11 settembre nella \u00a0tenuta di <strong>San Pietro di Feletto (TV)<\/strong>.<\/p>\n<p>\u00abQuest\u2019anno &#8211; spiegano <strong>Ernesto e Silvana<\/strong>\u00a0&#8211; ci siamo sentiti in dovere, ma anche onorati, di contribuire alle iniziative di sanit\u00e0 pubblica per fronteggiare l&#8217;emergenza Coronavirus avviata in loco dall\u2019Associazione \u201cPer Mio Figlio\u201d Onlus\u00bb.<\/p>\n<p>Spiega\u00a0<strong>Silvana Agostini, neo presidente <\/strong><strong>dall\u2019Associazione \u201cPer Mio Figlio\u201d<\/strong><strong> e Giordano Giordani della Onlus:<\/strong>\u00a0\u00abAbbiamo raccolto fondi pari a 5 milioni di euro che sono stati utilizzati soprattutto per l\u2019acquisto di ventilatori e mascherine\u00bb.<\/p>\n<p>Aggiunge <strong>Francesco Benazzi, direttore generale dell\u2019Ulss 2<\/strong>\u00a0: \u00abAll\u2019azienda Le Manzane va il nostro pi\u00f9 sentito ringraziamento per questo gesto di solidariet\u00e0 e generosit\u00e0 . Il supporto del territorio \u00e8 stato ed \u00e8 particolarmente importante per far fronte alla pandemia in corso\u00bb.<\/p>\n<p>Per la prima volta l\u2019evento benefico di settembre \u00e8 stato organizzato a porte chiuse e in forma ridotta a causa delle restrizioni anti-Covid. Nonostante ci\u00f2 la famiglia Balbinot ha unito le forze chiamando a raccolta gli sponsor, i partner e i volontari. In vigneto a staccare i grappoli solidali c\u2019erano anche <strong>Sammy Basso<\/strong> e l\u2019atleta paralimpica <strong>Giusy Versace<\/strong>. Da quegli acini dorati, nati dal sole e vendemmiati con l\u2019aiuto dei partecipanti, sono state ricavate <strong>9.300 bottiglie <\/strong>di <strong>Conegliano Valdobbiadene Docg Prosecco Superiore Extra Dry<\/strong> che in poche settimane sono andate interamente vendute per la causa benefica.<\/p>\n<p style=\"text-align: left;\"><strong><img decoding=\"async\" loading=\"lazy\" class=\"alignleft wp-image-2212\" src=\"https:\/\/demo.wabi.it\/le-manzane\/wp-content\/uploads\/2021\/10\/LE-MANZANE_Prosecco-Solidale-2020-scaled.jpg\" alt=\"\" width=\"265\" height=\"375\" \/><\/strong><\/p>\n<p>&nbsp;<\/p>\n<p style=\"text-align: left;\"><strong>Tutto questo non sarebbe possibile senza i nostri\u00a0partner e sponsor che ringraziamo di cuore.<br \/>\n<\/strong>Antenna Tre, Arti Grafiche Conegliano, Banca Prealpi SanBiagio, Battistella Capsule, Dersut Caffe\u2019, Foto Francesco Galifi, Generalvetri, Icas, Ideeuropee, Ristorante Relais Ca\u2019 del Poggio, Rotas, Savno Servizi Ambientali Veneto Nord Orientale, S. Bernardo Tappi Spumante e S&#8217;Paul n&#8217; Co. Design. L\u2019iniziativa \u00e8 patrocinata dalla Regione del Veneto, dalla Provincia di Treviso e dai Comuni di San Pietro di Feletto, Conegliano e Valdobbiadene con il sostegno del Consorzio Tutela del Vino Conegliano Valdobbiadene Prosecco, dell\u2019associazione di promozione sociale XI di \u201cMarca\u201d e del Club n\u00b0 40 Frecce Tricolori Conegliano.<\/p>\n<p>&nbsp;<\/p>\n<p>Anche se l\u2019anno difficile non ci ha permesso di vendemmiare tutti uniti speriamo che questo piccolo gesto possa essere di beneficio per la Nostra comunit\u00e0.<br \/>\nE\u2019 anche un modo per dire grazie al <strong>personale sanitario<\/strong> per la straordinaria dedizione dimostrata in questa situazione cos\u00ec difficile.<\/p>\n<p>&nbsp;<\/p>\n","protected":false},"author":1,"featured_media":14513,"template":"","meta":{"inline_featured_image":false},"acf":[],"yoast_head":"<!-- This site is optimized with the Yoast SEO plugin v21.3 - https:\/\/yoast.com\/wordpress\/plugins\/seo\/ -->\n<title>Vendemmia Solidale - Le Manzane<\/title>\n<meta name=\"robots\" content=\"index, follow, max-snippet:-1, max-image-preview:large, max-video-preview:-1\" \/>\n<link rel=\"canonical\" href=\"https:\/\/www.lemanzane.com\/en\/papercigno\/vendemmia-solidale\" \/>\n<meta property=\"og:locale\" content=\"en_US\" \/>\n<meta property=\"og:type\" content=\"article\" \/>\n<meta property=\"og:title\" content=\"Vendemmia Solidale - Le Manzane\" \/>\n<meta property=\"og:description\" content=\"Anno 2021 nr 5 PaperCigno Solidale Cari Amici wine lovers, notizie solidali!! Questa mattina Le Manzane ha consegnato l\u2019assegno frutto della Vendemmia Solidale dello scorso settembre all&#8217; associazione Per Mio Figlio, a sostegno dei reparti Covid della Marca Trevigiana. Un assegno di 10.184,80 euro, frutto della\u00a09\u00aa edizione\u00a0che si \u00e8 tenuta lo scorso 11 settembre nella [&hellip;]\" \/>\n<meta property=\"og:url\" content=\"https:\/\/www.lemanzane.com\/en\/papercigno\/vendemmia-solidale\" \/>\n<meta property=\"og:site_name\" content=\"Le Manzane\" \/>\n<meta property=\"og:image\" content=\"https:\/\/www.lemanzane.com\/wp-content\/uploads\/2021\/10\/100321-da-sx-Anna-Balbinot-Silvana-Ceschin-Francesco-Benazzi-Ernesto-Balbinot-Silvana-Agostini-Marco-Balbinot-e-Giordano-Giordani-scaled.jpg\" \/>\n\t<meta property=\"og:image:width\" content=\"2560\" \/>\n\t<meta property=\"og:image:height\" content=\"1707\" \/>\n\t<meta property=\"og:image:type\" content=\"image\/jpeg\" \/>\n<meta name=\"twitter:card\" content=\"summary_large_image\" \/>\n<meta name=\"twitter:label1\" content=\"Est. reading time\" \/>\n\t<meta name=\"twitter:data1\" content=\"2 minutes\" \/>\n<script type=\"application\/ld+json\" class=\"yoast-schema-graph\">{\"@context\":\"https:\/\/schema.org\",\"@graph\":[{\"@type\":\"WebPage\",\"@id\":\"https:\/\/www.lemanzane.com\/en\/papercigno\/vendemmia-solidale\",\"url\":\"https:\/\/www.lemanzane.com\/en\/papercigno\/vendemmia-solidale\",\"name\":\"Vendemmia Solidale - Le Manzane\",\"isPartOf\":{\"@id\":\"https:\/\/www.lemanzane.com\/en#website\"},\"datePublished\":\"2021-03-09T23:00:00+00:00\",\"dateModified\":\"2021-03-09T23:00:00+00:00\",\"breadcrumb\":{\"@id\":\"https:\/\/www.lemanzane.com\/en\/papercigno\/vendemmia-solidale#breadcrumb\"},\"inLanguage\":\"en-US\",\"potentialAction\":[{\"@type\":\"ReadAction\",\"target\":[\"https:\/\/www.lemanzane.com\/en\/papercigno\/vendemmia-solidale\"]}]},{\"@type\":\"BreadcrumbList\",\"@id\":\"https:\/\/www.lemanzane.com\/en\/papercigno\/vendemmia-solidale#breadcrumb\",\"itemListElement\":[{\"@type\":\"ListItem\",\"position\":1,\"name\":\"Home\",\"item\":\"https:\/\/www.lemanzane.com\/en\"},{\"@type\":\"ListItem\",\"position\":2,\"name\":\"Vendemmia Solidale\"}]},{\"@type\":\"WebSite\",\"@id\":\"https:\/\/www.lemanzane.com\/en#website\",\"url\":\"https:\/\/www.lemanzane.com\/en\",\"name\":\"Le Manzane\",\"description\":\"Cantina a San Pietro di Feletto\",\"potentialAction\":[{\"@type\":\"SearchAction\",\"target\":{\"@type\":\"EntryPoint\",\"urlTemplate\":\"https:\/\/www.lemanzane.com\/en?s={search_term_string}\"},\"query-input\":\"required name=search_term_string\"}],\"inLanguage\":\"en-US\"}]}<\/script>\n<!-- \/ Yoast SEO plugin. -->","yoast_head_json":{"title":"Vendemmia Solidale - Le Manzane","robots":{"index":"index","follow":"follow","max-snippet":"max-snippet:-1","max-image-preview":"max-image-preview:large","max-video-preview":"max-video-preview:-1"},"canonical":"https:\/\/www.lemanzane.com\/en\/papercigno\/vendemmia-solidale","og_locale":"en_US","og_type":"article","og_title":"Vendemmia Solidale - Le Manzane","og_description":"Anno 2021 nr 5 PaperCigno Solidale Cari Amici wine lovers, notizie solidali!! Questa mattina Le Manzane ha consegnato l\u2019assegno frutto della Vendemmia Solidale dello scorso settembre all&#8217; associazione Per Mio Figlio, a sostegno dei reparti Covid della Marca Trevigiana. Un assegno di 10.184,80 euro, frutto della\u00a09\u00aa edizione\u00a0che si \u00e8 tenuta lo scorso 11 settembre nella [&hellip;]","og_url":"https:\/\/www.lemanzane.com\/en\/papercigno\/vendemmia-solidale","og_site_name":"Le Manzane","og_image":[{"width":2560,"height":1707,"url":"https:\/\/www.lemanzane.com\/wp-content\/uploads\/2021\/10\/100321-da-sx-Anna-Balbinot-Silvana-Ceschin-Francesco-Benazzi-Ernesto-Balbinot-Silvana-Agostini-Marco-Balbinot-e-Giordano-Giordani-scaled.jpg","type":"image\/jpeg"}],"twitter_card":"summary_large_image","twitter_misc":{"Est. reading time":"2 minutes"},"schema":{"@context":"https:\/\/schema.org","@graph":[{"@type":"WebPage","@id":"https:\/\/www.lemanzane.com\/en\/papercigno\/vendemmia-solidale","url":"https:\/\/www.lemanzane.com\/en\/papercigno\/vendemmia-solidale","name":"Vendemmia Solidale - Le Manzane","isPartOf":{"@id":"https:\/\/www.lemanzane.com\/en#website"},"datePublished":"2021-03-09T23:00:00+00:00","dateModified":"2021-03-09T23:00:00+00:00","breadcrumb":{"@id":"https:\/\/www.lemanzane.com\/en\/papercigno\/vendemmia-solidale#breadcrumb"},"inLanguage":"en-US","potentialAction":[{"@type":"ReadAction","target":["https:\/\/www.lemanzane.com\/en\/papercigno\/vendemmia-solidale"]}]},{"@type":"BreadcrumbList","@id":"https:\/\/www.lemanzane.com\/en\/papercigno\/vendemmia-solidale#breadcrumb","itemListElement":[{"@type":"ListItem","position":1,"name":"Home","item":"https:\/\/www.lemanzane.com\/en"},{"@type":"ListItem","position":2,"name":"Vendemmia Solidale"}]},{"@type":"WebSite","@id":"https:\/\/www.lemanzane.com\/en#website","url":"https:\/\/www.lemanzane.com\/en","name":"Le Manzane","description":"Cantina a San Pietro di Feletto","potentialAction":[{"@type":"SearchAction","target":{"@type":"EntryPoint","urlTemplate":"https:\/\/www.lemanzane.com\/en?s={search_term_string}"},"query-input":"required name=search_term_string"}],"inLanguage":"en-US"}]}},"_links":{"self":[{"href":"https:\/\/www.lemanzane.com\/en\/wp-json\/wp\/v2\/papercigno\/14847"}],"collection":[{"href":"https:\/\/www.lemanzane.com\/en\/wp-json\/wp\/v2\/papercigno"}],"about":[{"href":"https:\/\/www.lemanzane.com\/en\/wp-json\/wp\/v2\/types\/papercigno"}],"author":[{"embeddable":true,"href":"https:\/\/www.lemanzane.com\/en\/wp-json\/wp\/v2\/users\/1"}],"version-history":[{"count":0,"href":"https:\/\/www.lemanzane.com\/en\/wp-json\/wp\/v2\/papercigno\/14847\/revisions"}],"wp:featuredmedia":[{"embeddable":true,"href":"https:\/\/www.lemanzane.com\/en\/wp-json\/wp\/v2\/media\/14513"}],"wp:attachment":[{"href":"https:\/\/www.lemanzane.com\/en\/wp-json\/wp\/v2\/media?parent=14847"}],"curies":[{"name":"wp","href":"https:\/\/api.w.org\/{rel}","templated":true}]}}

<h3 style="text-align: left;">Anno 2021 nr 5</h3>
<h2><strong>PaperCigno Solidale</strong></h2>
<p>Cari Amici wine lovers,</p>
<p>notizie solidali!!</p>
<p>Questa mattina Le Manzane ha consegnato l’<strong>assegno</strong> frutto della Vendemmia Solidale dello scorso<br />
settembre all&#8217; <em>a</em><em>ssociazione Per Mio Figlio,</em> a <strong>sostegno dei reparti Covid</strong> della Marca Trevigiana.</p>
<p>Un assegno di <strong>10.184,80 euro</strong>, frutto della <strong>9ª edizione </strong>che si è tenuta lo scorso 11 settembre nella  tenuta di <strong>San Pietro di Feletto (TV)</strong>.</p>
<p>«Quest’anno &#8211; spiegano <strong>Ernesto e Silvana</strong> &#8211; ci siamo sentiti in dovere, ma anche onorati, di contribuire alle iniziative di sanità pubblica per fronteggiare l&#8217;emergenza Coronavirus avviata in loco dall’Associazione “Per Mio Figlio” Onlus».</p>
<p>Spiega <strong>Silvana Agostini, neo presidente </strong><strong>dall’Associazione “Per Mio Figlio”</strong><strong> e Giordano Giordani della Onlus:</strong> «Abbiamo raccolto fondi pari a 5 milioni di euro che sono stati utilizzati soprattutto per l’acquisto di ventilatori e mascherine».</p>
<p>Aggiunge <strong>Francesco Benazzi, direttore generale dell’Ulss 2</strong> : «All’azienda Le Manzane va il nostro più sentito ringraziamento per questo gesto di solidarietà e generosità . Il supporto del territorio è stato ed è particolarmente importante per far fronte alla pandemia in corso».</p>
<p>Per la prima volta l’evento benefico di settembre è stato organizzato a porte chiuse e in forma ridotta a causa delle restrizioni anti-Covid. Nonostante ciò la famiglia Balbinot ha unito le forze chiamando a raccolta gli sponsor, i partner e i volontari. In vigneto a staccare i grappoli solidali c’erano anche <strong>Sammy Basso</strong> e l’atleta paralimpica <strong>Giusy Versace</strong>. Da quegli acini dorati, nati dal sole e vendemmiati con l’aiuto dei partecipanti, sono state ricavate <strong>9.300 bottiglie </strong>di <strong>Conegliano Valdobbiadene Docg Prosecco Superiore Extra Dry</strong> che in poche settimane sono andate interamente vendute per la causa benefica.</p>
<p style="text-align: left;"><strong><img decoding="async" loading="lazy" class="alignleft wp-image-2212" src="https://demo.wabi.it/le-manzane/wp-content/uploads/2021/10/LE-MANZANE_Prosecco-Solidale-2020-scaled.jpg" alt="" width="265" height="375" /></strong></p>
<p>&nbsp;</p>
<p style="text-align: left;"><strong>Tutto questo non sarebbe possibile senza i nostri partner e sponsor che ringraziamo di cuore.<br />
</strong>Antenna Tre, Arti Grafiche Conegliano, Banca Prealpi SanBiagio, Battistella Capsule, Dersut Caffe’, Foto Francesco Galifi, Generalvetri, Icas, Ideeuropee, Ristorante Relais Ca’ del Poggio, Rotas, Savno Servizi Ambientali Veneto Nord Orientale, S. Bernardo Tappi Spumante e S&#8217;Paul n&#8217; Co. Design. L’iniziativa è patrocinata dalla Regione del Veneto, dalla Provincia di Treviso e dai Comuni di San Pietro di Feletto, Conegliano e Valdobbiadene con il sostegno del Consorzio Tutela del Vino Conegliano Valdobbiadene Prosecco, dell’associazione di promozione sociale XI di “Marca” e del Club n° 40 Frecce Tricolori Conegliano.</p>
<p>&nbsp;</p>
<p>Anche se l’anno difficile non ci ha permesso di vendemmiare tutti uniti speriamo che questo piccolo gesto possa essere di beneficio per la Nostra comunità.<br />
E’ anche un modo per dire grazie al <strong>personale sanitario</strong> per la straordinaria dedizione dimostrata in questa situazione così difficile.</p>
<p>&nbsp;</p>

<!-- This site is optimized with the Yoast SEO plugin v21.3 - https://yoast.com/wordpress/plugins/seo/ -->
<title>Vendemmia Solidale - Le Manzane</title>
<meta name="robots" content="index, follow, max-snippet:-1, max-image-preview:large, max-video-preview:-1" />
<link rel="canonical" href="https://www.lemanzane.com/en/papercigno/vendemmia-solidale" />
<meta property="og:locale" content="en_US" />
<meta property="og:type" content="article" />
<meta property="og:title" content="Vendemmia Solidale - Le Manzane" />
<meta property="og:description" content="Anno 2021 nr 5 PaperCigno Solidale Cari Amici wine lovers, notizie solidali!! Questa mattina Le Manzane ha consegnato l’assegno frutto della Vendemmia Solidale dello scorso settembre all&#8217; associazione Per Mio Figlio, a sostegno dei reparti Covid della Marca Trevigiana. Un assegno di 10.184,80 euro, frutto della 9ª edizione che si è tenuta lo scorso 11 settembre nella [&hellip;]" />
<meta property="og:url" content="https://www.lemanzane.com/en/papercigno/vendemmia-solidale" />
<meta property="og:site_name" content="Le Manzane" />
<meta property="og:image" content="https://www.lemanzane.com/wp-content/uploads/2021/10/100321-da-sx-Anna-Balbinot-Silvana-Ceschin-Francesco-Benazzi-Ernesto-Balbinot-Silvana-Agostini-Marco-Balbinot-e-Giordano-Giordani-scaled.jpg" />
	<meta property="og:image:width" content="2560" />
	<meta property="og:image:height" content="1707" />
	<meta property="og:image:type" content="image/jpeg" />
<meta name="twitter:card" content="summary_large_image" />
<meta name="twitter:label1" content="Est. reading time" />
	<meta name="twitter:data1" content="2 minutes" />
<script type="application/ld+json" class="yoast-schema-graph">{"@context":"https://schema.org","@graph":[{"@type":"WebPage","@id":"https://www.lemanzane.com/en/papercigno/vendemmia-solidale","url":"https://www.lemanzane.com/en/papercigno/vendemmia-solidale","name":"Vendemmia Solidale - Le Manzane","isPartOf":{"@id":"https://www.lemanzane.com/en#website"},"datePublished":"2021-03-09T23:00:00+00:00","dateModified":"2021-03-09T23:00:00+00:00","breadcrumb":{"@id":"https://www.lemanzane.com/en/papercigno/vendemmia-solidale#breadcrumb"},"inLanguage":"en-US","potentialAction":[{"@type":"ReadAction","target":["https://www.lemanzane.com/en/papercigno/vendemmia-solidale"]}]},{"@type":"BreadcrumbList","@id":"https://www.lemanzane.com/en/papercigno/vendemmia-solidale#breadcrumb","itemListElement":[{"@type":"ListItem","position":1,"name":"Home","item":"https://www.lemanzane.com/en"},{"@type":"ListItem","position":2,"name":"Vendemmia Solidale"}]},{"@type":"WebSite","@id":"https://www.lemanzane.com/en#website","url":"https://www.lemanzane.com/en","name":"Le Manzane","description":"Cantina a San Pietro di Feletto","potentialAction":[{"@type":"SearchAction","target":{"@type":"EntryPoint","urlTemplate":"https://www.lemanzane.com/en?s={search_term_string}"},"query-input":"required name=search_term_string"}],"inLanguage":"en-US"}]}</script>
<!-- / Yoast SEO plugin. -->

Anno 2021 nr 5 PaperCigno Solidale Cari Amici wine lovers, notizie solidali!! Questa mattina Le Manzane ha consegnato l’assegno frutto della Vendemmia Solidale dello scorso settembre all&#8217; associazione Per Mio Figlio, a sostegno dei reparti Covid della Marca Trevigiana. Un assegno di 10.184,80 euro, frutto della 9ª edizione che si è tenuta lo scorso 11 settembre nella [&hellip;]
