{"id":15972,"date":"2021-10-25T15:38:05","date_gmt":"2021-10-25T13:38:05","guid":{"rendered":"https:\/\/demo.wabi.it\/le-manzane?post_type=papercigno&#038;p=15972"},"modified":"2021-10-25T18:33:09","modified_gmt":"2021-10-25T16:33:09","slug":"vendemmia-solidale-2021","status":"publish","type":"papercigno","link":"https:\/\/www.lemanzane.com\/en\/papercigno\/vendemmia-solidale-2021","title":{"rendered":"Vendemmia Solidale 2021"},"content":{"rendered":"<h3>Anno 2021 nr 9<\/h3>\n<h2><strong>PaperCigno Solidale<\/strong><\/h2>\n<p>&nbsp;<\/p>\n<p>Cari amici Wine Lovers,<\/p>\n<p>avete saputo l\u2019ultima?<\/p>\n<p>Domenica 12 Settembre a Le Manzane si \u00e8 tenuta la 10\u00aa edizione della <strong>Vendemmia Solidale<\/strong>.<\/p>\n<p>Una giornata baciata dal sole tra i filari delle <b>Colline del Prosecco Superiore Patrimonio Unesco, <\/b><b>la domenica ideale <\/b>per vivere una delle esperienze pi\u00f9 autentiche del mondo del vino: la <b>Vendemmia.<\/b><\/p>\n<p><img decoding=\"async\" loading=\"lazy\" class=\"alignright wp-image-15975\" src=\"https:\/\/demo.wabi.it\/le-manzane\/wp-content\/uploads\/2021\/10\/Schermata-2021-09-15-alle-09.36.07-1.png\" alt=\"\" width=\"396\" height=\"259\" srcset=\"https:\/\/www.lemanzane.com\/wp-content\/uploads\/2021\/10\/Schermata-2021-09-15-alle-09.36.07-1.png 1663w, https:\/\/www.lemanzane.com\/wp-content\/uploads\/2021\/10\/Schermata-2021-09-15-alle-09.36.07-1-1000x654.png 1000w, https:\/\/www.lemanzane.com\/wp-content\/uploads\/2021\/10\/Schermata-2021-09-15-alle-09.36.07-1-300x196.png 300w, https:\/\/www.lemanzane.com\/wp-content\/uploads\/2021\/10\/Schermata-2021-09-15-alle-09.36.07-1-768x502.png 768w, https:\/\/www.lemanzane.com\/wp-content\/uploads\/2021\/10\/Schermata-2021-09-15-alle-09.36.07-1-1024x669.png 1024w, https:\/\/www.lemanzane.com\/wp-content\/uploads\/2021\/10\/Schermata-2021-09-15-alle-09.36.07-1-1536x1004.png 1536w, https:\/\/www.lemanzane.com\/wp-content\/uploads\/2021\/10\/Schermata-2021-09-15-alle-09.36.07-1-400x261.png 400w, https:\/\/www.lemanzane.com\/wp-content\/uploads\/2021\/10\/Schermata-2021-09-15-alle-09.36.07-1-367x240.png 367w\" sizes=\"(max-width: 396px) 100vw, 396px\" \/><\/p>\n<p>&nbsp;<\/p>\n<p>Il ricavato di questa <strong>Vendemmia Solidale<\/strong>, che quest\u2019anno ha tagliato il traguardo della <b>10<\/b><b>\u1d43<\/b><b> edizione<\/b>, servir\u00e0 a finanziare un progetto della <b>LILT di Treviso<\/b> di voga in dragon boat per la riabilitazione delle donne operate di tumore al seno.<\/p>\n<p>Ma lasciatemi raccontare qualcosa in pi\u00f9 su questo progetto che porta il nome di <strong>Akea Rosa<\/strong>.<\/p>\n<p>&nbsp;<\/p>\n<p>L\u2019obiettivo primo \u00e8 la riabilitazione di queste donne operate di tumore al seno grazie alla voga sul Fiume Sile a bordo di questa imbarcazione chiamata Dragon Boat.<\/p>\n<p>Pensate che grazie ad alcuni studi si \u00e8 scoperto che il movimento ritmico e ciclico della pagaiata non \u00e8 dannoso, ma al contrario \u00e8 benefico perch\u00e9 rinforza la pompa linfatica e diviene una sorta di linfodrenaggio naturale favorendo la prevenzione del linfedema.<\/p>\n<p><em>Interessante vero?<\/em><\/p>\n<p>Mattatore poi della giornata \u00e8 stato <b>Moreno Morello<\/b>, l\u2019inviato del noto tg satirico di Canale 5, <b>Striscia la Notizia<\/b>, che con la sua simpatia ha intrattenuto il pubblico.<\/p>\n<p><img decoding=\"async\" loading=\"lazy\" class=\"alignleft wp-image-15977\" src=\"https:\/\/demo.wabi.it\/le-manzane\/wp-content\/uploads\/2021\/10\/Schermata-2021-09-15-alle-09.38.55-300x199.png\" alt=\"\" width=\"442\" height=\"293\" srcset=\"https:\/\/www.lemanzane.com\/wp-content\/uploads\/2021\/10\/Schermata-2021-09-15-alle-09.38.55-300x199.png 300w, https:\/\/www.lemanzane.com\/wp-content\/uploads\/2021\/10\/Schermata-2021-09-15-alle-09.38.55-1000x663.png 1000w, https:\/\/www.lemanzane.com\/wp-content\/uploads\/2021\/10\/Schermata-2021-09-15-alle-09.38.55-768x509.png 768w, https:\/\/www.lemanzane.com\/wp-content\/uploads\/2021\/10\/Schermata-2021-09-15-alle-09.38.55-1024x678.png 1024w, https:\/\/www.lemanzane.com\/wp-content\/uploads\/2021\/10\/Schermata-2021-09-15-alle-09.38.55-1536x1018.png 1536w, https:\/\/www.lemanzane.com\/wp-content\/uploads\/2021\/10\/Schermata-2021-09-15-alle-09.38.55-400x265.png 400w, https:\/\/www.lemanzane.com\/wp-content\/uploads\/2021\/10\/Schermata-2021-09-15-alle-09.38.55-362x240.png 362w, https:\/\/www.lemanzane.com\/wp-content\/uploads\/2021\/10\/Schermata-2021-09-15-alle-09.38.55.png 1938w\" sizes=\"(max-width: 442px) 100vw, 442px\" \/><\/p>\n<p>La giornata si \u00e8 trascorsa tra giochi vari, gara dello Spritz con <em>Distilleria Brunello<\/em>, teatro dei burattini e musica dal vivo con la <em>Magirus Band e Alberto Ceschin<\/em>.<\/p>\n<p>Infine una merenda in caneva in collaborazione con la Polisportiva di Bagnolo, e per concludere in dolcezza non poteva mancare una coccola dolce per il nostro palato offerta dalla pasticceria <em>Alpago<\/em> di Conegliano.<\/p>\n<p>&nbsp;<\/p>\n<p>A sostenere l\u2019iniziativa da ormai 3 anni: <strong>Sammy Basso<\/strong>, che ha voluto in prima persona raccogliere i grappoli solidali che serviranno a produrre il Prosecco Solidale, disponibile verso i primi di Dicembre.<\/p>\n<p><em>Un regalo perfetto per le vostre feste di Natale no? <\/em><\/p>\n<p><b>Numerosi poi sono stati i partner e gli sponsor che hanno condiviso gli obiettivi benefici della vendemmia solidale 2021: <\/b><em>Ama Crai, Arti Grafiche Conegliano, Banca Prealpi SanBiagio, Battistella Capsule, Dersut Caffe\u2019, Distilleria Fratelli Brunello, Foto Francesco Galifi, Generalvetri, Icas, Ondulkart, Pasticceria Alpago, Ristorante Relais Ca\u2019 del Poggio, Rotas, Savno Servizi Ambientali Veneto Nord Orientale, S. Bernardo Tappi Spumante, S\u2019Paul n\u2019 Co. Design, Studio Clo\u00e8 e TeleChiara.<\/em><\/p>\n<p>L\u2019iniziativa inoltre \u00e8 patrocinata dalla Regione del Veneto, dalla Provincia di Treviso e dai Comuni di San Pietro di Feletto, Conegliano e Valdobbiadene con il sostegno del Consorzio Tutela del Vino Conegliano Valdobbiadene Prosecco, dell\u2019associazione di promozione sociale XI di \u201cMarca\u201d e del Club n\u00b0 40 Frecce Tricolori Conegliano<\/p>\n<p>&nbsp;<\/p>\n<p><strong><em>\u201cNulla pi\u00f9 mi consola,<\/em><\/strong><\/p>\n<p><strong><em>di quest\u2019aria che odora<\/em><\/strong><\/p>\n<p><strong><em>di mosto e di vino.\u201d<\/em><\/strong><\/p>\n<p>&nbsp;<\/p>\n<p>Vincenzo Cardarelli<\/p>\n","protected":false},"author":1,"featured_media":15973,"template":"","meta":{"inline_featured_image":false},"acf":[],"yoast_head":"<!-- This site is optimized with the Yoast SEO plugin v21.3 - https:\/\/yoast.com\/wordpress\/plugins\/seo\/ -->\n<title>Vendemmia Solidale 2021 - Le Manzane<\/title>\n<meta name=\"robots\" content=\"index, follow, max-snippet:-1, max-image-preview:large, max-video-preview:-1\" \/>\n<link rel=\"canonical\" href=\"https:\/\/www.lemanzane.com\/en\/papercigno\/vendemmia-solidale-2021\" \/>\n<meta property=\"og:locale\" content=\"en_US\" \/>\n<meta property=\"og:type\" content=\"article\" \/>\n<meta property=\"og:title\" content=\"Vendemmia Solidale 2021 - Le Manzane\" \/>\n<meta property=\"og:description\" content=\"Anno 2021 nr 9 PaperCigno Solidale &nbsp; Cari amici Wine Lovers, avete saputo l\u2019ultima? Domenica 12 Settembre a Le Manzane si \u00e8 tenuta la 10\u00aa edizione della Vendemmia Solidale. Una giornata baciata dal sole tra i filari delle Colline del Prosecco Superiore Patrimonio Unesco, la domenica ideale per vivere una delle esperienze pi\u00f9 autentiche del [&hellip;]\" \/>\n<meta property=\"og:url\" content=\"https:\/\/www.lemanzane.com\/en\/papercigno\/vendemmia-solidale-2021\" \/>\n<meta property=\"og:site_name\" content=\"Le Manzane\" \/>\n<meta property=\"article:modified_time\" content=\"2021-10-25T16:33:09+00:00\" \/>\n<meta property=\"og:image\" content=\"https:\/\/www.lemanzane.com\/wp-content\/uploads\/2021\/10\/Schermata-2021-09-15-alle-09.30.18-1024x678.png\" \/>\n\t<meta property=\"og:image:width\" content=\"1024\" \/>\n\t<meta property=\"og:image:height\" content=\"678\" \/>\n\t<meta property=\"og:image:type\" content=\"image\/png\" \/>\n<meta name=\"twitter:card\" content=\"summary_large_image\" \/>\n<meta name=\"twitter:label1\" content=\"Est. reading time\" \/>\n\t<meta name=\"twitter:data1\" content=\"3 minutes\" \/>\n<script type=\"application\/ld+json\" class=\"yoast-schema-graph\">{\"@context\":\"https:\/\/schema.org\",\"@graph\":[{\"@type\":\"WebPage\",\"@id\":\"https:\/\/www.lemanzane.com\/en\/papercigno\/vendemmia-solidale-2021\",\"url\":\"https:\/\/www.lemanzane.com\/en\/papercigno\/vendemmia-solidale-2021\",\"name\":\"Vendemmia Solidale 2021 - Le Manzane\",\"isPartOf\":{\"@id\":\"https:\/\/www.lemanzane.com\/en#website\"},\"datePublished\":\"2021-10-25T13:38:05+00:00\",\"dateModified\":\"2021-10-25T16:33:09+00:00\",\"breadcrumb\":{\"@id\":\"https:\/\/www.lemanzane.com\/en\/papercigno\/vendemmia-solidale-2021#breadcrumb\"},\"inLanguage\":\"en-US\",\"potentialAction\":[{\"@type\":\"ReadAction\",\"target\":[\"https:\/\/www.lemanzane.com\/en\/papercigno\/vendemmia-solidale-2021\"]}]},{\"@type\":\"BreadcrumbList\",\"@id\":\"https:\/\/www.lemanzane.com\/en\/papercigno\/vendemmia-solidale-2021#breadcrumb\",\"itemListElement\":[{\"@type\":\"ListItem\",\"position\":1,\"name\":\"Home\",\"item\":\"https:\/\/www.lemanzane.com\/en\"},{\"@type\":\"ListItem\",\"position\":2,\"name\":\"Vendemmia Solidale 2021\"}]},{\"@type\":\"WebSite\",\"@id\":\"https:\/\/www.lemanzane.com\/en#website\",\"url\":\"https:\/\/www.lemanzane.com\/en\",\"name\":\"Le Manzane\",\"description\":\"Cantina a San Pietro di Feletto\",\"potentialAction\":[{\"@type\":\"SearchAction\",\"target\":{\"@type\":\"EntryPoint\",\"urlTemplate\":\"https:\/\/www.lemanzane.com\/en?s={search_term_string}\"},\"query-input\":\"required name=search_term_string\"}],\"inLanguage\":\"en-US\"}]}<\/script>\n<!-- \/ Yoast SEO plugin. -->","yoast_head_json":{"title":"Vendemmia Solidale 2021 - Le Manzane","robots":{"index":"index","follow":"follow","max-snippet":"max-snippet:-1","max-image-preview":"max-image-preview:large","max-video-preview":"max-video-preview:-1"},"canonical":"https:\/\/www.lemanzane.com\/en\/papercigno\/vendemmia-solidale-2021","og_locale":"en_US","og_type":"article","og_title":"Vendemmia Solidale 2021 - Le Manzane","og_description":"Anno 2021 nr 9 PaperCigno Solidale &nbsp; Cari amici Wine Lovers, avete saputo l\u2019ultima? Domenica 12 Settembre a Le Manzane si \u00e8 tenuta la 10\u00aa edizione della Vendemmia Solidale. Una giornata baciata dal sole tra i filari delle Colline del Prosecco Superiore Patrimonio Unesco, la domenica ideale per vivere una delle esperienze pi\u00f9 autentiche del [&hellip;]","og_url":"https:\/\/www.lemanzane.com\/en\/papercigno\/vendemmia-solidale-2021","og_site_name":"Le Manzane","article_modified_time":"2021-10-25T16:33:09+00:00","og_image":[{"width":1024,"height":678,"url":"https:\/\/www.lemanzane.com\/wp-content\/uploads\/2021\/10\/Schermata-2021-09-15-alle-09.30.18-1024x678.png","type":"image\/png"}],"twitter_card":"summary_large_image","twitter_misc":{"Est. reading time":"3 minutes"},"schema":{"@context":"https:\/\/schema.org","@graph":[{"@type":"WebPage","@id":"https:\/\/www.lemanzane.com\/en\/papercigno\/vendemmia-solidale-2021","url":"https:\/\/www.lemanzane.com\/en\/papercigno\/vendemmia-solidale-2021","name":"Vendemmia Solidale 2021 - Le Manzane","isPartOf":{"@id":"https:\/\/www.lemanzane.com\/en#website"},"datePublished":"2021-10-25T13:38:05+00:00","dateModified":"2021-10-25T16:33:09+00:00","breadcrumb":{"@id":"https:\/\/www.lemanzane.com\/en\/papercigno\/vendemmia-solidale-2021#breadcrumb"},"inLanguage":"en-US","potentialAction":[{"@type":"ReadAction","target":["https:\/\/www.lemanzane.com\/en\/papercigno\/vendemmia-solidale-2021"]}]},{"@type":"BreadcrumbList","@id":"https:\/\/www.lemanzane.com\/en\/papercigno\/vendemmia-solidale-2021#breadcrumb","itemListElement":[{"@type":"ListItem","position":1,"name":"Home","item":"https:\/\/www.lemanzane.com\/en"},{"@type":"ListItem","position":2,"name":"Vendemmia Solidale 2021"}]},{"@type":"WebSite","@id":"https:\/\/www.lemanzane.com\/en#website","url":"https:\/\/www.lemanzane.com\/en","name":"Le Manzane","description":"Cantina a San Pietro di Feletto","potentialAction":[{"@type":"SearchAction","target":{"@type":"EntryPoint","urlTemplate":"https:\/\/www.lemanzane.com\/en?s={search_term_string}"},"query-input":"required name=search_term_string"}],"inLanguage":"en-US"}]}},"_links":{"self":[{"href":"https:\/\/www.lemanzane.com\/en\/wp-json\/wp\/v2\/papercigno\/15972"}],"collection":[{"href":"https:\/\/www.lemanzane.com\/en\/wp-json\/wp\/v2\/papercigno"}],"about":[{"href":"https:\/\/www.lemanzane.com\/en\/wp-json\/wp\/v2\/types\/papercigno"}],"author":[{"embeddable":true,"href":"https:\/\/www.lemanzane.com\/en\/wp-json\/wp\/v2\/users\/1"}],"version-history":[{"count":5,"href":"https:\/\/www.lemanzane.com\/en\/wp-json\/wp\/v2\/papercigno\/15972\/revisions"}],"predecessor-version":[{"id":16006,"href":"https:\/\/www.lemanzane.com\/en\/wp-json\/wp\/v2\/papercigno\/15972\/revisions\/16006"}],"wp:featuredmedia":[{"embeddable":true,"href":"https:\/\/www.lemanzane.com\/en\/wp-json\/wp\/v2\/media\/15973"}],"wp:attachment":[{"href":"https:\/\/www.lemanzane.com\/en\/wp-json\/wp\/v2\/media?parent=15972"}],"curies":[{"name":"wp","href":"https:\/\/api.w.org\/{rel}","templated":true}]}}

<h3>Anno 2021 nr 9</h3>
<h2><strong>PaperCigno Solidale</strong></h2>
<p>&nbsp;</p>
<p>Cari amici Wine Lovers,</p>
<p>avete saputo l’ultima?</p>
<p>Domenica 12 Settembre a Le Manzane si è tenuta la 10ª edizione della <strong>Vendemmia Solidale</strong>.</p>
<p>Una giornata baciata dal sole tra i filari delle <b>Colline del Prosecco Superiore Patrimonio Unesco, </b><b>la domenica ideale </b>per vivere una delle esperienze più autentiche del mondo del vino: la <b>Vendemmia.</b></p>
<p><img decoding="async" loading="lazy" class="alignright wp-image-15975" src="https://demo.wabi.it/le-manzane/wp-content/uploads/2021/10/Schermata-2021-09-15-alle-09.36.07-1.png" alt="" width="396" height="259" srcset="https://www.lemanzane.com/wp-content/uploads/2021/10/Schermata-2021-09-15-alle-09.36.07-1.png 1663w, https://www.lemanzane.com/wp-content/uploads/2021/10/Schermata-2021-09-15-alle-09.36.07-1-1000x654.png 1000w, https://www.lemanzane.com/wp-content/uploads/2021/10/Schermata-2021-09-15-alle-09.36.07-1-300x196.png 300w, https://www.lemanzane.com/wp-content/uploads/2021/10/Schermata-2021-09-15-alle-09.36.07-1-768x502.png 768w, https://www.lemanzane.com/wp-content/uploads/2021/10/Schermata-2021-09-15-alle-09.36.07-1-1024x669.png 1024w, https://www.lemanzane.com/wp-content/uploads/2021/10/Schermata-2021-09-15-alle-09.36.07-1-1536x1004.png 1536w, https://www.lemanzane.com/wp-content/uploads/2021/10/Schermata-2021-09-15-alle-09.36.07-1-400x261.png 400w, https://www.lemanzane.com/wp-content/uploads/2021/10/Schermata-2021-09-15-alle-09.36.07-1-367x240.png 367w" sizes="(max-width: 396px) 100vw, 396px" /></p>
<p>&nbsp;</p>
<p>Il ricavato di questa <strong>Vendemmia Solidale</strong>, che quest’anno ha tagliato il traguardo della <b>10</b><b>ᵃ</b><b> edizione</b>, servirà a finanziare un progetto della <b>LILT di Treviso</b> di voga in dragon boat per la riabilitazione delle donne operate di tumore al seno.</p>
<p>Ma lasciatemi raccontare qualcosa in più su questo progetto che porta il nome di <strong>Akea Rosa</strong>.</p>
<p>&nbsp;</p>
<p>L’obiettivo primo è la riabilitazione di queste donne operate di tumore al seno grazie alla voga sul Fiume Sile a bordo di questa imbarcazione chiamata Dragon Boat.</p>
<p>Pensate che grazie ad alcuni studi si è scoperto che il movimento ritmico e ciclico della pagaiata non è dannoso, ma al contrario è benefico perché rinforza la pompa linfatica e diviene una sorta di linfodrenaggio naturale favorendo la prevenzione del linfedema.</p>
<p><em>Interessante vero?</em></p>
<p>Mattatore poi della giornata è stato <b>Moreno Morello</b>, l’inviato del noto tg satirico di Canale 5, <b>Striscia la Notizia</b>, che con la sua simpatia ha intrattenuto il pubblico.</p>
<p><img decoding="async" loading="lazy" class="alignleft wp-image-15977" src="https://demo.wabi.it/le-manzane/wp-content/uploads/2021/10/Schermata-2021-09-15-alle-09.38.55-300x199.png" alt="" width="442" height="293" srcset="https://www.lemanzane.com/wp-content/uploads/2021/10/Schermata-2021-09-15-alle-09.38.55-300x199.png 300w, https://www.lemanzane.com/wp-content/uploads/2021/10/Schermata-2021-09-15-alle-09.38.55-1000x663.png 1000w, https://www.lemanzane.com/wp-content/uploads/2021/10/Schermata-2021-09-15-alle-09.38.55-768x509.png 768w, https://www.lemanzane.com/wp-content/uploads/2021/10/Schermata-2021-09-15-alle-09.38.55-1024x678.png 1024w, https://www.lemanzane.com/wp-content/uploads/2021/10/Schermata-2021-09-15-alle-09.38.55-1536x1018.png 1536w, https://www.lemanzane.com/wp-content/uploads/2021/10/Schermata-2021-09-15-alle-09.38.55-400x265.png 400w, https://www.lemanzane.com/wp-content/uploads/2021/10/Schermata-2021-09-15-alle-09.38.55-362x240.png 362w, https://www.lemanzane.com/wp-content/uploads/2021/10/Schermata-2021-09-15-alle-09.38.55.png 1938w" sizes="(max-width: 442px) 100vw, 442px" /></p>
<p>La giornata si è trascorsa tra giochi vari, gara dello Spritz con <em>Distilleria Brunello</em>, teatro dei burattini e musica dal vivo con la <em>Magirus Band e Alberto Ceschin</em>.</p>
<p>Infine una merenda in caneva in collaborazione con la Polisportiva di Bagnolo, e per concludere in dolcezza non poteva mancare una coccola dolce per il nostro palato offerta dalla pasticceria <em>Alpago</em> di Conegliano.</p>
<p>&nbsp;</p>
<p>A sostenere l’iniziativa da ormai 3 anni: <strong>Sammy Basso</strong>, che ha voluto in prima persona raccogliere i grappoli solidali che serviranno a produrre il Prosecco Solidale, disponibile verso i primi di Dicembre.</p>
<p><em>Un regalo perfetto per le vostre feste di Natale no? </em></p>
<p><b>Numerosi poi sono stati i partner e gli sponsor che hanno condiviso gli obiettivi benefici della vendemmia solidale 2021: </b><em>Ama Crai, Arti Grafiche Conegliano, Banca Prealpi SanBiagio, Battistella Capsule, Dersut Caffe’, Distilleria Fratelli Brunello, Foto Francesco Galifi, Generalvetri, Icas, Ondulkart, Pasticceria Alpago, Ristorante Relais Ca’ del Poggio, Rotas, Savno Servizi Ambientali Veneto Nord Orientale, S. Bernardo Tappi Spumante, S’Paul n’ Co. Design, Studio Cloè e TeleChiara.</em></p>
<p>L’iniziativa inoltre è patrocinata dalla Regione del Veneto, dalla Provincia di Treviso e dai Comuni di San Pietro di Feletto, Conegliano e Valdobbiadene con il sostegno del Consorzio Tutela del Vino Conegliano Valdobbiadene Prosecco, dell’associazione di promozione sociale XI di “Marca” e del Club n° 40 Frecce Tricolori Conegliano</p>
<p>&nbsp;</p>
<p><strong><em>“Nulla più mi consola,</em></strong></p>
<p><strong><em>di quest’aria che odora</em></strong></p>
<p><strong><em>di mosto e di vino.”</em></strong></p>
<p>&nbsp;</p>
<p>Vincenzo Cardarelli</p>

<!-- This site is optimized with the Yoast SEO plugin v21.3 - https://yoast.com/wordpress/plugins/seo/ -->
<title>Vendemmia Solidale 2021 - Le Manzane</title>
<meta name="robots" content="index, follow, max-snippet:-1, max-image-preview:large, max-video-preview:-1" />
<link rel="canonical" href="https://www.lemanzane.com/en/papercigno/vendemmia-solidale-2021" />
<meta property="og:locale" content="en_US" />
<meta property="og:type" content="article" />
<meta property="og:title" content="Vendemmia Solidale 2021 - Le Manzane" />
<meta property="og:description" content="Anno 2021 nr 9 PaperCigno Solidale &nbsp; Cari amici Wine Lovers, avete saputo l’ultima? Domenica 12 Settembre a Le Manzane si è tenuta la 10ª edizione della Vendemmia Solidale. Una giornata baciata dal sole tra i filari delle Colline del Prosecco Superiore Patrimonio Unesco, la domenica ideale per vivere una delle esperienze più autentiche del [&hellip;]" />
<meta property="og:url" content="https://www.lemanzane.com/en/papercigno/vendemmia-solidale-2021" />
<meta property="og:site_name" content="Le Manzane" />
<meta property="article:modified_time" content="2021-10-25T16:33:09+00:00" />
<meta property="og:image" content="https://www.lemanzane.com/wp-content/uploads/2021/10/Schermata-2021-09-15-alle-09.30.18-1024x678.png" />
	<meta property="og:image:width" content="1024" />
	<meta property="og:image:height" content="678" />
	<meta property="og:image:type" content="image/png" />
<meta name="twitter:card" content="summary_large_image" />
<meta name="twitter:label1" content="Est. reading time" />
	<meta name="twitter:data1" content="3 minutes" />
<script type="application/ld+json" class="yoast-schema-graph">{"@context":"https://schema.org","@graph":[{"@type":"WebPage","@id":"https://www.lemanzane.com/en/papercigno/vendemmia-solidale-2021","url":"https://www.lemanzane.com/en/papercigno/vendemmia-solidale-2021","name":"Vendemmia Solidale 2021 - Le Manzane","isPartOf":{"@id":"https://www.lemanzane.com/en#website"},"datePublished":"2021-10-25T13:38:05+00:00","dateModified":"2021-10-25T16:33:09+00:00","breadcrumb":{"@id":"https://www.lemanzane.com/en/papercigno/vendemmia-solidale-2021#breadcrumb"},"inLanguage":"en-US","potentialAction":[{"@type":"ReadAction","target":["https://www.lemanzane.com/en/papercigno/vendemmia-solidale-2021"]}]},{"@type":"BreadcrumbList","@id":"https://www.lemanzane.com/en/papercigno/vendemmia-solidale-2021#breadcrumb","itemListElement":[{"@type":"ListItem","position":1,"name":"Home","item":"https://www.lemanzane.com/en"},{"@type":"ListItem","position":2,"name":"Vendemmia Solidale 2021"}]},{"@type":"WebSite","@id":"https://www.lemanzane.com/en#website","url":"https://www.lemanzane.com/en","name":"Le Manzane","description":"Cantina a San Pietro di Feletto","potentialAction":[{"@type":"SearchAction","target":{"@type":"EntryPoint","urlTemplate":"https://www.lemanzane.com/en?s={search_term_string}"},"query-input":"required name=search_term_string"}],"inLanguage":"en-US"}]}</script>
<!-- / Yoast SEO plugin. -->

Anno 2021 nr 9 PaperCigno Solidale &nbsp; Cari amici Wine Lovers, avete saputo l’ultima? Domenica 12 Settembre a Le Manzane si è tenuta la 10ª edizione della Vendemmia Solidale. Una giornata baciata dal sole tra i filari delle Colline del Prosecco Superiore Patrimonio Unesco, la domenica ideale per vivere una delle esperienze più autentiche del [&hellip;]
