{"id":15980,"date":"2021-10-25T15:46:51","date_gmt":"2021-10-25T13:46:51","guid":{"rendered":"https:\/\/demo.wabi.it\/le-manzane?post_type=papercigno&#038;p=15980"},"modified":"2021-10-25T18:24:46","modified_gmt":"2021-10-25T16:24:46","slug":"questa-si-che-e-veramente-unottima-annata","status":"publish","type":"papercigno","link":"https:\/\/www.lemanzane.com\/en\/papercigno\/questa-si-che-e-veramente-unottima-annata","title":{"rendered":"Questa si che \u00e8 veramente un\u2019ottima annata"},"content":{"rendered":"<h3>Anno 2021 nr 10<\/h3>\n<h2><strong>PaperCigno Vignaiolo<\/strong><\/h2>\n<p>Cari Amici Wine lovers,<\/p>\n<p>scusate l\u2019assenza ma quando l\u2019<strong>uva<\/strong> chiama  PaperCigno risponde.<\/p>\n<p>Sono state settimane intense e faticose ma con grande piacere posso finalmente comunicarvi che \u00e8 terminato il periodo di <strong>Vendemmia<\/strong>, per lo meno qui nelle <strong>colline del Conegliano Valdobbiadene<\/strong>.<\/p>\n<p>Le prime impressioni?<\/p>\n<p>Senza alcun dubbio cari amici lettori posso affermarvi che: questa s\u00ec che \u00e8 veramente un\u2019<strong>ottima annata<\/strong>!<\/p>\n<p style=\"text-align: center;\"><img decoding=\"async\" loading=\"lazy\" class=\"alignright wp-image-15983\" src=\"https:\/\/demo.wabi.it\/le-manzane\/wp-content\/uploads\/2021\/10\/uva-papercigno_1-200x300.jpg\" alt=\"\" width=\"200\" height=\"300\" srcset=\"https:\/\/www.lemanzane.com\/wp-content\/uploads\/2021\/10\/uva-papercigno_1-200x300.jpg 200w, https:\/\/www.lemanzane.com\/wp-content\/uploads\/2021\/10\/uva-papercigno_1-scaled-1000x1500.jpg 1000w, https:\/\/www.lemanzane.com\/wp-content\/uploads\/2021\/10\/uva-papercigno_1-768x1152.jpg 768w, https:\/\/www.lemanzane.com\/wp-content\/uploads\/2021\/10\/uva-papercigno_1-683x1024.jpg 683w, https:\/\/www.lemanzane.com\/wp-content\/uploads\/2021\/10\/uva-papercigno_1-1024x1536.jpg 1024w, https:\/\/www.lemanzane.com\/wp-content\/uploads\/2021\/10\/uva-papercigno_1-1365x2048.jpg 1365w, https:\/\/www.lemanzane.com\/wp-content\/uploads\/2021\/10\/uva-papercigno_1-300x450.jpg 300w, https:\/\/www.lemanzane.com\/wp-content\/uploads\/2021\/10\/uva-papercigno_1-400x600.jpg 400w, https:\/\/www.lemanzane.com\/wp-content\/uploads\/2021\/10\/uva-papercigno_1-scaled-160x240.jpg 160w, https:\/\/www.lemanzane.com\/wp-content\/uploads\/2021\/10\/uva-papercigno_1-scaled.jpg 1707w\" sizes=\"(max-width: 200px) 100vw, 200px\" \/><img decoding=\"async\" loading=\"lazy\" class=\"alignright wp-image-15985\" src=\"https:\/\/demo.wabi.it\/le-manzane\/wp-content\/uploads\/2021\/10\/uva-papercigno-200x300.jpg\" alt=\"\" width=\"200\" height=\"300\" srcset=\"https:\/\/www.lemanzane.com\/wp-content\/uploads\/2021\/10\/uva-papercigno-200x300.jpg 200w, https:\/\/www.lemanzane.com\/wp-content\/uploads\/2021\/10\/uva-papercigno-scaled-1000x1500.jpg 1000w, https:\/\/www.lemanzane.com\/wp-content\/uploads\/2021\/10\/uva-papercigno-768x1152.jpg 768w, https:\/\/www.lemanzane.com\/wp-content\/uploads\/2021\/10\/uva-papercigno-683x1024.jpg 683w, https:\/\/www.lemanzane.com\/wp-content\/uploads\/2021\/10\/uva-papercigno-1024x1536.jpg 1024w, https:\/\/www.lemanzane.com\/wp-content\/uploads\/2021\/10\/uva-papercigno-1365x2048.jpg 1365w, https:\/\/www.lemanzane.com\/wp-content\/uploads\/2021\/10\/uva-papercigno-300x450.jpg 300w, https:\/\/www.lemanzane.com\/wp-content\/uploads\/2021\/10\/uva-papercigno-400x600.jpg 400w, https:\/\/www.lemanzane.com\/wp-content\/uploads\/2021\/10\/uva-papercigno-scaled-160x240.jpg 160w, https:\/\/www.lemanzane.com\/wp-content\/uploads\/2021\/10\/uva-papercigno-scaled.jpg 1707w\" sizes=\"(max-width: 200px) 100vw, 200px\" \/><\/p>\n<p style=\"text-align: left;\">Il <strong>2021<\/strong> sar\u00e0 sicuramente ricordato come un anno leggermente scarso ma<br \/>\nin compenso di <strong>ottima qualit\u00e0<\/strong>.<\/p>\n<p style=\"text-align: left;\">Lo stato sanitario delle uve e della vite erano ottimi!<\/p>\n<p style=\"text-align: left;\"><strong>Uva sana<\/strong> vuol dire <strong>vino sano<\/strong>; infatti i grappoli di <em>Glera<\/em> un p\u00f2 pi\u00f9 contenuti nelle dimensioni e non molto compatti rispetto agli anni precedenti, hanno facilitato una maturazione perfetta con degli equilibri analitici tra zuccheri e acidit\u00e0 pressoch\u00e9 perfetti!<\/p>\n<p style=\"text-align: left;\">Entrando nel dettaglio della raccolta dell\u2019<strong>uva<\/strong>, diversit\u00e0 nei tempi di maturazione e clemenza del meteo hanno permesso di raccogliere serenamente, diciamocelo, questo settembre \u00e8 stato fantastico infatti cogliere l\u2019uva nelle lunghe giornate assolate \u00e8 stato un vero piacere.<\/p>\n<p>Sono poi fortemente convinto che tutto questo si tradurr\u00e0 nel <strong>vino futuro<\/strong>, ma ne parleremo sicuramente pi\u00f9 avanti\u2026<\/p>\n<p>Ora \u00e8 arrivato il momento del lavoro in cantina, perci\u00f2 vi devo gi\u00e0 salutare, ma non temete presto arriveranno importanti <strong>aggiornamenti e novit\u00e0<\/strong>.<\/p>\n<p>Un caro saluto.<\/p>\n<p>&nbsp;<\/p>\n<p><strong><em>\u201cAgosto matura e settembre vendemmia\u201d<\/em><\/strong><\/p>\n<p>&nbsp;<\/p>\n","protected":false},"author":1,"featured_media":15981,"template":"","meta":{"inline_featured_image":false},"acf":[],"yoast_head":"<!-- This site is optimized with the Yoast SEO plugin v21.3 - https:\/\/yoast.com\/wordpress\/plugins\/seo\/ -->\n<title>Questa si che \u00e8 veramente un\u2019ottima annata - Le Manzane<\/title>\n<meta name=\"robots\" content=\"index, follow, max-snippet:-1, max-image-preview:large, max-video-preview:-1\" \/>\n<link rel=\"canonical\" href=\"https:\/\/www.lemanzane.com\/en\/papercigno\/questa-si-che-e-veramente-unottima-annata\" \/>\n<meta property=\"og:locale\" content=\"en_US\" \/>\n<meta property=\"og:type\" content=\"article\" \/>\n<meta property=\"og:title\" content=\"Questa si che \u00e8 veramente un\u2019ottima annata - Le Manzane\" \/>\n<meta property=\"og:description\" content=\"Anno 2021 nr 10 PaperCigno Vignaiolo Cari Amici Wine lovers, scusate l\u2019assenza ma quando l\u2019uva chiama PaperCigno risponde. Sono state settimane intense e faticose ma con grande piacere posso finalmente comunicarvi che \u00e8 terminato il periodo di Vendemmia, per lo meno qui nelle colline del Conegliano Valdobbiadene. Le prime impressioni? Senza alcun dubbio cari amici [&hellip;]\" \/>\n<meta property=\"og:url\" content=\"https:\/\/www.lemanzane.com\/en\/papercigno\/questa-si-che-e-veramente-unottima-annata\" \/>\n<meta property=\"og:site_name\" content=\"Le Manzane\" \/>\n<meta property=\"article:modified_time\" content=\"2021-10-25T16:24:46+00:00\" \/>\n<meta property=\"og:image\" content=\"https:\/\/www.lemanzane.com\/wp-content\/uploads\/2021\/10\/uva-papercigno_2-scaled.jpg\" \/>\n\t<meta property=\"og:image:width\" content=\"2560\" \/>\n\t<meta property=\"og:image:height\" content=\"1707\" \/>\n\t<meta property=\"og:image:type\" content=\"image\/jpeg\" \/>\n<meta name=\"twitter:card\" content=\"summary_large_image\" \/>\n<meta name=\"twitter:label1\" content=\"Est. reading time\" \/>\n\t<meta name=\"twitter:data1\" content=\"1 minute\" \/>\n<script type=\"application\/ld+json\" class=\"yoast-schema-graph\">{\"@context\":\"https:\/\/schema.org\",\"@graph\":[{\"@type\":\"WebPage\",\"@id\":\"https:\/\/www.lemanzane.com\/en\/papercigno\/questa-si-che-e-veramente-unottima-annata\",\"url\":\"https:\/\/www.lemanzane.com\/en\/papercigno\/questa-si-che-e-veramente-unottima-annata\",\"name\":\"Questa si che \u00e8 veramente un\u2019ottima annata - Le Manzane\",\"isPartOf\":{\"@id\":\"https:\/\/www.lemanzane.com\/en#website\"},\"datePublished\":\"2021-10-25T13:46:51+00:00\",\"dateModified\":\"2021-10-25T16:24:46+00:00\",\"breadcrumb\":{\"@id\":\"https:\/\/www.lemanzane.com\/en\/papercigno\/questa-si-che-e-veramente-unottima-annata#breadcrumb\"},\"inLanguage\":\"en-US\",\"potentialAction\":[{\"@type\":\"ReadAction\",\"target\":[\"https:\/\/www.lemanzane.com\/en\/papercigno\/questa-si-che-e-veramente-unottima-annata\"]}]},{\"@type\":\"BreadcrumbList\",\"@id\":\"https:\/\/www.lemanzane.com\/en\/papercigno\/questa-si-che-e-veramente-unottima-annata#breadcrumb\",\"itemListElement\":[{\"@type\":\"ListItem\",\"position\":1,\"name\":\"Home\",\"item\":\"https:\/\/www.lemanzane.com\/en\"},{\"@type\":\"ListItem\",\"position\":2,\"name\":\"Questa si che \u00e8 veramente un\u2019ottima annata\"}]},{\"@type\":\"WebSite\",\"@id\":\"https:\/\/www.lemanzane.com\/en#website\",\"url\":\"https:\/\/www.lemanzane.com\/en\",\"name\":\"Le Manzane\",\"description\":\"Cantina a San Pietro di Feletto\",\"potentialAction\":[{\"@type\":\"SearchAction\",\"target\":{\"@type\":\"EntryPoint\",\"urlTemplate\":\"https:\/\/www.lemanzane.com\/en?s={search_term_string}\"},\"query-input\":\"required name=search_term_string\"}],\"inLanguage\":\"en-US\"}]}<\/script>\n<!-- \/ Yoast SEO plugin. -->","yoast_head_json":{"title":"Questa si che \u00e8 veramente un\u2019ottima annata - Le Manzane","robots":{"index":"index","follow":"follow","max-snippet":"max-snippet:-1","max-image-preview":"max-image-preview:large","max-video-preview":"max-video-preview:-1"},"canonical":"https:\/\/www.lemanzane.com\/en\/papercigno\/questa-si-che-e-veramente-unottima-annata","og_locale":"en_US","og_type":"article","og_title":"Questa si che \u00e8 veramente un\u2019ottima annata - Le Manzane","og_description":"Anno 2021 nr 10 PaperCigno Vignaiolo Cari Amici Wine lovers, scusate l\u2019assenza ma quando l\u2019uva chiama PaperCigno risponde. Sono state settimane intense e faticose ma con grande piacere posso finalmente comunicarvi che \u00e8 terminato il periodo di Vendemmia, per lo meno qui nelle colline del Conegliano Valdobbiadene. Le prime impressioni? Senza alcun dubbio cari amici [&hellip;]","og_url":"https:\/\/www.lemanzane.com\/en\/papercigno\/questa-si-che-e-veramente-unottima-annata","og_site_name":"Le Manzane","article_modified_time":"2021-10-25T16:24:46+00:00","og_image":[{"width":2560,"height":1707,"url":"https:\/\/www.lemanzane.com\/wp-content\/uploads\/2021\/10\/uva-papercigno_2-scaled.jpg","type":"image\/jpeg"}],"twitter_card":"summary_large_image","twitter_misc":{"Est. reading time":"1 minute"},"schema":{"@context":"https:\/\/schema.org","@graph":[{"@type":"WebPage","@id":"https:\/\/www.lemanzane.com\/en\/papercigno\/questa-si-che-e-veramente-unottima-annata","url":"https:\/\/www.lemanzane.com\/en\/papercigno\/questa-si-che-e-veramente-unottima-annata","name":"Questa si che \u00e8 veramente un\u2019ottima annata - Le Manzane","isPartOf":{"@id":"https:\/\/www.lemanzane.com\/en#website"},"datePublished":"2021-10-25T13:46:51+00:00","dateModified":"2021-10-25T16:24:46+00:00","breadcrumb":{"@id":"https:\/\/www.lemanzane.com\/en\/papercigno\/questa-si-che-e-veramente-unottima-annata#breadcrumb"},"inLanguage":"en-US","potentialAction":[{"@type":"ReadAction","target":["https:\/\/www.lemanzane.com\/en\/papercigno\/questa-si-che-e-veramente-unottima-annata"]}]},{"@type":"BreadcrumbList","@id":"https:\/\/www.lemanzane.com\/en\/papercigno\/questa-si-che-e-veramente-unottima-annata#breadcrumb","itemListElement":[{"@type":"ListItem","position":1,"name":"Home","item":"https:\/\/www.lemanzane.com\/en"},{"@type":"ListItem","position":2,"name":"Questa si che \u00e8 veramente un\u2019ottima annata"}]},{"@type":"WebSite","@id":"https:\/\/www.lemanzane.com\/en#website","url":"https:\/\/www.lemanzane.com\/en","name":"Le Manzane","description":"Cantina a San Pietro di Feletto","potentialAction":[{"@type":"SearchAction","target":{"@type":"EntryPoint","urlTemplate":"https:\/\/www.lemanzane.com\/en?s={search_term_string}"},"query-input":"required name=search_term_string"}],"inLanguage":"en-US"}]}},"_links":{"self":[{"href":"https:\/\/www.lemanzane.com\/en\/wp-json\/wp\/v2\/papercigno\/15980"}],"collection":[{"href":"https:\/\/www.lemanzane.com\/en\/wp-json\/wp\/v2\/papercigno"}],"about":[{"href":"https:\/\/www.lemanzane.com\/en\/wp-json\/wp\/v2\/types\/papercigno"}],"author":[{"embeddable":true,"href":"https:\/\/www.lemanzane.com\/en\/wp-json\/wp\/v2\/users\/1"}],"version-history":[{"count":3,"href":"https:\/\/www.lemanzane.com\/en\/wp-json\/wp\/v2\/papercigno\/15980\/revisions"}],"predecessor-version":[{"id":16003,"href":"https:\/\/www.lemanzane.com\/en\/wp-json\/wp\/v2\/papercigno\/15980\/revisions\/16003"}],"wp:featuredmedia":[{"embeddable":true,"href":"https:\/\/www.lemanzane.com\/en\/wp-json\/wp\/v2\/media\/15981"}],"wp:attachment":[{"href":"https:\/\/www.lemanzane.com\/en\/wp-json\/wp\/v2\/media?parent=15980"}],"curies":[{"name":"wp","href":"https:\/\/api.w.org\/{rel}","templated":true}]}}

Questa si che è veramente un’ottima annata

<h3>Anno 2021 nr 10</h3>
<h2><strong>PaperCigno Vignaiolo</strong></h2>
<p>Cari Amici Wine lovers,</p>
<p>scusate l’assenza ma quando l’<strong>uva</strong> chiama  PaperCigno risponde.</p>
<p>Sono state settimane intense e faticose ma con grande piacere posso finalmente comunicarvi che è terminato il periodo di <strong>Vendemmia</strong>, per lo meno qui nelle <strong>colline del Conegliano Valdobbiadene</strong>.</p>
<p>Le prime impressioni?</p>
<p>Senza alcun dubbio cari amici lettori posso affermarvi che: questa sì che è veramente un’<strong>ottima annata</strong>!</p>
<p style="text-align: center;"><img decoding="async" loading="lazy" class="alignright wp-image-15983" src="https://demo.wabi.it/le-manzane/wp-content/uploads/2021/10/uva-papercigno_1-200x300.jpg" alt="" width="200" height="300" srcset="https://www.lemanzane.com/wp-content/uploads/2021/10/uva-papercigno_1-200x300.jpg 200w, https://www.lemanzane.com/wp-content/uploads/2021/10/uva-papercigno_1-scaled-1000x1500.jpg 1000w, https://www.lemanzane.com/wp-content/uploads/2021/10/uva-papercigno_1-768x1152.jpg 768w, https://www.lemanzane.com/wp-content/uploads/2021/10/uva-papercigno_1-683x1024.jpg 683w, https://www.lemanzane.com/wp-content/uploads/2021/10/uva-papercigno_1-1024x1536.jpg 1024w, https://www.lemanzane.com/wp-content/uploads/2021/10/uva-papercigno_1-1365x2048.jpg 1365w, https://www.lemanzane.com/wp-content/uploads/2021/10/uva-papercigno_1-300x450.jpg 300w, https://www.lemanzane.com/wp-content/uploads/2021/10/uva-papercigno_1-400x600.jpg 400w, https://www.lemanzane.com/wp-content/uploads/2021/10/uva-papercigno_1-scaled-160x240.jpg 160w, https://www.lemanzane.com/wp-content/uploads/2021/10/uva-papercigno_1-scaled.jpg 1707w" sizes="(max-width: 200px) 100vw, 200px" /><img decoding="async" loading="lazy" class="alignright wp-image-15985" src="https://demo.wabi.it/le-manzane/wp-content/uploads/2021/10/uva-papercigno-200x300.jpg" alt="" width="200" height="300" srcset="https://www.lemanzane.com/wp-content/uploads/2021/10/uva-papercigno-200x300.jpg 200w, https://www.lemanzane.com/wp-content/uploads/2021/10/uva-papercigno-scaled-1000x1500.jpg 1000w, https://www.lemanzane.com/wp-content/uploads/2021/10/uva-papercigno-768x1152.jpg 768w, https://www.lemanzane.com/wp-content/uploads/2021/10/uva-papercigno-683x1024.jpg 683w, https://www.lemanzane.com/wp-content/uploads/2021/10/uva-papercigno-1024x1536.jpg 1024w, https://www.lemanzane.com/wp-content/uploads/2021/10/uva-papercigno-1365x2048.jpg 1365w, https://www.lemanzane.com/wp-content/uploads/2021/10/uva-papercigno-300x450.jpg 300w, https://www.lemanzane.com/wp-content/uploads/2021/10/uva-papercigno-400x600.jpg 400w, https://www.lemanzane.com/wp-content/uploads/2021/10/uva-papercigno-scaled-160x240.jpg 160w, https://www.lemanzane.com/wp-content/uploads/2021/10/uva-papercigno-scaled.jpg 1707w" sizes="(max-width: 200px) 100vw, 200px" /></p>
<p style="text-align: left;">Il <strong>2021</strong> sarà sicuramente ricordato come un anno leggermente scarso ma<br />
in compenso di <strong>ottima qualità</strong>.</p>
<p style="text-align: left;">Lo stato sanitario delle uve e della vite erano ottimi!</p>
<p style="text-align: left;"><strong>Uva sana</strong> vuol dire <strong>vino sano</strong>; infatti i grappoli di <em>Glera</em> un pò più contenuti nelle dimensioni e non molto compatti rispetto agli anni precedenti, hanno facilitato una maturazione perfetta con degli equilibri analitici tra zuccheri e acidità pressoché perfetti!</p>
<p style="text-align: left;">Entrando nel dettaglio della raccolta dell’<strong>uva</strong>, diversità nei tempi di maturazione e clemenza del meteo hanno permesso di raccogliere serenamente, diciamocelo, questo settembre è stato fantastico infatti cogliere l’uva nelle lunghe giornate assolate è stato un vero piacere.</p>
<p>Sono poi fortemente convinto che tutto questo si tradurrà nel <strong>vino futuro</strong>, ma ne parleremo sicuramente più avanti…</p>
<p>Ora è arrivato il momento del lavoro in cantina, perciò vi devo già salutare, ma non temete presto arriveranno importanti <strong>aggiornamenti e novità</strong>.</p>
<p>Un caro saluto.</p>
<p>&nbsp;</p>
<p><strong><em>“Agosto matura e settembre vendemmia”</em></strong></p>
<p>&nbsp;</p>

<!-- This site is optimized with the Yoast SEO plugin v21.3 - https://yoast.com/wordpress/plugins/seo/ -->
<title>Questa si che è veramente un’ottima annata - Le Manzane</title>
<meta name="robots" content="index, follow, max-snippet:-1, max-image-preview:large, max-video-preview:-1" />
<link rel="canonical" href="https://www.lemanzane.com/en/papercigno/questa-si-che-e-veramente-unottima-annata" />
<meta property="og:locale" content="en_US" />
<meta property="og:type" content="article" />
<meta property="og:title" content="Questa si che è veramente un’ottima annata - Le Manzane" />
<meta property="og:description" content="Anno 2021 nr 10 PaperCigno Vignaiolo Cari Amici Wine lovers, scusate l’assenza ma quando l’uva chiama PaperCigno risponde. Sono state settimane intense e faticose ma con grande piacere posso finalmente comunicarvi che è terminato il periodo di Vendemmia, per lo meno qui nelle colline del Conegliano Valdobbiadene. Le prime impressioni? Senza alcun dubbio cari amici [&hellip;]" />
<meta property="og:url" content="https://www.lemanzane.com/en/papercigno/questa-si-che-e-veramente-unottima-annata" />
<meta property="og:site_name" content="Le Manzane" />
<meta property="article:modified_time" content="2021-10-25T16:24:46+00:00" />
<meta property="og:image" content="https://www.lemanzane.com/wp-content/uploads/2021/10/uva-papercigno_2-scaled.jpg" />
	<meta property="og:image:width" content="2560" />
	<meta property="og:image:height" content="1707" />
	<meta property="og:image:type" content="image/jpeg" />
<meta name="twitter:card" content="summary_large_image" />
<meta name="twitter:label1" content="Est. reading time" />
	<meta name="twitter:data1" content="1 minute" />
<script type="application/ld+json" class="yoast-schema-graph">{"@context":"https://schema.org","@graph":[{"@type":"WebPage","@id":"https://www.lemanzane.com/en/papercigno/questa-si-che-e-veramente-unottima-annata","url":"https://www.lemanzane.com/en/papercigno/questa-si-che-e-veramente-unottima-annata","name":"Questa si che è veramente un’ottima annata - Le Manzane","isPartOf":{"@id":"https://www.lemanzane.com/en#website"},"datePublished":"2021-10-25T13:46:51+00:00","dateModified":"2021-10-25T16:24:46+00:00","breadcrumb":{"@id":"https://www.lemanzane.com/en/papercigno/questa-si-che-e-veramente-unottima-annata#breadcrumb"},"inLanguage":"en-US","potentialAction":[{"@type":"ReadAction","target":["https://www.lemanzane.com/en/papercigno/questa-si-che-e-veramente-unottima-annata"]}]},{"@type":"BreadcrumbList","@id":"https://www.lemanzane.com/en/papercigno/questa-si-che-e-veramente-unottima-annata#breadcrumb","itemListElement":[{"@type":"ListItem","position":1,"name":"Home","item":"https://www.lemanzane.com/en"},{"@type":"ListItem","position":2,"name":"Questa si che è veramente un’ottima annata"}]},{"@type":"WebSite","@id":"https://www.lemanzane.com/en#website","url":"https://www.lemanzane.com/en","name":"Le Manzane","description":"Cantina a San Pietro di Feletto","potentialAction":[{"@type":"SearchAction","target":{"@type":"EntryPoint","urlTemplate":"https://www.lemanzane.com/en?s={search_term_string}"},"query-input":"required name=search_term_string"}],"inLanguage":"en-US"}]}</script>
<!-- / Yoast SEO plugin. -->

Questa si che è veramente un’ottima annata - Le Manzane

Anno 2021 nr 10 PaperCigno Vignaiolo Cari Amici Wine lovers, scusate l’assenza ma quando l’uva chiama PaperCigno risponde. Sono state settimane intense e faticose ma con grande piacere posso finalmente comunicarvi che è terminato il periodo di Vendemmia, per lo meno qui nelle colline del Conegliano Valdobbiadene. Le prime impressioni? Senza alcun dubbio cari amici [&hellip;]
