{"id":17188,"date":"2022-10-17T11:27:54","date_gmt":"2022-10-17T09:27:54","guid":{"rendered":"https:\/\/www.lemanzane.com\/?post_type=papercigno&#038;p=17188"},"modified":"2022-10-17T11:27:54","modified_gmt":"2022-10-17T09:27:54","slug":"vendemmia-solidale-2022","status":"publish","type":"papercigno","link":"https:\/\/www.lemanzane.com\/en\/papercigno\/vendemmia-solidale-2022","title":{"rendered":"Vendemmia Solidale 2022"},"content":{"rendered":"<h3>Anno 2022 nr 6<\/h3>\n<h2>PaperCigno Solidale<\/h2>\n<p>&nbsp;<\/p>\n<p><strong>Domenica 11 settembre<\/strong> a Le Manzane si \u00e8 tenuta l\u2019ormai tradizionale giornata della\u00a0<strong>\u201cVendemmia Solidale &#8211; Festa e beneficenza nella Terra del Prosecco Superiore\u201d<\/strong>.<\/p>\n<p>\u00c8 stato <strong>un giorno di festa all\u2019insegna del sole, della compagnia e di tanti sorrisi<\/strong>: gli ingredienti perfetti per rivivere il rito della vendemmia immersi tra le Colline del Prosecco Superiore di San Pietro di Feletto.<\/p>\n<p>&nbsp;<\/p>\n<p><strong><img decoding=\"async\" loading=\"lazy\" class=\"alignleft wp-image-17202\" src=\"https:\/\/www.lemanzane.com\/wp-content\/uploads\/2022\/10\/interno-3-300x199.png\" alt=\"\" width=\"391\" height=\"259\" srcset=\"https:\/\/www.lemanzane.com\/wp-content\/uploads\/2022\/10\/interno-3-300x199.png 300w, https:\/\/www.lemanzane.com\/wp-content\/uploads\/2022\/10\/interno-3-768x509.png 768w, https:\/\/www.lemanzane.com\/wp-content\/uploads\/2022\/10\/interno-3-400x265.png 400w, https:\/\/www.lemanzane.com\/wp-content\/uploads\/2022\/10\/interno-3-362x240.png 362w, https:\/\/www.lemanzane.com\/wp-content\/uploads\/2022\/10\/interno-3.png 1000w\" sizes=\"(max-width: 391px) 100vw, 391px\" \/><\/strong><\/p>\n<p><strong>Questa 11esima edizione \u00e8 stata organizzata in favore della sezione Treviso degli amici dell\u2019ENPA<\/strong> (Ente Nazionale Protezione Animali), e servir\u00e0 a finanziare l\u2019acquisto della strumentazione diagnostica del nuovo ambulatorio sociale di Ponzano Veneto. I servizi erogati dalla struttura saranno destinati agli amici a quattro zampe delle persone meno abbienti.<\/p>\n<p>&nbsp;<\/p>\n<p><img decoding=\"async\" loading=\"lazy\" class=\"alignright wp-image-17196\" src=\"https:\/\/www.lemanzane.com\/wp-content\/uploads\/2022\/10\/interno.png\" alt=\"\" width=\"391\" height=\"259\" srcset=\"https:\/\/www.lemanzane.com\/wp-content\/uploads\/2022\/10\/interno.png 1000w, https:\/\/www.lemanzane.com\/wp-content\/uploads\/2022\/10\/interno-300x199.png 300w, https:\/\/www.lemanzane.com\/wp-content\/uploads\/2022\/10\/interno-768x509.png 768w, https:\/\/www.lemanzane.com\/wp-content\/uploads\/2022\/10\/interno-400x265.png 400w, https:\/\/www.lemanzane.com\/wp-content\/uploads\/2022\/10\/interno-362x240.png 362w\" sizes=\"(max-width: 391px) 100vw, 391px\" \/><\/p>\n<p>La giornata \u00e8 iniziata nel migliore dei modi: un buon caff\u00e8 di benvenuto offerto da Dersut Caff\u00e8 e poi via tra i filari a raccogliere splendidi grappoli d\u2019uva insieme ai simpatici quadrupedi dell\u2019ENPA che hanno allietato l\u2019evento, facendoci compagnia su e gi\u00f9 per le colline.<\/p>\n<p>&nbsp;<\/p>\n<p>&nbsp;<\/p>\n<p>La manifestazione \u00e8 proseguita poi con una visita guidata alle cantine, momenti di intrattenimento organizzati dagli educatori dell\u2019ENPA e musica live con la Magirus Band e Alberto Ceschin. Non \u00e8 mancato l\u2019aperitivo\u00a0con il nostro Prosecco Superiore DOCG e\u00a0il finger food\u00a0di Ca\u2019\u00a0del Poggio\u2026 e si \u00e8 svolta anche una gara divertentissima: \u201cNegroni vs Negroni sbagliato\u201d!<\/p>\n<p><strong>Il coronamento della giornata? Il pranzo in caneva<\/strong> con dolce finale offerto dalla pasticceria Alpago di Conegliano! Un modo dolcissimo per stare tutti in compagnia, godendoci la giornata di sole e il profumo di mosto nell\u2019aria.<\/p>\n<p>&nbsp;<\/p>\n<p><strong><img decoding=\"async\" loading=\"lazy\" class=\"alignleft wp-image-17207\" src=\"https:\/\/www.lemanzane.com\/wp-content\/uploads\/2022\/10\/interno-2-300x199.png\" alt=\"\" width=\"391\" height=\"259\" srcset=\"https:\/\/www.lemanzane.com\/wp-content\/uploads\/2022\/10\/interno-2-300x199.png 300w, https:\/\/www.lemanzane.com\/wp-content\/uploads\/2022\/10\/interno-2-768x509.png 768w, https:\/\/www.lemanzane.com\/wp-content\/uploads\/2022\/10\/interno-2-400x265.png 400w, https:\/\/www.lemanzane.com\/wp-content\/uploads\/2022\/10\/interno-2-362x240.png 362w, https:\/\/www.lemanzane.com\/wp-content\/uploads\/2022\/10\/interno-2.png 1000w\" sizes=\"(max-width: 391px) 100vw, 391px\" \/>\u00c8 stata una manifestazione davvero speciale, che ricorderemo anche per la gentile partecipazione di oltre 500 persone!<\/strong> Amiche e amici che hanno voluto dedicare il loro tempo alla raccolta fondi per l\u2019ENPA. Tra di loro, insieme alla famiglia Balbinot, c\u2019erano Sammy Basso, Tiziano Pasquali della Benetton Rugby, l\u2019influencer Nicola Canal e il governatore del Veneto Luca Zaia.<\/p>\n<p>&nbsp;<\/p>\n<p>Grazie a tutti!<\/p>\n","protected":false},"author":3,"featured_media":17190,"template":"","meta":{"inline_featured_image":false},"acf":[],"yoast_head":"<!-- This site is optimized with the Yoast SEO plugin v21.3 - https:\/\/yoast.com\/wordpress\/plugins\/seo\/ -->\n<title>Vendemmia Solidale 2022 - Le Manzane<\/title>\n<meta name=\"description\" content=\"Domenica 11 settembre a Le Manzane si \u00e8 tenuta l\u201911 ed. della\u00a0\u201cVendemmia Solidale - Festa e beneficenza nella Terra del Prosecco Superiore\u201d.\" \/>\n<meta name=\"robots\" content=\"index, follow, max-snippet:-1, max-image-preview:large, max-video-preview:-1\" \/>\n<link rel=\"canonical\" href=\"https:\/\/www.lemanzane.com\/en\/papercigno\/vendemmia-solidale-2022\" \/>\n<meta property=\"og:locale\" content=\"en_US\" \/>\n<meta property=\"og:type\" content=\"article\" \/>\n<meta property=\"og:title\" content=\"Vendemmia Solidale 2022 - Le Manzane\" \/>\n<meta property=\"og:description\" content=\"Domenica 11 settembre a Le Manzane si \u00e8 tenuta l\u201911 ed. della\u00a0\u201cVendemmia Solidale - Festa e beneficenza nella Terra del Prosecco Superiore\u201d.\" \/>\n<meta property=\"og:url\" content=\"https:\/\/www.lemanzane.com\/en\/papercigno\/vendemmia-solidale-2022\" \/>\n<meta property=\"og:site_name\" content=\"Le Manzane\" \/>\n<meta property=\"og:image\" content=\"https:\/\/www.lemanzane.com\/wp-content\/uploads\/2022\/10\/copertina-1024x678.png\" \/>\n\t<meta property=\"og:image:width\" content=\"1024\" \/>\n\t<meta property=\"og:image:height\" content=\"678\" \/>\n\t<meta property=\"og:image:type\" content=\"image\/png\" \/>\n<meta name=\"twitter:card\" content=\"summary_large_image\" \/>\n<meta name=\"twitter:label1\" content=\"Est. reading time\" \/>\n\t<meta name=\"twitter:data1\" content=\"2 minutes\" \/>\n<script type=\"application\/ld+json\" class=\"yoast-schema-graph\">{\"@context\":\"https:\/\/schema.org\",\"@graph\":[{\"@type\":\"WebPage\",\"@id\":\"https:\/\/www.lemanzane.com\/en\/papercigno\/vendemmia-solidale-2022\",\"url\":\"https:\/\/www.lemanzane.com\/en\/papercigno\/vendemmia-solidale-2022\",\"name\":\"Vendemmia Solidale 2022 - Le Manzane\",\"isPartOf\":{\"@id\":\"https:\/\/www.lemanzane.com\/en#website\"},\"datePublished\":\"2022-10-17T09:27:54+00:00\",\"dateModified\":\"2022-10-17T09:27:54+00:00\",\"description\":\"Domenica 11 settembre a Le Manzane si \u00e8 tenuta l\u201911 ed. della\u00a0\u201cVendemmia Solidale - Festa e beneficenza nella Terra del Prosecco Superiore\u201d.\",\"breadcrumb\":{\"@id\":\"https:\/\/www.lemanzane.com\/en\/papercigno\/vendemmia-solidale-2022#breadcrumb\"},\"inLanguage\":\"en-US\",\"potentialAction\":[{\"@type\":\"ReadAction\",\"target\":[\"https:\/\/www.lemanzane.com\/en\/papercigno\/vendemmia-solidale-2022\"]}]},{\"@type\":\"BreadcrumbList\",\"@id\":\"https:\/\/www.lemanzane.com\/en\/papercigno\/vendemmia-solidale-2022#breadcrumb\",\"itemListElement\":[{\"@type\":\"ListItem\",\"position\":1,\"name\":\"Home\",\"item\":\"https:\/\/www.lemanzane.com\/en\"},{\"@type\":\"ListItem\",\"position\":2,\"name\":\"Vendemmia Solidale 2022\"}]},{\"@type\":\"WebSite\",\"@id\":\"https:\/\/www.lemanzane.com\/en#website\",\"url\":\"https:\/\/www.lemanzane.com\/en\",\"name\":\"Le Manzane\",\"description\":\"Cantina a San Pietro di Feletto\",\"potentialAction\":[{\"@type\":\"SearchAction\",\"target\":{\"@type\":\"EntryPoint\",\"urlTemplate\":\"https:\/\/www.lemanzane.com\/en?s={search_term_string}\"},\"query-input\":\"required name=search_term_string\"}],\"inLanguage\":\"en-US\"}]}<\/script>\n<!-- \/ Yoast SEO plugin. -->","yoast_head_json":{"title":"Vendemmia Solidale 2022 - Le Manzane","description":"Domenica 11 settembre a Le Manzane si \u00e8 tenuta l\u201911 ed. della\u00a0\u201cVendemmia Solidale - Festa e beneficenza nella Terra del Prosecco Superiore\u201d.","robots":{"index":"index","follow":"follow","max-snippet":"max-snippet:-1","max-image-preview":"max-image-preview:large","max-video-preview":"max-video-preview:-1"},"canonical":"https:\/\/www.lemanzane.com\/en\/papercigno\/vendemmia-solidale-2022","og_locale":"en_US","og_type":"article","og_title":"Vendemmia Solidale 2022 - Le Manzane","og_description":"Domenica 11 settembre a Le Manzane si \u00e8 tenuta l\u201911 ed. della\u00a0\u201cVendemmia Solidale - Festa e beneficenza nella Terra del Prosecco Superiore\u201d.","og_url":"https:\/\/www.lemanzane.com\/en\/papercigno\/vendemmia-solidale-2022","og_site_name":"Le Manzane","og_image":[{"width":1024,"height":678,"url":"https:\/\/www.lemanzane.com\/wp-content\/uploads\/2022\/10\/copertina-1024x678.png","type":"image\/png"}],"twitter_card":"summary_large_image","twitter_misc":{"Est. reading time":"2 minutes"},"schema":{"@context":"https:\/\/schema.org","@graph":[{"@type":"WebPage","@id":"https:\/\/www.lemanzane.com\/en\/papercigno\/vendemmia-solidale-2022","url":"https:\/\/www.lemanzane.com\/en\/papercigno\/vendemmia-solidale-2022","name":"Vendemmia Solidale 2022 - Le Manzane","isPartOf":{"@id":"https:\/\/www.lemanzane.com\/en#website"},"datePublished":"2022-10-17T09:27:54+00:00","dateModified":"2022-10-17T09:27:54+00:00","description":"Domenica 11 settembre a Le Manzane si \u00e8 tenuta l\u201911 ed. della\u00a0\u201cVendemmia Solidale - Festa e beneficenza nella Terra del Prosecco Superiore\u201d.","breadcrumb":{"@id":"https:\/\/www.lemanzane.com\/en\/papercigno\/vendemmia-solidale-2022#breadcrumb"},"inLanguage":"en-US","potentialAction":[{"@type":"ReadAction","target":["https:\/\/www.lemanzane.com\/en\/papercigno\/vendemmia-solidale-2022"]}]},{"@type":"BreadcrumbList","@id":"https:\/\/www.lemanzane.com\/en\/papercigno\/vendemmia-solidale-2022#breadcrumb","itemListElement":[{"@type":"ListItem","position":1,"name":"Home","item":"https:\/\/www.lemanzane.com\/en"},{"@type":"ListItem","position":2,"name":"Vendemmia Solidale 2022"}]},{"@type":"WebSite","@id":"https:\/\/www.lemanzane.com\/en#website","url":"https:\/\/www.lemanzane.com\/en","name":"Le Manzane","description":"Cantina a San Pietro di Feletto","potentialAction":[{"@type":"SearchAction","target":{"@type":"EntryPoint","urlTemplate":"https:\/\/www.lemanzane.com\/en?s={search_term_string}"},"query-input":"required name=search_term_string"}],"inLanguage":"en-US"}]}},"_links":{"self":[{"href":"https:\/\/www.lemanzane.com\/en\/wp-json\/wp\/v2\/papercigno\/17188"}],"collection":[{"href":"https:\/\/www.lemanzane.com\/en\/wp-json\/wp\/v2\/papercigno"}],"about":[{"href":"https:\/\/www.lemanzane.com\/en\/wp-json\/wp\/v2\/types\/papercigno"}],"author":[{"embeddable":true,"href":"https:\/\/www.lemanzane.com\/en\/wp-json\/wp\/v2\/users\/3"}],"version-history":[{"count":19,"href":"https:\/\/www.lemanzane.com\/en\/wp-json\/wp\/v2\/papercigno\/17188\/revisions"}],"predecessor-version":[{"id":17216,"href":"https:\/\/www.lemanzane.com\/en\/wp-json\/wp\/v2\/papercigno\/17188\/revisions\/17216"}],"wp:featuredmedia":[{"embeddable":true,"href":"https:\/\/www.lemanzane.com\/en\/wp-json\/wp\/v2\/media\/17190"}],"wp:attachment":[{"href":"https:\/\/www.lemanzane.com\/en\/wp-json\/wp\/v2\/media?parent=17188"}],"curies":[{"name":"wp","href":"https:\/\/api.w.org\/{rel}","templated":true}]}}

<h3>Anno 2022 nr 6</h3>
<h2>PaperCigno Solidale</h2>
<p>&nbsp;</p>
<p><strong>Domenica 11 settembre</strong> a Le Manzane si è tenuta l’ormai tradizionale giornata della <strong>“Vendemmia Solidale &#8211; Festa e beneficenza nella Terra del Prosecco Superiore”</strong>.</p>
<p>È stato <strong>un giorno di festa all’insegna del sole, della compagnia e di tanti sorrisi</strong>: gli ingredienti perfetti per rivivere il rito della vendemmia immersi tra le Colline del Prosecco Superiore di San Pietro di Feletto.</p>
<p>&nbsp;</p>
<p><strong><img decoding="async" loading="lazy" class="alignleft wp-image-17202" src="https://www.lemanzane.com/wp-content/uploads/2022/10/interno-3-300x199.png" alt="" width="391" height="259" srcset="https://www.lemanzane.com/wp-content/uploads/2022/10/interno-3-300x199.png 300w, https://www.lemanzane.com/wp-content/uploads/2022/10/interno-3-768x509.png 768w, https://www.lemanzane.com/wp-content/uploads/2022/10/interno-3-400x265.png 400w, https://www.lemanzane.com/wp-content/uploads/2022/10/interno-3-362x240.png 362w, https://www.lemanzane.com/wp-content/uploads/2022/10/interno-3.png 1000w" sizes="(max-width: 391px) 100vw, 391px" /></strong></p>
<p><strong>Questa 11esima edizione è stata organizzata in favore della sezione Treviso degli amici dell’ENPA</strong> (Ente Nazionale Protezione Animali), e servirà a finanziare l’acquisto della strumentazione diagnostica del nuovo ambulatorio sociale di Ponzano Veneto. I servizi erogati dalla struttura saranno destinati agli amici a quattro zampe delle persone meno abbienti.</p>
<p>&nbsp;</p>
<p><img decoding="async" loading="lazy" class="alignright wp-image-17196" src="https://www.lemanzane.com/wp-content/uploads/2022/10/interno.png" alt="" width="391" height="259" srcset="https://www.lemanzane.com/wp-content/uploads/2022/10/interno.png 1000w, https://www.lemanzane.com/wp-content/uploads/2022/10/interno-300x199.png 300w, https://www.lemanzane.com/wp-content/uploads/2022/10/interno-768x509.png 768w, https://www.lemanzane.com/wp-content/uploads/2022/10/interno-400x265.png 400w, https://www.lemanzane.com/wp-content/uploads/2022/10/interno-362x240.png 362w" sizes="(max-width: 391px) 100vw, 391px" /></p>
<p>La giornata è iniziata nel migliore dei modi: un buon caffè di benvenuto offerto da Dersut Caffè e poi via tra i filari a raccogliere splendidi grappoli d’uva insieme ai simpatici quadrupedi dell’ENPA che hanno allietato l’evento, facendoci compagnia su e giù per le colline.</p>
<p>&nbsp;</p>
<p>&nbsp;</p>
<p>La manifestazione è proseguita poi con una visita guidata alle cantine, momenti di intrattenimento organizzati dagli educatori dell’ENPA e musica live con la Magirus Band e Alberto Ceschin. Non è mancato l’aperitivo con il nostro Prosecco Superiore DOCG e il finger food di Ca’ del Poggio… e si è svolta anche una gara divertentissima: “Negroni vs Negroni sbagliato”!</p>
<p><strong>Il coronamento della giornata? Il pranzo in caneva</strong> con dolce finale offerto dalla pasticceria Alpago di Conegliano! Un modo dolcissimo per stare tutti in compagnia, godendoci la giornata di sole e il profumo di mosto nell’aria.</p>
<p>&nbsp;</p>
<p><strong><img decoding="async" loading="lazy" class="alignleft wp-image-17207" src="https://www.lemanzane.com/wp-content/uploads/2022/10/interno-2-300x199.png" alt="" width="391" height="259" srcset="https://www.lemanzane.com/wp-content/uploads/2022/10/interno-2-300x199.png 300w, https://www.lemanzane.com/wp-content/uploads/2022/10/interno-2-768x509.png 768w, https://www.lemanzane.com/wp-content/uploads/2022/10/interno-2-400x265.png 400w, https://www.lemanzane.com/wp-content/uploads/2022/10/interno-2-362x240.png 362w, https://www.lemanzane.com/wp-content/uploads/2022/10/interno-2.png 1000w" sizes="(max-width: 391px) 100vw, 391px" />È stata una manifestazione davvero speciale, che ricorderemo anche per la gentile partecipazione di oltre 500 persone!</strong> Amiche e amici che hanno voluto dedicare il loro tempo alla raccolta fondi per l’ENPA. Tra di loro, insieme alla famiglia Balbinot, c’erano Sammy Basso, Tiziano Pasquali della Benetton Rugby, l’influencer Nicola Canal e il governatore del Veneto Luca Zaia.</p>
<p>&nbsp;</p>
<p>Grazie a tutti!</p>

<!-- This site is optimized with the Yoast SEO plugin v21.3 - https://yoast.com/wordpress/plugins/seo/ -->
<title>Vendemmia Solidale 2022 - Le Manzane</title>
<meta name="description" content="Domenica 11 settembre a Le Manzane si è tenuta l’11 ed. della “Vendemmia Solidale - Festa e beneficenza nella Terra del Prosecco Superiore”." />
<meta name="robots" content="index, follow, max-snippet:-1, max-image-preview:large, max-video-preview:-1" />
<link rel="canonical" href="https://www.lemanzane.com/en/papercigno/vendemmia-solidale-2022" />
<meta property="og:locale" content="en_US" />
<meta property="og:type" content="article" />
<meta property="og:title" content="Vendemmia Solidale 2022 - Le Manzane" />
<meta property="og:description" content="Domenica 11 settembre a Le Manzane si è tenuta l’11 ed. della “Vendemmia Solidale - Festa e beneficenza nella Terra del Prosecco Superiore”." />
<meta property="og:url" content="https://www.lemanzane.com/en/papercigno/vendemmia-solidale-2022" />
<meta property="og:site_name" content="Le Manzane" />
<meta property="og:image" content="https://www.lemanzane.com/wp-content/uploads/2022/10/copertina-1024x678.png" />
	<meta property="og:image:width" content="1024" />
	<meta property="og:image:height" content="678" />
	<meta property="og:image:type" content="image/png" />
<meta name="twitter:card" content="summary_large_image" />
<meta name="twitter:label1" content="Est. reading time" />
	<meta name="twitter:data1" content="2 minutes" />
<script type="application/ld+json" class="yoast-schema-graph">{"@context":"https://schema.org","@graph":[{"@type":"WebPage","@id":"https://www.lemanzane.com/en/papercigno/vendemmia-solidale-2022","url":"https://www.lemanzane.com/en/papercigno/vendemmia-solidale-2022","name":"Vendemmia Solidale 2022 - Le Manzane","isPartOf":{"@id":"https://www.lemanzane.com/en#website"},"datePublished":"2022-10-17T09:27:54+00:00","dateModified":"2022-10-17T09:27:54+00:00","description":"Domenica 11 settembre a Le Manzane si è tenuta l’11 ed. della “Vendemmia Solidale - Festa e beneficenza nella Terra del Prosecco Superiore”.","breadcrumb":{"@id":"https://www.lemanzane.com/en/papercigno/vendemmia-solidale-2022#breadcrumb"},"inLanguage":"en-US","potentialAction":[{"@type":"ReadAction","target":["https://www.lemanzane.com/en/papercigno/vendemmia-solidale-2022"]}]},{"@type":"BreadcrumbList","@id":"https://www.lemanzane.com/en/papercigno/vendemmia-solidale-2022#breadcrumb","itemListElement":[{"@type":"ListItem","position":1,"name":"Home","item":"https://www.lemanzane.com/en"},{"@type":"ListItem","position":2,"name":"Vendemmia Solidale 2022"}]},{"@type":"WebSite","@id":"https://www.lemanzane.com/en#website","url":"https://www.lemanzane.com/en","name":"Le Manzane","description":"Cantina a San Pietro di Feletto","potentialAction":[{"@type":"SearchAction","target":{"@type":"EntryPoint","urlTemplate":"https://www.lemanzane.com/en?s={search_term_string}"},"query-input":"required name=search_term_string"}],"inLanguage":"en-US"}]}</script>
<!-- / Yoast SEO plugin. -->

Domenica 11 settembre a Le Manzane si è tenuta l’11 ed. della “Vendemmia Solidale - Festa e beneficenza nella Terra del Prosecco Superiore”.
