{"id":19141,"date":"2025-01-20T16:52:57","date_gmt":"2025-01-20T15:52:57","guid":{"rendered":"https:\/\/www.lemanzane.com\/?post_type=papercigno&#038;p=19141"},"modified":"2025-01-20T16:57:32","modified_gmt":"2025-01-20T15:57:32","slug":"scopri-i-nostri-appuntamenti-internazionali","status":"publish","type":"papercigno","link":"https:\/\/www.lemanzane.com\/en\/papercigno\/scopri-i-nostri-appuntamenti-internazionali","title":{"rendered":"Scopri i nostri appuntamenti internazionali"},"content":{"rendered":"<h2><strong>PAPERCIGNO VIAGGIATORE<\/strong><\/h2>\n<p><strong>Anno 2025 \u00a0n 2<\/strong><\/p>\n<p><strong>Cari Amici Wine Lovers,<\/strong><\/p>\n<p>Il <strong>2025<\/strong> \u00e8 finalmente arrivato e con esso una serie di eventi straordinari dove saremo protagonisti. Quest\u2019anno vogliamo fare un passo in pi\u00f9, portando il nostro <strong>Conegliano Valdobbiadene Prosecco Superiore DOCG<\/strong> a nuovi appassionati, professionisti e curiosi del mondo del vino. Siamo entusiasti di invitarvi a scoprire <strong>dove potrete trovarci<\/strong>: non solo per un brindisi, ma per vivere un&#8217;esperienza che va oltre il semplice assaggio.<br \/>\nUn anno ricco di incontri, scoperte e, soprattutto, tanti sorrisi vi aspetta!<\/p>\n<h3><\/h3>\n<h3><\/h3>\n<p>&nbsp;<\/p>\n<p>&nbsp;<\/p>\n<h3><strong>Wine Paris 2025: Un&#8217;occasione imperdibile a Parigi<\/strong><\/h3>\n<p><strong>Dal 10 al 13 febbraio 2025,<\/strong> saremo presenti a <strong>Wine Paris<\/strong>, un evento che non ha bisogno di presentazioni. A Parigi, Porte de Versailles, cuore pulsante della capitale francese, ospiter\u00e0 il nostro stand al <strong>Halle 6, stand F056<\/strong>. Con il nostro Prosecco, che riflette la tradizione delle colline del <strong>Conegliano Valdobbiadene <\/strong>oggi patrimonio UNESCO, vogliamo offrirvi un\u2019esperienza sensoriale unica. <strong>Wine Paris<\/strong> \u00e8 l\u2019occasione perfetta per farvi assaporare il nostro vino e raccontarvi la nostra storia, unendo territorio, passione e sostenibilit\u00e0.<\/p>\n<p><img decoding=\"async\" loading=\"lazy\" class=\" wp-image-19147 aligncenter\" src=\"https:\/\/www.lemanzane.com\/wp-content\/uploads\/2025\/01\/WINEPARIS-1-300x150.png\" alt=\"\" width=\"590\" height=\"295\" srcset=\"https:\/\/www.lemanzane.com\/wp-content\/uploads\/2025\/01\/WINEPARIS-1-300x150.png 300w, https:\/\/www.lemanzane.com\/wp-content\/uploads\/2025\/01\/WINEPARIS-1-768x384.png 768w, https:\/\/www.lemanzane.com\/wp-content\/uploads\/2025\/01\/WINEPARIS-1-400x200.png 400w, https:\/\/www.lemanzane.com\/wp-content\/uploads\/2025\/01\/WINEPARIS-1.png 900w\" sizes=\"(max-width: 590px) 100vw, 590px\" \/><\/p>\n<h3><\/h3>\n<h3><\/h3>\n<p>&nbsp;<\/p>\n<p>&nbsp;<\/p>\n<h3><strong>Prowein 2025: A D\u00fcsseldorf per una nuova sfida<\/strong><\/h3>\n<p><strong>Dal 16 al 18 marzo 2025<\/strong>, non mancheremo l\u2019appuntamento con <strong>Prowein<\/strong>, a D\u00fcsseldorf, una delle fiere pi\u00f9 attese del settore vinicolo. Qui, nel <strong>Padiglione 16, stand A24<\/strong>, avrete l&#8217;opportunit\u00e0 di degustare il nostro Prosecco Superiore DOCG e di entrare in contatto con Ernesto il produttore. Prowein \u00e8 l\u2019occasione perfetta per esplorare le ultime tendenze, ma anche per fare business e instaurare collaborazioni durature. Se siete appassionati di vini italiani, vi invitiamo a scoprire il nostro Conegliano Valdobbiadene Prosecco.<\/p>\n<p><img decoding=\"async\" loading=\"lazy\" class=\" wp-image-19149 aligncenter\" src=\"https:\/\/www.lemanzane.com\/wp-content\/uploads\/2025\/01\/PROWEIN-300x150.png\" alt=\"\" width=\"572\" height=\"286\" srcset=\"https:\/\/www.lemanzane.com\/wp-content\/uploads\/2025\/01\/PROWEIN-300x150.png 300w, https:\/\/www.lemanzane.com\/wp-content\/uploads\/2025\/01\/PROWEIN-768x384.png 768w, https:\/\/www.lemanzane.com\/wp-content\/uploads\/2025\/01\/PROWEIN-400x200.png 400w, https:\/\/www.lemanzane.com\/wp-content\/uploads\/2025\/01\/PROWEIN.png 900w\" sizes=\"(max-width: 572px) 100vw, 572px\" \/><\/p>\n<h3><\/h3>\n<h3><\/h3>\n<p>&nbsp;<\/p>\n<p>&nbsp;<\/p>\n<p>&nbsp;<\/p>\n<h3><strong>Vinitaly 2025: nuova location, stessa passione\u00a0<\/strong><\/h3>\n<p>Infine, <strong>dal 6 al 9 aprile<\/strong>, saremo a <strong>Vinitaly 2025<\/strong>, la fiera per eccellenza del vino italiano. Quest\u2019anno, per\u00f2, ci troverete in una nuova location, nel <strong>Padiglione 5, stand F5<\/strong>. Vinitaly \u00e8 il palcoscenico ideale per fare networking, ma anche per farsi raccontare le novit\u00e0 che il mondo del vino ha da offrire. Il nostro stand sar\u00e0 l\u2019occasione per parlare di Prosecco, innovazione e sostenibilit\u00e0, e per farvi assaporare un prodotto che non \u00e8 solo un simbolo della nostra terra, ma un punto di riferimento per chi cerca qualit\u00e0 e autenticit\u00e0. Siamo pronti a raccontarvi come ogni bottiglia che produciamo rappresenta il nostro impegno verso l\u2019eccellenza e l\u2019innovazione.<\/p>\n<p><img decoding=\"async\" loading=\"lazy\" class=\"wp-image-19151 aligncenter\" src=\"https:\/\/www.lemanzane.com\/wp-content\/uploads\/2025\/01\/VINITALY-300x150.png\" alt=\"\" width=\"592\" height=\"296\" srcset=\"https:\/\/www.lemanzane.com\/wp-content\/uploads\/2025\/01\/VINITALY-300x150.png 300w, https:\/\/www.lemanzane.com\/wp-content\/uploads\/2025\/01\/VINITALY-768x384.png 768w, https:\/\/www.lemanzane.com\/wp-content\/uploads\/2025\/01\/VINITALY-400x200.png 400w, https:\/\/www.lemanzane.com\/wp-content\/uploads\/2025\/01\/VINITALY.png 900w\" sizes=\"(max-width: 592px) 100vw, 592px\" \/><\/p>\n<p>&nbsp;<\/p>\n<p>&nbsp;<\/p>\n<p><em>Vi aspettiamo a <strong>Wine Paris<\/strong>, <strong>Prowein<\/strong> e <strong>Vinitaly<\/strong> per farvi scoprire il nostro Prosecco e vivere insieme momenti di gusto e convivialit\u00e0.<\/em><\/p>\n<p><em>&#8220;Ogni bottiglia di vino \u00e8 una promessa di felicit\u00e0.&#8221; \u2013 Anonimo<\/em><\/p>\n<p>&nbsp;<\/p>\n","protected":false},"author":3,"featured_media":19155,"template":"","meta":{"inline_featured_image":false},"acf":[],"yoast_head":"<!-- This site is optimized with the Yoast SEO plugin v21.3 - https:\/\/yoast.com\/wordpress\/plugins\/seo\/ -->\n<title>Scopri i nostri appuntamenti internazionali - Le Manzane<\/title>\n<meta name=\"description\" content=\"Quest\u2019anno saremo presenti a Wine Paris, Prowein e Vinitaly, tre fiere internazionali dove potrete scoprire il nostro Prosecco e vivere un\u2019esperienza unica di gusto e convivialit\u00e0. Vi aspettiamo per brindare insieme e condividere momenti indimenticabili!\" \/>\n<meta name=\"robots\" content=\"index, follow, max-snippet:-1, max-image-preview:large, max-video-preview:-1\" \/>\n<link rel=\"canonical\" href=\"https:\/\/www.lemanzane.com\/en\/papercigno\/scopri-i-nostri-appuntamenti-internazionali\" \/>\n<meta property=\"og:locale\" content=\"en_US\" \/>\n<meta property=\"og:type\" content=\"article\" \/>\n<meta property=\"og:title\" content=\"Scopri i nostri appuntamenti internazionali - Le Manzane\" \/>\n<meta property=\"og:description\" content=\"Quest\u2019anno saremo presenti a Wine Paris, Prowein e Vinitaly, tre fiere internazionali dove potrete scoprire il nostro Prosecco e vivere un\u2019esperienza unica di gusto e convivialit\u00e0. Vi aspettiamo per brindare insieme e condividere momenti indimenticabili!\" \/>\n<meta property=\"og:url\" content=\"https:\/\/www.lemanzane.com\/en\/papercigno\/scopri-i-nostri-appuntamenti-internazionali\" \/>\n<meta property=\"og:site_name\" content=\"Le Manzane\" \/>\n<meta property=\"article:modified_time\" content=\"2025-01-20T15:57:32+00:00\" \/>\n<meta property=\"og:image\" content=\"https:\/\/www.lemanzane.com\/wp-content\/uploads\/2025\/01\/FIRMA-MAIL-2.png\" \/>\n\t<meta property=\"og:image:width\" content=\"900\" \/>\n\t<meta property=\"og:image:height\" content=\"450\" \/>\n\t<meta property=\"og:image:type\" content=\"image\/png\" \/>\n<meta name=\"twitter:card\" content=\"summary_large_image\" \/>\n<meta name=\"twitter:label1\" content=\"Est. reading time\" \/>\n\t<meta name=\"twitter:data1\" content=\"3 minutes\" \/>\n<script type=\"application\/ld+json\" class=\"yoast-schema-graph\">{\"@context\":\"https:\/\/schema.org\",\"@graph\":[{\"@type\":\"WebPage\",\"@id\":\"https:\/\/www.lemanzane.com\/en\/papercigno\/scopri-i-nostri-appuntamenti-internazionali\",\"url\":\"https:\/\/www.lemanzane.com\/en\/papercigno\/scopri-i-nostri-appuntamenti-internazionali\",\"name\":\"Scopri i nostri appuntamenti internazionali - Le Manzane\",\"isPartOf\":{\"@id\":\"https:\/\/www.lemanzane.com\/en#website\"},\"datePublished\":\"2025-01-20T15:52:57+00:00\",\"dateModified\":\"2025-01-20T15:57:32+00:00\",\"description\":\"Quest\u2019anno saremo presenti a Wine Paris, Prowein e Vinitaly, tre fiere internazionali dove potrete scoprire il nostro Prosecco e vivere un\u2019esperienza unica di gusto e convivialit\u00e0. Vi aspettiamo per brindare insieme e condividere momenti indimenticabili!\",\"breadcrumb\":{\"@id\":\"https:\/\/www.lemanzane.com\/en\/papercigno\/scopri-i-nostri-appuntamenti-internazionali#breadcrumb\"},\"inLanguage\":\"en-US\",\"potentialAction\":[{\"@type\":\"ReadAction\",\"target\":[\"https:\/\/www.lemanzane.com\/en\/papercigno\/scopri-i-nostri-appuntamenti-internazionali\"]}]},{\"@type\":\"BreadcrumbList\",\"@id\":\"https:\/\/www.lemanzane.com\/en\/papercigno\/scopri-i-nostri-appuntamenti-internazionali#breadcrumb\",\"itemListElement\":[{\"@type\":\"ListItem\",\"position\":1,\"name\":\"Home\",\"item\":\"https:\/\/www.lemanzane.com\/en\"},{\"@type\":\"ListItem\",\"position\":2,\"name\":\"Scopri i nostri appuntamenti internazionali\"}]},{\"@type\":\"WebSite\",\"@id\":\"https:\/\/www.lemanzane.com\/en#website\",\"url\":\"https:\/\/www.lemanzane.com\/en\",\"name\":\"Le Manzane\",\"description\":\"Cantina a San Pietro di Feletto\",\"potentialAction\":[{\"@type\":\"SearchAction\",\"target\":{\"@type\":\"EntryPoint\",\"urlTemplate\":\"https:\/\/www.lemanzane.com\/en?s={search_term_string}\"},\"query-input\":\"required name=search_term_string\"}],\"inLanguage\":\"en-US\"}]}<\/script>\n<!-- \/ Yoast SEO plugin. -->","yoast_head_json":{"title":"Scopri i nostri appuntamenti internazionali - Le Manzane","description":"Quest\u2019anno saremo presenti a Wine Paris, Prowein e Vinitaly, tre fiere internazionali dove potrete scoprire il nostro Prosecco e vivere un\u2019esperienza unica di gusto e convivialit\u00e0. Vi aspettiamo per brindare insieme e condividere momenti indimenticabili!","robots":{"index":"index","follow":"follow","max-snippet":"max-snippet:-1","max-image-preview":"max-image-preview:large","max-video-preview":"max-video-preview:-1"},"canonical":"https:\/\/www.lemanzane.com\/en\/papercigno\/scopri-i-nostri-appuntamenti-internazionali","og_locale":"en_US","og_type":"article","og_title":"Scopri i nostri appuntamenti internazionali - Le Manzane","og_description":"Quest\u2019anno saremo presenti a Wine Paris, Prowein e Vinitaly, tre fiere internazionali dove potrete scoprire il nostro Prosecco e vivere un\u2019esperienza unica di gusto e convivialit\u00e0. Vi aspettiamo per brindare insieme e condividere momenti indimenticabili!","og_url":"https:\/\/www.lemanzane.com\/en\/papercigno\/scopri-i-nostri-appuntamenti-internazionali","og_site_name":"Le Manzane","article_modified_time":"2025-01-20T15:57:32+00:00","og_image":[{"width":900,"height":450,"url":"https:\/\/www.lemanzane.com\/wp-content\/uploads\/2025\/01\/FIRMA-MAIL-2.png","type":"image\/png"}],"twitter_card":"summary_large_image","twitter_misc":{"Est. reading time":"3 minutes"},"schema":{"@context":"https:\/\/schema.org","@graph":[{"@type":"WebPage","@id":"https:\/\/www.lemanzane.com\/en\/papercigno\/scopri-i-nostri-appuntamenti-internazionali","url":"https:\/\/www.lemanzane.com\/en\/papercigno\/scopri-i-nostri-appuntamenti-internazionali","name":"Scopri i nostri appuntamenti internazionali - Le Manzane","isPartOf":{"@id":"https:\/\/www.lemanzane.com\/en#website"},"datePublished":"2025-01-20T15:52:57+00:00","dateModified":"2025-01-20T15:57:32+00:00","description":"Quest\u2019anno saremo presenti a Wine Paris, Prowein e Vinitaly, tre fiere internazionali dove potrete scoprire il nostro Prosecco e vivere un\u2019esperienza unica di gusto e convivialit\u00e0. Vi aspettiamo per brindare insieme e condividere momenti indimenticabili!","breadcrumb":{"@id":"https:\/\/www.lemanzane.com\/en\/papercigno\/scopri-i-nostri-appuntamenti-internazionali#breadcrumb"},"inLanguage":"en-US","potentialAction":[{"@type":"ReadAction","target":["https:\/\/www.lemanzane.com\/en\/papercigno\/scopri-i-nostri-appuntamenti-internazionali"]}]},{"@type":"BreadcrumbList","@id":"https:\/\/www.lemanzane.com\/en\/papercigno\/scopri-i-nostri-appuntamenti-internazionali#breadcrumb","itemListElement":[{"@type":"ListItem","position":1,"name":"Home","item":"https:\/\/www.lemanzane.com\/en"},{"@type":"ListItem","position":2,"name":"Scopri i nostri appuntamenti internazionali"}]},{"@type":"WebSite","@id":"https:\/\/www.lemanzane.com\/en#website","url":"https:\/\/www.lemanzane.com\/en","name":"Le Manzane","description":"Cantina a San Pietro di Feletto","potentialAction":[{"@type":"SearchAction","target":{"@type":"EntryPoint","urlTemplate":"https:\/\/www.lemanzane.com\/en?s={search_term_string}"},"query-input":"required name=search_term_string"}],"inLanguage":"en-US"}]}},"_links":{"self":[{"href":"https:\/\/www.lemanzane.com\/en\/wp-json\/wp\/v2\/papercigno\/19141"}],"collection":[{"href":"https:\/\/www.lemanzane.com\/en\/wp-json\/wp\/v2\/papercigno"}],"about":[{"href":"https:\/\/www.lemanzane.com\/en\/wp-json\/wp\/v2\/types\/papercigno"}],"author":[{"embeddable":true,"href":"https:\/\/www.lemanzane.com\/en\/wp-json\/wp\/v2\/users\/3"}],"version-history":[{"count":7,"href":"https:\/\/www.lemanzane.com\/en\/wp-json\/wp\/v2\/papercigno\/19141\/revisions"}],"predecessor-version":[{"id":19164,"href":"https:\/\/www.lemanzane.com\/en\/wp-json\/wp\/v2\/papercigno\/19141\/revisions\/19164"}],"wp:featuredmedia":[{"embeddable":true,"href":"https:\/\/www.lemanzane.com\/en\/wp-json\/wp\/v2\/media\/19155"}],"wp:attachment":[{"href":"https:\/\/www.lemanzane.com\/en\/wp-json\/wp\/v2\/media?parent=19141"}],"curies":[{"name":"wp","href":"https:\/\/api.w.org\/{rel}","templated":true}]}}

<h2><strong>PAPERCIGNO VIAGGIATORE</strong></h2>
<p><strong>Anno 2025  n 2</strong></p>
<p><strong>Cari Amici Wine Lovers,</strong></p>
<p>Il <strong>2025</strong> è finalmente arrivato e con esso una serie di eventi straordinari dove saremo protagonisti. Quest’anno vogliamo fare un passo in più, portando il nostro <strong>Conegliano Valdobbiadene Prosecco Superiore DOCG</strong> a nuovi appassionati, professionisti e curiosi del mondo del vino. Siamo entusiasti di invitarvi a scoprire <strong>dove potrete trovarci</strong>: non solo per un brindisi, ma per vivere un&#8217;esperienza che va oltre il semplice assaggio.<br />
Un anno ricco di incontri, scoperte e, soprattutto, tanti sorrisi vi aspetta!</p>
<h3></h3>
<h3></h3>
<p>&nbsp;</p>
<p>&nbsp;</p>
<h3><strong>Wine Paris 2025: Un&#8217;occasione imperdibile a Parigi</strong></h3>
<p><strong>Dal 10 al 13 febbraio 2025,</strong> saremo presenti a <strong>Wine Paris</strong>, un evento che non ha bisogno di presentazioni. A Parigi, Porte de Versailles, cuore pulsante della capitale francese, ospiterà il nostro stand al <strong>Halle 6, stand F056</strong>. Con il nostro Prosecco, che riflette la tradizione delle colline del <strong>Conegliano Valdobbiadene </strong>oggi patrimonio UNESCO, vogliamo offrirvi un’esperienza sensoriale unica. <strong>Wine Paris</strong> è l’occasione perfetta per farvi assaporare il nostro vino e raccontarvi la nostra storia, unendo territorio, passione e sostenibilità.</p>
<p><img decoding="async" loading="lazy" class=" wp-image-19147 aligncenter" src="https://www.lemanzane.com/wp-content/uploads/2025/01/WINEPARIS-1-300x150.png" alt="" width="590" height="295" srcset="https://www.lemanzane.com/wp-content/uploads/2025/01/WINEPARIS-1-300x150.png 300w, https://www.lemanzane.com/wp-content/uploads/2025/01/WINEPARIS-1-768x384.png 768w, https://www.lemanzane.com/wp-content/uploads/2025/01/WINEPARIS-1-400x200.png 400w, https://www.lemanzane.com/wp-content/uploads/2025/01/WINEPARIS-1.png 900w" sizes="(max-width: 590px) 100vw, 590px" /></p>
<h3></h3>
<h3></h3>
<p>&nbsp;</p>
<p>&nbsp;</p>
<h3><strong>Prowein 2025: A Düsseldorf per una nuova sfida</strong></h3>
<p><strong>Dal 16 al 18 marzo 2025</strong>, non mancheremo l’appuntamento con <strong>Prowein</strong>, a Düsseldorf, una delle fiere più attese del settore vinicolo. Qui, nel <strong>Padiglione 16, stand A24</strong>, avrete l&#8217;opportunità di degustare il nostro Prosecco Superiore DOCG e di entrare in contatto con Ernesto il produttore. Prowein è l’occasione perfetta per esplorare le ultime tendenze, ma anche per fare business e instaurare collaborazioni durature. Se siete appassionati di vini italiani, vi invitiamo a scoprire il nostro Conegliano Valdobbiadene Prosecco.</p>
<p><img decoding="async" loading="lazy" class=" wp-image-19149 aligncenter" src="https://www.lemanzane.com/wp-content/uploads/2025/01/PROWEIN-300x150.png" alt="" width="572" height="286" srcset="https://www.lemanzane.com/wp-content/uploads/2025/01/PROWEIN-300x150.png 300w, https://www.lemanzane.com/wp-content/uploads/2025/01/PROWEIN-768x384.png 768w, https://www.lemanzane.com/wp-content/uploads/2025/01/PROWEIN-400x200.png 400w, https://www.lemanzane.com/wp-content/uploads/2025/01/PROWEIN.png 900w" sizes="(max-width: 572px) 100vw, 572px" /></p>
<h3></h3>
<h3></h3>
<p>&nbsp;</p>
<p>&nbsp;</p>
<p>&nbsp;</p>
<h3><strong>Vinitaly 2025: nuova location, stessa passione </strong></h3>
<p>Infine, <strong>dal 6 al 9 aprile</strong>, saremo a <strong>Vinitaly 2025</strong>, la fiera per eccellenza del vino italiano. Quest’anno, però, ci troverete in una nuova location, nel <strong>Padiglione 5, stand F5</strong>. Vinitaly è il palcoscenico ideale per fare networking, ma anche per farsi raccontare le novità che il mondo del vino ha da offrire. Il nostro stand sarà l’occasione per parlare di Prosecco, innovazione e sostenibilità, e per farvi assaporare un prodotto che non è solo un simbolo della nostra terra, ma un punto di riferimento per chi cerca qualità e autenticità. Siamo pronti a raccontarvi come ogni bottiglia che produciamo rappresenta il nostro impegno verso l’eccellenza e l’innovazione.</p>
<p><img decoding="async" loading="lazy" class="wp-image-19151 aligncenter" src="https://www.lemanzane.com/wp-content/uploads/2025/01/VINITALY-300x150.png" alt="" width="592" height="296" srcset="https://www.lemanzane.com/wp-content/uploads/2025/01/VINITALY-300x150.png 300w, https://www.lemanzane.com/wp-content/uploads/2025/01/VINITALY-768x384.png 768w, https://www.lemanzane.com/wp-content/uploads/2025/01/VINITALY-400x200.png 400w, https://www.lemanzane.com/wp-content/uploads/2025/01/VINITALY.png 900w" sizes="(max-width: 592px) 100vw, 592px" /></p>
<p>&nbsp;</p>
<p>&nbsp;</p>
<p><em>Vi aspettiamo a <strong>Wine Paris</strong>, <strong>Prowein</strong> e <strong>Vinitaly</strong> per farvi scoprire il nostro Prosecco e vivere insieme momenti di gusto e convivialità.</em></p>
<p><em>&#8220;Ogni bottiglia di vino è una promessa di felicità.&#8221; – Anonimo</em></p>
<p>&nbsp;</p>

<!-- This site is optimized with the Yoast SEO plugin v21.3 - https://yoast.com/wordpress/plugins/seo/ -->
<title>Scopri i nostri appuntamenti internazionali - Le Manzane</title>
<meta name="description" content="Quest’anno saremo presenti a Wine Paris, Prowein e Vinitaly, tre fiere internazionali dove potrete scoprire il nostro Prosecco e vivere un’esperienza unica di gusto e convivialità. Vi aspettiamo per brindare insieme e condividere momenti indimenticabili!" />
<meta name="robots" content="index, follow, max-snippet:-1, max-image-preview:large, max-video-preview:-1" />
<link rel="canonical" href="https://www.lemanzane.com/en/papercigno/scopri-i-nostri-appuntamenti-internazionali" />
<meta property="og:locale" content="en_US" />
<meta property="og:type" content="article" />
<meta property="og:title" content="Scopri i nostri appuntamenti internazionali - Le Manzane" />
<meta property="og:description" content="Quest’anno saremo presenti a Wine Paris, Prowein e Vinitaly, tre fiere internazionali dove potrete scoprire il nostro Prosecco e vivere un’esperienza unica di gusto e convivialità. Vi aspettiamo per brindare insieme e condividere momenti indimenticabili!" />
<meta property="og:url" content="https://www.lemanzane.com/en/papercigno/scopri-i-nostri-appuntamenti-internazionali" />
<meta property="og:site_name" content="Le Manzane" />
<meta property="article:modified_time" content="2025-01-20T15:57:32+00:00" />
<meta property="og:image" content="https://www.lemanzane.com/wp-content/uploads/2025/01/FIRMA-MAIL-2.png" />
	<meta property="og:image:width" content="900" />
	<meta property="og:image:height" content="450" />
	<meta property="og:image:type" content="image/png" />
<meta name="twitter:card" content="summary_large_image" />
<meta name="twitter:label1" content="Est. reading time" />
	<meta name="twitter:data1" content="3 minutes" />
<script type="application/ld+json" class="yoast-schema-graph">{"@context":"https://schema.org","@graph":[{"@type":"WebPage","@id":"https://www.lemanzane.com/en/papercigno/scopri-i-nostri-appuntamenti-internazionali","url":"https://www.lemanzane.com/en/papercigno/scopri-i-nostri-appuntamenti-internazionali","name":"Scopri i nostri appuntamenti internazionali - Le Manzane","isPartOf":{"@id":"https://www.lemanzane.com/en#website"},"datePublished":"2025-01-20T15:52:57+00:00","dateModified":"2025-01-20T15:57:32+00:00","description":"Quest’anno saremo presenti a Wine Paris, Prowein e Vinitaly, tre fiere internazionali dove potrete scoprire il nostro Prosecco e vivere un’esperienza unica di gusto e convivialità. Vi aspettiamo per brindare insieme e condividere momenti indimenticabili!","breadcrumb":{"@id":"https://www.lemanzane.com/en/papercigno/scopri-i-nostri-appuntamenti-internazionali#breadcrumb"},"inLanguage":"en-US","potentialAction":[{"@type":"ReadAction","target":["https://www.lemanzane.com/en/papercigno/scopri-i-nostri-appuntamenti-internazionali"]}]},{"@type":"BreadcrumbList","@id":"https://www.lemanzane.com/en/papercigno/scopri-i-nostri-appuntamenti-internazionali#breadcrumb","itemListElement":[{"@type":"ListItem","position":1,"name":"Home","item":"https://www.lemanzane.com/en"},{"@type":"ListItem","position":2,"name":"Scopri i nostri appuntamenti internazionali"}]},{"@type":"WebSite","@id":"https://www.lemanzane.com/en#website","url":"https://www.lemanzane.com/en","name":"Le Manzane","description":"Cantina a San Pietro di Feletto","potentialAction":[{"@type":"SearchAction","target":{"@type":"EntryPoint","urlTemplate":"https://www.lemanzane.com/en?s={search_term_string}"},"query-input":"required name=search_term_string"}],"inLanguage":"en-US"}]}</script>
<!-- / Yoast SEO plugin. -->

Quest’anno saremo presenti a Wine Paris, Prowein e Vinitaly, tre fiere internazionali dove potrete scoprire il nostro Prosecco e vivere un’esperienza unica di gusto e convivialità. Vi aspettiamo per brindare insieme e condividere momenti indimenticabili!
